{"id":8,"date":"2021-12-03T15:12:13","date_gmt":"2021-12-03T14:12:13","guid":{"rendered":"http:\/\/www.tv2000.it\/agrinet\/?page_id=8"},"modified":"2026-01-28T12:41:40","modified_gmt":"2026-01-28T11:41:40","slug":"il-programma","status":"publish","type":"page","link":"https:\/\/www.tv2000.it\/agrinet\/il-programma\/","title":{"rendered":"Il Programma"},"content":{"rendered":"<p>L\u2019edizione 2025-2026 del programma televisivo <strong>Agrinet \u2013 Il futuro in campo<\/strong> \u00e8 dedicata all\u2019agricoltura italiana e racconta storie virtuose del settore agro-industriale lungo tutto il Paese, dalle piane assolate dei territori del Sud alle vette montane pi\u00f9 remote, dando voce a imprese che hanno saputo coniugare tradizione e innovazione, come aziende che utilizzano sensori e droni per monitorare le colture e ridurre l\u2019uso di acqua e fitofarmaci, cooperative che hanno introdotto sistemi di agricoltura di precisione e tracciabilit\u00e0 digitale per garantire qualit\u00e0 e sicurezza alimentare, realt\u00e0 vitivinicole che impiegano intelligenza artificiale e dati satellitari per migliorare le rese e ridurre l\u2019impatto ambientale, e giovani imprenditori agricoli che hanno puntato su robotica, energie rinnovabili ed economia circolare. Il format mette cos\u00ec in luce esperienze di qualit\u00e0, innovazione e sostenibilit\u00e0, valorizzando il ruolo strategico dell\u2019agricoltura nei territori: un settore in cui l\u2019Italia sta crescendo nell\u2019adozione tecnologica e si posiziona tra i Paesi europei pi\u00f9 dinamici nello sviluppo dell\u2019agricoltura di precisione e delle tecnologie digitali, pur presentando ancora una maturit\u00e0 digitale complessivamente bassa, con una diffusione su larga scala limitata e ampi margini di crescita, soprattutto nelle piccole e medie imprese agricole.<\/p>\n","protected":false},"excerpt":{"rendered":"L\u2019edizione 2025-2026 del programma televisivo Agrinet \u2013 Il futuro in campo \u00e8 dedicata all\u2019agricoltura italiana e racconta storie virtuose del settore agro-industriale lungo tutto il Paese, dalle piane assolate dei territori del Sud alle vette montane pi\u00f9 remote, dando voce a imprese che hanno saputo coniugare tradizione e innovazione, come aziende che utilizzano sensori e [&hellip;]","protected":false},"author":6,"featured_media":78,"parent":0,"menu_order":0,"comment_status":"closed","ping_status":"closed","template":"","meta":{"_acf_changed":false,"footnotes":""},"class_list":["post-8","page","type-page","status-publish","has-post-thumbnail","hentry"],"acf":[],"aioseo_notices":[],"_links":{"self":[{"href":"https:\/\/www.tv2000.it\/agrinet\/wp-json\/wp\/v2\/pages\/8","targetHints":{"allow":["GET"]}}],"collection":[{"href":"https:\/\/www.tv2000.it\/agrinet\/wp-json\/wp\/v2\/pages"}],"about":[{"href":"https:\/\/www.tv2000.it\/agrinet\/wp-json\/wp\/v2\/types\/page"}],"author":[{"embeddable":true,"href":"https:\/\/www.tv2000.it\/agrinet\/wp-json\/wp\/v2\/users\/6"}],"replies":[{"embeddable":true,"href":"https:\/\/www.tv2000.it\/agrinet\/wp-json\/wp\/v2\/comments?post=8"}],"version-history":[{"count":11,"href":"https:\/\/www.tv2000.it\/agrinet\/wp-json\/wp\/v2\/pages\/8\/revisions"}],"predecessor-version":[{"id":1590,"href":"https:\/\/www.tv2000.it\/agrinet\/wp-json\/wp\/v2\/pages\/8\/revisions\/1590"}],"wp:featuredmedia":[{"embeddable":true,"href":"https:\/\/www.tv2000.it\/agrinet\/wp-json\/wp\/v2\/media\/78"}],"wp:attachment":[{"href":"https:\/\/www.tv2000.it\/agrinet\/wp-json\/wp\/v2\/media?parent=8"}],"curies":[{"name":"wp","href":"https:\/\/api.w.org\/{rel}","templated":true}]}}