{"id":153,"date":"2017-03-02T12:59:43","date_gmt":"2017-03-02T11:59:43","guid":{"rendered":"http:\/\/www.tv2000.it\/avantiilprossimo\/?post_type=video&#038;p=153"},"modified":"2017-03-02T12:59:43","modified_gmt":"2017-03-02T11:59:43","slug":"avanti-il-prossimo-i-drammi-dellimmigrazione-puntata-del-1-marzo-2017","status":"publish","type":"video","link":"https:\/\/www.tv2000.it\/avantiilprossimo\/video\/avanti-il-prossimo-i-drammi-dellimmigrazione-puntata-del-1-marzo-2017\/","title":{"rendered":"Avanti il Prossimo \u2013 I drammi dell\u2019immigrazione \u2013 Puntata del 1 marzo 2017"},"content":{"rendered":"<p style=\"text-align: justify;\">Argomento al centro della sesta puntata saranno i minori stranieri non accompagnati e il tema del riconoscimento dei diritti di cittadinanza, \u201cIus Soli\u201d con le immagini della manifestazione nazionale promossa da \u201cl\u2019Italia sono anch\u2019io\u201d e \u201cItaliani senza cittadinanza\u201d che si \u00e8 svolta a Roma il 28 febbraio. Secondo le stime pi\u00f9 recenti, sono quasi 26 mila i minori stranieri non accompagnati approdati sulle coste italiane nel 2016. 6500 sono scomparsi nel nulla. Negli ultimi tre anni, secondo la Caritas, gli arrivi sono raddoppiati. Un dramma nel dramma dell\u2019immigrazione di cui si parler\u00e0 insieme a Monsignor Giancarlo Perego, ex direttore di Caritas Italiana e della Fondazione Migrantes, Padre Mussie Zerai, religioso e attivista eritreo conosciuto come \u201cl\u2019angelo dei profughi\u201d, inserito dal Time tra le cento personalit\u00e0 pi\u00f9 influenti del 2016. Il suo numero di telefono \u00e8 scritto anche sulle pareti delle carceri in Libia, dove marciscono migliaia di profughi, e nei messaggi che rimbalzano da una sponda all\u2019altra del Mediterraneo. Tra gli altri ospiti, Filomena Albano, Garante Nazionale per l\u2019infanzia e l\u2019adolescenza, Fosca Nomis, responsabile delle relazioni istituzionali di Save The Children e Ireneo Spencer, esponente del Movimento Italiani senza cittadinanza. All\u2019interno della puntata, i reportage di Chiara Sambuchi, che ha documentato il viaggio di minori in fuga dai centri di ospitalit\u00e0 con l\u2019obiettivo di raggiungere i paesi del Nord Europa e il video diario Vito D\u2019Ettorre a bordo della nave Aquarius impegnata nella missione umanitaria di soccorso migranti dell\u2019associazione SOS Mediterranee. In collegamento da Torino Don Mauro Mergola parroco di San Luigi dei Salesiani che sta gestendo l\u2019affido di quindici giovani stranieri, dai 15 ai 18 anni non compiuti, senza genitori n\u00e9 punti di riferimento a Torino, inseriti in un percorso di avvicinamento ad alcune famiglie della citt\u00e0.<\/p>\n","protected":false},"featured_media":154,"comment_status":"open","ping_status":"open","template":"","tags":[],"class_list":["post-153","video","type-video","status-publish","has-post-thumbnail","hentry","video_category-puntata"],"acf":[],"aioseo_notices":[],"url_youtube":"JFqzaQEgwNY","featured_image_url":"https:\/\/i.ytimg.com\/vi\/JFqzaQEgwNY\/mqdefault.jpg","_links":{"self":[{"href":"https:\/\/www.tv2000.it\/avantiilprossimo\/wp-json\/wp\/v2\/video\/153","targetHints":{"allow":["GET"]}}],"collection":[{"href":"https:\/\/www.tv2000.it\/avantiilprossimo\/wp-json\/wp\/v2\/video"}],"about":[{"href":"https:\/\/www.tv2000.it\/avantiilprossimo\/wp-json\/wp\/v2\/types\/video"}],"replies":[{"embeddable":true,"href":"https:\/\/www.tv2000.it\/avantiilprossimo\/wp-json\/wp\/v2\/comments?post=153"}],"wp:featuredmedia":[{"embeddable":true,"href":"https:\/\/www.tv2000.it\/avantiilprossimo\/wp-json\/wp\/v2\/media\/154"}],"wp:attachment":[{"href":"https:\/\/www.tv2000.it\/avantiilprossimo\/wp-json\/wp\/v2\/media?parent=153"}],"wp:term":[{"taxonomy":"post_tag","embeddable":true,"href":"https:\/\/www.tv2000.it\/avantiilprossimo\/wp-json\/wp\/v2\/tags?post=153"}],"curies":[{"name":"wp","href":"https:\/\/api.w.org\/{rel}","templated":true}]}}

<p style="text-align: justify;">Argomento al centro della sesta puntata saranno i minori stranieri non accompagnati e il tema del riconoscimento dei diritti di cittadinanza, “Ius Soli” con le immagini della manifestazione nazionale promossa da “l’Italia sono anch’io” e “Italiani senza cittadinanza” che si è svolta a Roma il 28 febbraio. Secondo le stime più recenti, sono quasi 26 mila i minori stranieri non accompagnati approdati sulle coste italiane nel 2016. 6500 sono scomparsi nel nulla. Negli ultimi tre anni, secondo la Caritas, gli arrivi sono raddoppiati. Un dramma nel dramma dell’immigrazione di cui si parlerà insieme a Monsignor Giancarlo Perego, ex direttore di Caritas Italiana e della Fondazione Migrantes, Padre Mussie Zerai, religioso e attivista eritreo conosciuto come “l’angelo dei profughi”, inserito dal Time tra le cento personalità più influenti del 2016. Il suo numero di telefono è scritto anche sulle pareti delle carceri in Libia, dove marciscono migliaia di profughi, e nei messaggi che rimbalzano da una sponda all’altra del Mediterraneo. Tra gli altri ospiti, Filomena Albano, Garante Nazionale per l’infanzia e l’adolescenza, Fosca Nomis, responsabile delle relazioni istituzionali di Save The Children e Ireneo Spencer, esponente del Movimento Italiani senza cittadinanza. All’interno della puntata, i reportage di Chiara Sambuchi, che ha documentato il viaggio di minori in fuga dai centri di ospitalità con l’obiettivo di raggiungere i paesi del Nord Europa e il video diario Vito D’Ettorre a bordo della nave Aquarius impegnata nella missione umanitaria di soccorso migranti dell’associazione SOS Mediterranee. In collegamento da Torino Don Mauro Mergola parroco di San Luigi dei Salesiani che sta gestendo l’affido di quindici giovani stranieri, dai 15 ai 18 anni non compiuti, senza genitori né punti di riferimento a Torino, inseriti in un percorso di avvicinamento ad alcune famiglie della città.</p>
