{"id":213,"date":"2017-03-30T13:50:16","date_gmt":"2017-03-30T11:50:16","guid":{"rendered":"http:\/\/www.tv2000.it\/avantiilprossimo\/?post_type=video&#038;p=213"},"modified":"2017-03-30T13:50:16","modified_gmt":"2017-03-30T11:50:16","slug":"avanti-il-prossimo-poverta-un-dramma-dalle-tante-facce-e-declinazioni-puntata-del-29-marzo-2017","status":"publish","type":"video","link":"https:\/\/www.tv2000.it\/avantiilprossimo\/video\/avanti-il-prossimo-poverta-un-dramma-dalle-tante-facce-e-declinazioni-puntata-del-29-marzo-2017\/","title":{"rendered":"Avanti il Prossimo \u2013 povert\u00e0 un dramma dalle tante facce e declinazioni \u2013 Puntata del 29 marzo 2017"},"content":{"rendered":"<p style=\"text-align: justify;\">Argomento della decima puntata sar\u00e0 la povert\u00e0. Un dramma dalle tante facce e declinazioni che riguarda sempre pi\u00f9 spesso anziani e stranieri. Qual \u00e8 la situazione in Italia e cosa fare concretamente per contrastarla e combatterla?<br \/>\nTra gli ospiti in studio, il sottosegretario al Lavoro e alle Politiche sociali Luigi Bobba e Roberto Rossini portavoce di Alleanza contro la povert\u00e0 e presidente di Acli. Tra le testimonianze quella di Aldo Scaiano, 65enne milanese che dopo aver perso il lavoro a causa della crisi si \u00e8 trovato costretto a dormire nell\u2019aeroporto di Linate e, grazie all\u2019aiuto di Caritas Ambrosiana vive in un alloggio della Diocesi di Milano. Tra i reportage, il servizio di Caterina Dall\u2019Olio sulle cucine popolari di Bologna dove gli studenti cucinano e pranzo insieme ai poveri, e uno spaccato di Antonella Ferrara sulla situazione nella citt\u00e0 di Palermo, particolarmente colpita dalla piaga della povert\u00e0. In chiusura di trasmissione, l\u2019intervista faccia a faccia con Abdoulaye Mbodj, il primo avvocato di origine africana ad esercitare nel Foro di Milano.<\/p>\n","protected":false},"featured_media":214,"comment_status":"open","ping_status":"open","template":"","tags":[],"class_list":["post-213","video","type-video","status-publish","has-post-thumbnail","hentry","video_category-puntata"],"acf":[],"aioseo_notices":[],"url_youtube":"ZbsJsEipFB0","featured_image_url":"https:\/\/i.ytimg.com\/vi\/ZbsJsEipFB0\/mqdefault.jpg","_links":{"self":[{"href":"https:\/\/www.tv2000.it\/avantiilprossimo\/wp-json\/wp\/v2\/video\/213","targetHints":{"allow":["GET"]}}],"collection":[{"href":"https:\/\/www.tv2000.it\/avantiilprossimo\/wp-json\/wp\/v2\/video"}],"about":[{"href":"https:\/\/www.tv2000.it\/avantiilprossimo\/wp-json\/wp\/v2\/types\/video"}],"replies":[{"embeddable":true,"href":"https:\/\/www.tv2000.it\/avantiilprossimo\/wp-json\/wp\/v2\/comments?post=213"}],"wp:featuredmedia":[{"embeddable":true,"href":"https:\/\/www.tv2000.it\/avantiilprossimo\/wp-json\/wp\/v2\/media\/214"}],"wp:attachment":[{"href":"https:\/\/www.tv2000.it\/avantiilprossimo\/wp-json\/wp\/v2\/media?parent=213"}],"wp:term":[{"taxonomy":"post_tag","embeddable":true,"href":"https:\/\/www.tv2000.it\/avantiilprossimo\/wp-json\/wp\/v2\/tags?post=213"}],"curies":[{"name":"wp","href":"https:\/\/api.w.org\/{rel}","templated":true}]}}

Avanti il Prossimo – povertà un dramma dalle tante facce e declinazioni – Puntata del 29 marzo 2017

<p style="text-align: justify;">Argomento della decima puntata sarà la povertà. Un dramma dalle tante facce e declinazioni che riguarda sempre più spesso anziani e stranieri. Qual è la situazione in Italia e cosa fare concretamente per contrastarla e combatterla?<br />
Tra gli ospiti in studio, il sottosegretario al Lavoro e alle Politiche sociali Luigi Bobba e Roberto Rossini portavoce di Alleanza contro la povertà e presidente di Acli. Tra le testimonianze quella di Aldo Scaiano, 65enne milanese che dopo aver perso il lavoro a causa della crisi si è trovato costretto a dormire nell’aeroporto di Linate e, grazie all’aiuto di Caritas Ambrosiana vive in un alloggio della Diocesi di Milano. Tra i reportage, il servizio di Caterina Dall’Olio sulle cucine popolari di Bologna dove gli studenti cucinano e pranzo insieme ai poveri, e uno spaccato di Antonella Ferrara sulla situazione nella città di Palermo, particolarmente colpita dalla piaga della povertà. In chiusura di trasmissione, l’intervista faccia a faccia con Abdoulaye Mbodj, il primo avvocato di origine africana ad esercitare nel Foro di Milano.</p>
