{"id":232,"date":"2017-04-06T11:16:11","date_gmt":"2017-04-06T09:16:11","guid":{"rendered":"http:\/\/www.tv2000.it\/avantiilprossimo\/?post_type=video&#038;p=232"},"modified":"2017-04-06T11:16:11","modified_gmt":"2017-04-06T09:16:11","slug":"don-matteo-galloni-comunita-amore-e-liberta","status":"publish","type":"video","link":"https:\/\/www.tv2000.it\/avantiilprossimo\/video\/don-matteo-galloni-comunita-amore-e-liberta\/","title":{"rendered":"Don Matteo Galloni, Comunit\u00e0 Amore e Libert\u00e0"},"content":{"rendered":"<p>Ad Avanti il Prossimo intervista a Don Matteo Galloni, padre e fondatore della Comunit\u00e0 Amore e Libert\u00e0 che si prende cura di bambini e genitori che vivono in zone disagiate<\/p>\n","protected":false},"featured_media":234,"comment_status":"open","ping_status":"open","template":"","tags":[],"class_list":["post-232","video","type-video","status-publish","has-post-thumbnail","hentry","video_category-interviste"],"acf":[],"aioseo_notices":[],"url_youtube":"1gnpSojwroI","featured_image_url":"https:\/\/i.ytimg.com\/vi\/1gnpSojwroI\/mqdefault.jpg","_links":{"self":[{"href":"https:\/\/www.tv2000.it\/avantiilprossimo\/wp-json\/wp\/v2\/video\/232","targetHints":{"allow":["GET"]}}],"collection":[{"href":"https:\/\/www.tv2000.it\/avantiilprossimo\/wp-json\/wp\/v2\/video"}],"about":[{"href":"https:\/\/www.tv2000.it\/avantiilprossimo\/wp-json\/wp\/v2\/types\/video"}],"replies":[{"embeddable":true,"href":"https:\/\/www.tv2000.it\/avantiilprossimo\/wp-json\/wp\/v2\/comments?post=232"}],"wp:featuredmedia":[{"embeddable":true,"href":"https:\/\/www.tv2000.it\/avantiilprossimo\/wp-json\/wp\/v2\/media\/234"}],"wp:attachment":[{"href":"https:\/\/www.tv2000.it\/avantiilprossimo\/wp-json\/wp\/v2\/media?parent=232"}],"wp:term":[{"taxonomy":"post_tag","embeddable":true,"href":"https:\/\/www.tv2000.it\/avantiilprossimo\/wp-json\/wp\/v2\/tags?post=232"}],"curies":[{"name":"wp","href":"https:\/\/api.w.org\/{rel}","templated":true}]}}

Don Matteo Galloni, Comunità Amore e Libertà

<p>Ad Avanti il Prossimo intervista a Don Matteo Galloni, padre e fondatore della Comunità Amore e Libertà che si prende cura di bambini e genitori che vivono in zone disagiate</p>
