{"id":19531,"date":"2018-12-06T11:54:45","date_gmt":"2018-12-06T10:54:45","guid":{"rendered":"http:\/\/www.tv2000.it\/beltemposispera\/?post_type=video&#038;p=19531"},"modified":"2018-12-06T11:54:45","modified_gmt":"2018-12-06T10:54:45","slug":"a-betlemme-nella-grotta-dove-e-nato-gesu","status":"publish","type":"video","link":"https:\/\/www.tv2000.it\/beltemposispera\/video\/a-betlemme-nella-grotta-dove-e-nato-gesu\/","title":{"rendered":"A Betlemme nella grotta dove \u00e8 nato Ges\u00f9"},"content":{"rendered":"<p>A Betlemme nella grotta dove \u00e8 nato Ges\u00f9<br \/>\nDaniele Morini intervista Padre Alberto Pari, direttore dell&#8217;Istituto &#8220;Magnificat&#8221; di Gerusalemme<\/p>\n","protected":false},"featured_media":19532,"comment_status":"open","ping_status":"closed","template":"","tags":[],"class_list":["post-19531","video","type-video","status-publish","has-post-thumbnail","hentry","video_category-in-giro-per-litalia"],"acf":[],"aioseo_notices":[],"url_youtube":"2gfpBNOZNVQ","featured_image_url":"https:\/\/i.ytimg.com\/vi\/2gfpBNOZNVQ\/mqdefault.jpg","_links":{"self":[{"href":"https:\/\/www.tv2000.it\/beltemposispera\/wp-json\/wp\/v2\/video\/19531","targetHints":{"allow":["GET"]}}],"collection":[{"href":"https:\/\/www.tv2000.it\/beltemposispera\/wp-json\/wp\/v2\/video"}],"about":[{"href":"https:\/\/www.tv2000.it\/beltemposispera\/wp-json\/wp\/v2\/types\/video"}],"replies":[{"embeddable":true,"href":"https:\/\/www.tv2000.it\/beltemposispera\/wp-json\/wp\/v2\/comments?post=19531"}],"wp:featuredmedia":[{"embeddable":true,"href":"https:\/\/www.tv2000.it\/beltemposispera\/wp-json\/wp\/v2\/media\/19532"}],"wp:attachment":[{"href":"https:\/\/www.tv2000.it\/beltemposispera\/wp-json\/wp\/v2\/media?parent=19531"}],"wp:term":[{"taxonomy":"post_tag","embeddable":true,"href":"https:\/\/www.tv2000.it\/beltemposispera\/wp-json\/wp\/v2\/tags?post=19531"}],"curies":[{"name":"wp","href":"https:\/\/api.w.org\/{rel}","templated":true}]}}

A Betlemme nella grotta dove è nato Gesù

<p>A Betlemme nella grotta dove è nato Gesù<br />
Daniele Morini intervista Padre Alberto Pari, direttore dell&#8217;Istituto &#8220;Magnificat&#8221; di Gerusalemme</p>
