{"id":649,"date":"2015-03-19T10:58:29","date_gmt":"2015-03-19T09:58:29","guid":{"rendered":"http:\/\/www.tv2000.it\/beltemposispera\/?post_type=video&#038;p=649"},"modified":"2015-03-19T10:58:39","modified_gmt":"2015-03-19T09:58:39","slug":"le-attivita-della-comunita-pastorale-alba-mater-di-riccione-2","status":"publish","type":"video","link":"https:\/\/www.tv2000.it\/beltemposispera\/video\/le-attivita-della-comunita-pastorale-alba-mater-di-riccione-2\/","title":{"rendered":"Le attivit\u00e0 della Comunit\u00e0 Pastorale Alba-Mater di Riccione"},"content":{"rendered":"<p>Le attivit\u00e0 di carit\u00e0 della Comunit\u00e0 Pastorale Alba-Mater di Riccione, raccontate da Annalisa Casadei, Pucci Selvagno,Marina Olmeda, operatrici Caritas.<\/p>\n","protected":false},"featured_media":650,"comment_status":"closed","ping_status":"closed","template":"","tags":[],"class_list":["post-649","video","type-video","status-publish","has-post-thumbnail","hentry","video_category-la-parrocchia"],"acf":[],"aioseo_notices":[],"url_youtube":"FtHRN90Px4o","featured_image_url":"https:\/\/i.ytimg.com\/vi\/FtHRN90Px4o\/mqdefault.jpg","_links":{"self":[{"href":"https:\/\/www.tv2000.it\/beltemposispera\/wp-json\/wp\/v2\/video\/649","targetHints":{"allow":["GET"]}}],"collection":[{"href":"https:\/\/www.tv2000.it\/beltemposispera\/wp-json\/wp\/v2\/video"}],"about":[{"href":"https:\/\/www.tv2000.it\/beltemposispera\/wp-json\/wp\/v2\/types\/video"}],"replies":[{"embeddable":true,"href":"https:\/\/www.tv2000.it\/beltemposispera\/wp-json\/wp\/v2\/comments?post=649"}],"wp:featuredmedia":[{"embeddable":true,"href":"https:\/\/www.tv2000.it\/beltemposispera\/wp-json\/wp\/v2\/media\/650"}],"wp:attachment":[{"href":"https:\/\/www.tv2000.it\/beltemposispera\/wp-json\/wp\/v2\/media?parent=649"}],"wp:term":[{"taxonomy":"post_tag","embeddable":true,"href":"https:\/\/www.tv2000.it\/beltemposispera\/wp-json\/wp\/v2\/tags?post=649"}],"curies":[{"name":"wp","href":"https:\/\/api.w.org\/{rel}","templated":true}]}}

Le attività della Comunità Pastorale Alba-Mater di Riccione

<p>Le attività di carità della Comunità Pastorale Alba-Mater di Riccione, raccontate da Annalisa Casadei, Pucci Selvagno,Marina Olmeda, operatrici Caritas.</p>
