{"id":726,"date":"2015-03-24T11:22:18","date_gmt":"2015-03-24T10:22:18","guid":{"rendered":"http:\/\/www.tv2000.it\/beltemposispera\/?post_type=video&#038;p=726"},"modified":"2015-03-24T11:22:18","modified_gmt":"2015-03-24T10:22:18","slug":"la-parrocchia-san-giuseppe-a-sicli-ragusa","status":"publish","type":"video","link":"https:\/\/www.tv2000.it\/beltemposispera\/video\/la-parrocchia-san-giuseppe-a-sicli-ragusa\/","title":{"rendered":"La parrocchia San Giuseppe a Sicli (Ragusa)"},"content":{"rendered":"<p>La parrocchia San Giuseppe a Sicli (Ragusa): Teresa Scarpata, Figlie della Carit\u00e0 San Vincenzo De&#8217; Paoli, Francesco Sciotto, Pastore della Chiesa Metodista di Scicli, Don Ignazio La China, Parroco della Chiesa San Giuseppe, Pinella Drago, Custode Cimitero di Scicli, Giovannella Scifo, Resp. Casa delle Culture di Scicli, raccontano a Francesca Cugliandro le attivit\u00e0 di solidariet\u00e0 della comunit\u00e0 di Scicli.<\/p>\n","protected":false},"featured_media":727,"comment_status":"closed","ping_status":"closed","template":"","tags":[],"class_list":["post-726","video","type-video","status-publish","has-post-thumbnail","hentry","video_category-la-parrocchia"],"acf":[],"aioseo_notices":[],"url_youtube":"U0uTPZeDlQ8","featured_image_url":"https:\/\/i.ytimg.com\/vi\/U0uTPZeDlQ8\/mqdefault.jpg","_links":{"self":[{"href":"https:\/\/www.tv2000.it\/beltemposispera\/wp-json\/wp\/v2\/video\/726","targetHints":{"allow":["GET"]}}],"collection":[{"href":"https:\/\/www.tv2000.it\/beltemposispera\/wp-json\/wp\/v2\/video"}],"about":[{"href":"https:\/\/www.tv2000.it\/beltemposispera\/wp-json\/wp\/v2\/types\/video"}],"replies":[{"embeddable":true,"href":"https:\/\/www.tv2000.it\/beltemposispera\/wp-json\/wp\/v2\/comments?post=726"}],"wp:featuredmedia":[{"embeddable":true,"href":"https:\/\/www.tv2000.it\/beltemposispera\/wp-json\/wp\/v2\/media\/727"}],"wp:attachment":[{"href":"https:\/\/www.tv2000.it\/beltemposispera\/wp-json\/wp\/v2\/media?parent=726"}],"wp:term":[{"taxonomy":"post_tag","embeddable":true,"href":"https:\/\/www.tv2000.it\/beltemposispera\/wp-json\/wp\/v2\/tags?post=726"}],"curies":[{"name":"wp","href":"https:\/\/api.w.org\/{rel}","templated":true}]}}

<p>La parrocchia San Giuseppe a Sicli (Ragusa): Teresa Scarpata, Figlie della Carità San Vincenzo De&#8217; Paoli, Francesco Sciotto, Pastore della Chiesa Metodista di Scicli, Don Ignazio La China, Parroco della Chiesa San Giuseppe, Pinella Drago, Custode Cimitero di Scicli, Giovannella Scifo, Resp. Casa delle Culture di Scicli, raccontano a Francesca Cugliandro le attività di solidarietà della comunità di Scicli.</p>
