{"id":739,"date":"2020-12-15T10:32:41","date_gmt":"2020-12-15T09:32:41","guid":{"rendered":"http:\/\/www.tv2000.it\/buongiornoprofessore\/?page_id=739"},"modified":"2025-10-14T16:20:20","modified_gmt":"2025-10-14T14:20:20","slug":"il-prof","status":"publish","type":"page","link":"https:\/\/www.tv2000.it\/buongiornoprofessore\/il-prof\/","title":{"rendered":"Il Prof."},"content":{"rendered":"<p><strong>Pierluigi Pavone<\/strong><\/p>\n<p>Teramano ma romano di adozione, cattolico, grande tifoso dell\u2019Inter. Sposato, tre figli, 40 anni, ha scoperto che riesce a correre le maratone e che non esiste solo lo studio, anche se fino a 35 anni ha creduto che i titoli universitari si potessero collezionare come francobolli. Cos\u00ec si \u00e8 preso due lauree e due dottorati a Pavia e a Roma, filosofia e storia della civilt\u00e0 europea. Nel tempo libero ha scritto libri, ha pubblicato articoli su vari blog e ha prestato la propria voce in programmi radio. Fa professionalmente quello che pi\u00f9 ama: insegnare filosofia al liceo sant\u2019Apollinare e all\u2019Ateneo Pontificio Regina Apostolorum.<br \/>\n&nbsp;<\/p>\n<p><img decoding=\"async\" class=\"aligncenter size-large wp-image-8542\" src=\"https:\/\/www.tv2000.it\/buongiornoprofessore\/wp-content\/uploads\/sites\/27\/2025\/10\/Buongiornoprof_st2025-4-1024x683.jpg\" alt=\"\" width=\"640\" height=\"427\" srcset=\"https:\/\/www.tv2000.it\/buongiornoprofessore\/wp-content\/uploads\/sites\/27\/2025\/10\/Buongiornoprof_st2025-4-1024x683.jpg 1024w, https:\/\/www.tv2000.it\/buongiornoprofessore\/wp-content\/uploads\/sites\/27\/2025\/10\/Buongiornoprof_st2025-4-300x200.jpg 300w, https:\/\/www.tv2000.it\/buongiornoprofessore\/wp-content\/uploads\/sites\/27\/2025\/10\/Buongiornoprof_st2025-4-768x512.jpg 768w, https:\/\/www.tv2000.it\/buongiornoprofessore\/wp-content\/uploads\/sites\/27\/2025\/10\/Buongiornoprof_st2025-4-1536x1024.jpg 1536w, https:\/\/www.tv2000.it\/buongiornoprofessore\/wp-content\/uploads\/sites\/27\/2025\/10\/Buongiornoprof_st2025-4-2048x1365.jpg 2048w, https:\/\/www.tv2000.it\/buongiornoprofessore\/wp-content\/uploads\/sites\/27\/2025\/10\/Buongiornoprof_st2025-4-41x27.jpg 41w, https:\/\/www.tv2000.it\/buongiornoprofessore\/wp-content\/uploads\/sites\/27\/2025\/10\/Buongiornoprof_st2025-4-280x187.jpg 280w, https:\/\/www.tv2000.it\/buongiornoprofessore\/wp-content\/uploads\/sites\/27\/2025\/10\/Buongiornoprof_st2025-4-650x433.jpg 650w\" sizes=\"(max-width: 640px) 100vw, 640px\" \/><\/p>\n","protected":false},"excerpt":{"rendered":"Pierluigi Pavone Teramano ma romano di adozione, cattolico, grande tifoso dell\u2019Inter. Sposato, tre figli, 40 anni, ha scoperto che riesce a correre le maratone e che non esiste solo lo studio, anche se fino a 35 anni ha creduto che i titoli universitari si potessero collezionare come francobolli. Cos\u00ec si \u00e8 preso due lauree e [&hellip;]","protected":false},"author":9,"featured_media":0,"parent":0,"menu_order":0,"comment_status":"closed","ping_status":"closed","template":"","meta":{"_acf_changed":false,"footnotes":""},"class_list":["post-739","page","type-page","status-publish","hentry"],"acf":[],"aioseo_notices":[],"_links":{"self":[{"href":"https:\/\/www.tv2000.it\/buongiornoprofessore\/wp-json\/wp\/v2\/pages\/739","targetHints":{"allow":["GET"]}}],"collection":[{"href":"https:\/\/www.tv2000.it\/buongiornoprofessore\/wp-json\/wp\/v2\/pages"}],"about":[{"href":"https:\/\/www.tv2000.it\/buongiornoprofessore\/wp-json\/wp\/v2\/types\/page"}],"author":[{"embeddable":true,"href":"https:\/\/www.tv2000.it\/buongiornoprofessore\/wp-json\/wp\/v2\/users\/9"}],"replies":[{"embeddable":true,"href":"https:\/\/www.tv2000.it\/buongiornoprofessore\/wp-json\/wp\/v2\/comments?post=739"}],"version-history":[{"count":11,"href":"https:\/\/www.tv2000.it\/buongiornoprofessore\/wp-json\/wp\/v2\/pages\/739\/revisions"}],"predecessor-version":[{"id":8543,"href":"https:\/\/www.tv2000.it\/buongiornoprofessore\/wp-json\/wp\/v2\/pages\/739\/revisions\/8543"}],"wp:attachment":[{"href":"https:\/\/www.tv2000.it\/buongiornoprofessore\/wp-json\/wp\/v2\/media?parent=739"}],"curies":[{"name":"wp","href":"https:\/\/api.w.org\/{rel}","templated":true}]}}