{"id":3842,"date":"2023-12-09T10:49:26","date_gmt":"2023-12-09T09:49:26","guid":{"rendered":"https:\/\/www.tv2000.it\/carogesu\/?post_type=video&#038;p=3842"},"modified":"2023-12-11T10:49:57","modified_gmt":"2023-12-11T09:49:57","slug":"conosci-gesu-la-scuola-ai-tempi-di-gesu","status":"publish","type":"video","link":"https:\/\/www.tv2000.it\/carogesu\/video\/conosci-gesu-la-scuola-ai-tempi-di-gesu\/","title":{"rendered":"Conosci Ges\u00f9: la scuola ai tempi di Ges\u00f9"},"content":{"rendered":"<p>Suor Emma con i bambini in studio parla di Maria, la mamma di Ges\u00f9. La Madonna \u00e9 Immacolata, ossia tutta Pura. Senza Macchia.<\/p>\n","protected":false},"featured_media":3843,"comment_status":"open","ping_status":"closed","template":"","tags":[],"class_list":["post-3842","video","type-video","status-publish","has-post-thumbnail","hentry","video_category-conosci-gesu"],"acf":[],"aioseo_notices":[],"url_youtube":"e0xfN-94Mfg","featured_image_url":"https:\/\/i.ytimg.com\/vi\/e0xfN-94Mfg\/mqdefault.jpg","_links":{"self":[{"href":"https:\/\/www.tv2000.it\/carogesu\/wp-json\/wp\/v2\/video\/3842","targetHints":{"allow":["GET"]}}],"collection":[{"href":"https:\/\/www.tv2000.it\/carogesu\/wp-json\/wp\/v2\/video"}],"about":[{"href":"https:\/\/www.tv2000.it\/carogesu\/wp-json\/wp\/v2\/types\/video"}],"replies":[{"embeddable":true,"href":"https:\/\/www.tv2000.it\/carogesu\/wp-json\/wp\/v2\/comments?post=3842"}],"wp:featuredmedia":[{"embeddable":true,"href":"https:\/\/www.tv2000.it\/carogesu\/wp-json\/wp\/v2\/media\/3843"}],"wp:attachment":[{"href":"https:\/\/www.tv2000.it\/carogesu\/wp-json\/wp\/v2\/media?parent=3842"}],"wp:term":[{"taxonomy":"post_tag","embeddable":true,"href":"https:\/\/www.tv2000.it\/carogesu\/wp-json\/wp\/v2\/tags?post=3842"}],"curies":[{"name":"wp","href":"https:\/\/api.w.org\/{rel}","templated":true}]}}

Conosci Gesù: la scuola ai tempi di Gesù

<p>Suor Emma con i bambini in studio parla di Maria, la mamma di Gesù. La Madonna é Immacolata, ossia tutta Pura. Senza Macchia.</p>
