{"id":4333,"date":"2024-02-26T11:23:34","date_gmt":"2024-02-26T10:23:34","guid":{"rendered":"https:\/\/www.tv2000.it\/carogesu\/?post_type=video&#038;p=4333"},"modified":"2024-02-26T11:23:34","modified_gmt":"2024-02-26T10:23:34","slug":"conosci-gesu-il-paralitico-e-i-paralizzati-gesu-guarisce-dentro-e-fuori","status":"publish","type":"video","link":"https:\/\/www.tv2000.it\/carogesu\/video\/conosci-gesu-il-paralitico-e-i-paralizzati-gesu-guarisce-dentro-e-fuori\/","title":{"rendered":"Conosci Ges\u00f9: &#8220;Il paralitico e i paralizzati&#8221; &#8211; &#8220;Ges\u00f9 guarisce dentro e fuori&#8221;"},"content":{"rendered":"<p>In studio suor Emma coi bambini parler\u00e0 di Ges\u00f9 che si prende cura di tutti. E\u2019 lui che guarisce il nostro cuore!<\/p>\n","protected":false},"featured_media":4334,"comment_status":"open","ping_status":"closed","template":"","tags":[],"class_list":["post-4333","video","type-video","status-publish","has-post-thumbnail","hentry","video_category-conosci-gesu"],"acf":[],"aioseo_notices":[],"url_youtube":"Yih0R7HojIg","featured_image_url":"https:\/\/i.ytimg.com\/vi\/Yih0R7HojIg\/mqdefault.jpg","_links":{"self":[{"href":"https:\/\/www.tv2000.it\/carogesu\/wp-json\/wp\/v2\/video\/4333","targetHints":{"allow":["GET"]}}],"collection":[{"href":"https:\/\/www.tv2000.it\/carogesu\/wp-json\/wp\/v2\/video"}],"about":[{"href":"https:\/\/www.tv2000.it\/carogesu\/wp-json\/wp\/v2\/types\/video"}],"replies":[{"embeddable":true,"href":"https:\/\/www.tv2000.it\/carogesu\/wp-json\/wp\/v2\/comments?post=4333"}],"wp:featuredmedia":[{"embeddable":true,"href":"https:\/\/www.tv2000.it\/carogesu\/wp-json\/wp\/v2\/media\/4334"}],"wp:attachment":[{"href":"https:\/\/www.tv2000.it\/carogesu\/wp-json\/wp\/v2\/media?parent=4333"}],"wp:term":[{"taxonomy":"post_tag","embeddable":true,"href":"https:\/\/www.tv2000.it\/carogesu\/wp-json\/wp\/v2\/tags?post=4333"}],"curies":[{"name":"wp","href":"https:\/\/api.w.org\/{rel}","templated":true}]}}

Conosci Gesù: &#8220;Il paralitico e i paralizzati&#8221; &#8211; &#8220;Gesù guarisce dentro e fuori&#8221;

<p>In studio suor Emma coi bambini parlerà di Gesù che si prende cura di tutti. E’ lui che guarisce il nostro cuore!</p>
