{"id":140728,"date":"2026-02-25T15:28:58","date_gmt":"2026-02-25T14:28:58","guid":{"rendered":"https:\/\/www.tv2000.it\/dibuonmattino\/?post_type=video&#038;p=140728"},"modified":"2026-02-25T15:28:58","modified_gmt":"2026-02-25T14:28:58","slug":"monsignor-fazio-vicario-ausiliare-opus-dei-presenta-il-suo-ultimo-libro","status":"publish","type":"video","link":"https:\/\/www.tv2000.it\/dibuonmattino\/video\/monsignor-fazio-vicario-ausiliare-opus-dei-presenta-il-suo-ultimo-libro\/","title":{"rendered":"Monsignor Fazio, vicario ausiliare Opus Dei, presenta il suo ultimo libro"},"content":{"rendered":"<p>Monsignor Mariano Fazio, vicario ausiliare Opus Dei, presenta il suo ultimo libro \u201cProtagonisti del bene comune. San Josemar\u00eda Escriv\u00e1 e i cristiani nella societ\u00e0 contemporanea\u201d (Edizioni Ares).<\/p>\n<p>Rivedi la puntata integrale su Play2000:<\/p>\n<p><a href=\"https:\/\/www.play2000.it\/detail\/8?episode_id=29807&amp;season_id=1159\">https:\/\/www.play2000.it\/detail\/8?episode_id=29807&amp;season_id=1159<\/a><\/p>\n","protected":false},"featured_media":140729,"comment_status":"open","ping_status":"closed","template":"","tags":[],"class_list":["post-140728","video","type-video","status-publish","has-post-thumbnail","hentry","video_category-incontri"],"acf":[],"aioseo_notices":[],"url_youtube":"vfbAFAvnm2o","featured_image_url":"https:\/\/i.ytimg.com\/vi\/vfbAFAvnm2o\/mqdefault.jpg","_links":{"self":[{"href":"https:\/\/www.tv2000.it\/dibuonmattino\/wp-json\/wp\/v2\/video\/140728","targetHints":{"allow":["GET"]}}],"collection":[{"href":"https:\/\/www.tv2000.it\/dibuonmattino\/wp-json\/wp\/v2\/video"}],"about":[{"href":"https:\/\/www.tv2000.it\/dibuonmattino\/wp-json\/wp\/v2\/types\/video"}],"replies":[{"embeddable":true,"href":"https:\/\/www.tv2000.it\/dibuonmattino\/wp-json\/wp\/v2\/comments?post=140728"}],"wp:featuredmedia":[{"embeddable":true,"href":"https:\/\/www.tv2000.it\/dibuonmattino\/wp-json\/wp\/v2\/media\/140729"}],"wp:attachment":[{"href":"https:\/\/www.tv2000.it\/dibuonmattino\/wp-json\/wp\/v2\/media?parent=140728"}],"wp:term":[{"taxonomy":"post_tag","embeddable":true,"href":"https:\/\/www.tv2000.it\/dibuonmattino\/wp-json\/wp\/v2\/tags?post=140728"}],"curies":[{"name":"wp","href":"https:\/\/api.w.org\/{rel}","templated":true}]}}

<p>Monsignor Mariano Fazio, vicario ausiliare Opus Dei, presenta il suo ultimo libro “Protagonisti del bene comune. San Josemaría Escrivá e i cristiani nella società contemporanea” (Edizioni Ares).</p>
<p>Rivedi la puntata integrale su Play2000:</p>
<p><a href="https://www.play2000.it/detail/8?episode_id=29807&amp;season_id=1159">https://www.play2000.it/detail/8?episode_id=29807&amp;season_id=1159</a></p>
