{"id":1828,"date":"2016-09-29T11:31:34","date_gmt":"2016-09-29T09:31:34","guid":{"rendered":"http:\/\/www.tv2000.it\/docfilm\/?post_type=video&#038;p=1828"},"modified":"2016-10-06T14:25:12","modified_gmt":"2016-10-06T12:25:12","slug":"4-ottobre-san-francesco-dassisi-il-patrono-ditalia","status":"publish","type":"video","link":"https:\/\/www.tv2000.it\/docfilm\/video\/4-ottobre-san-francesco-dassisi-il-patrono-ditalia\/","title":{"rendered":"4 ottobre: San Francesco d&#8217;Assisi, il patrono d&#8217;Italia<br> I doc d e l&#8217;intervista a Zeffirelli"},"content":{"rendered":"<figure id=\"attachment_1820\" aria-describedby=\"caption-attachment-1820\" style=\"width: 261px\" class=\"wp-caption alignleft\"><a href=\"http:\/\/www.tv2000.it\/docfilm\/wp-content\/uploads\/sites\/30\/2016\/09\/aa6be003c43af5950f56dd199de6b058.jpg\"><img decoding=\"async\" class=\"wp-image-1820 size-full\" src=\"http:\/\/www.tv2000.it\/docfilm\/wp-content\/uploads\/sites\/30\/2016\/09\/aa6be003c43af5950f56dd199de6b058.jpg\" alt=\"MOSTRE: DA GIOTTO A GENTILE, SGARBI 'SCOPRE' SCUOLA FABRIANO\" width=\"261\" height=\"700\" \/><\/a><figcaption id=\"caption-attachment-1820\" class=\"wp-caption-text\">L&#8217;opera di Cimabue Ritratto di San Francesco<\/figcaption><\/figure>\n<p>&nbsp;<\/p>\n<p>Oggi 4 ottobre si festeggia San Francesco, il patrono d&#8217;Italia e fondatore dell&#8217;ordine che da lui prese nome. Il santo, uno dei pi\u00f9 popolari nel mondo, nacque ad Assisi nel 1182, da Pietro di Bernardone, ricco mercante di stoffe preziose, e dalla nobile Giovanna Pica. La madre gli mise nome Giovanni ma il padre, tornato da un viaggio in Francia e in onore di questa nazione che fece la sua fortuna, cominci\u00f2 a chiamare il figlio Francesco. Prima della conversione il giovane Francesco fu partecipe della cultura &#8220;cortese-cavalleresca&#8221; del proprio secolo, delle ambizioni del proprio ceto sociale, della vita agiata della famiglia di mercanti. Il 18 giugno 1939 fu proclamato da papa Pio XII, assieme a <strong>santa Caterina da Siena<\/strong>, patrono principale d&#8217;Italia. Conosciuto anche come <strong>&#8220;il poverello d&#8217;Assisi&#8221;<\/strong>, la sua tomba \u00e8 meta di pellegrinaggio per centinaia di migliaia di devoti, pellegrini e ammiratori ogni anno. La citt\u00e0 di Assisi, grazie al suo illustre cittadino, \u00e8 assurta a simbolo di pace. Francesco \u00e8 anche noto in tutto il mondo per il <strong>Cantico delle creature<\/strong>, e grazie ad esso \u00e8 riconosciuto come uno degli iniziatori della tradizione letteraria italiana. Eletto Papa nel 2013, Jorge Mario <strong>Bergoglio<\/strong> ha preso il nome di Francesco proprio in onore del santo di Assisi.<\/p>\n<p>&nbsp;<\/p>\n<p><strong>RIVEDI I NOSTRI DOCUMENTARI&#8230;<\/strong><\/p>\n<p>Un viaggio dedicato ai pi\u00f9 importanti luoghi della devozione popolare presenti in Italia, i Santuari, che Paolo VI chiamava &#8220;le cliniche della Fede&#8221;. Dietro una grande firma, un regista di eccezione: <a href=\"https:\/\/it.wikipedia.org\/wiki\/Pupi_Avati\">Pupi Avati<\/a>. In questa puntata: <strong>la Basilica di San Francesco d&#8217;Assisi<\/strong>.<\/p>\n<p>&nbsp;<\/p>\n<div class=\"fluid-embed-container\"><iframe title=\"La Basilica di San Francesco d&#039;Assisi\" width=\"640\" height=\"360\" src=\"https:\/\/www.youtube.com\/embed\/62v3Moq541w?feature=oembed\" frameborder=\"0\" allow=\"accelerometer; autoplay; clipboard-write; encrypted-media; gyroscope; picture-in-picture; web-share\" referrerpolicy=\"strict-origin-when-cross-origin\" allowfullscreen><\/iframe><\/div>\n<p>&nbsp;<\/p>\n<p><strong>MISERIAS EXPERIRI (Guarda il video)<\/strong><\/p>\n<p>Le prime immagini mai realizzate da una troupe televisiva del codice medievale contenente particolari inediti della vita ritrovata di San Francesco e attribuito a Tommaso da Celano. E\u2019 quanto propone \u201cMiserias experiri\u201d (&#8220;Fare esperienza della miseria&#8221;) il documentario prodotto da Tv2000 e realizzato dal giornalista Pierluigi Vito.<\/p>\n<div class=\"fluid-embed-container\"><iframe title=\"Miserias experiri - il docu-film che mostra il manoscritto sulla vita di San Francesco\" width=\"640\" height=\"360\" src=\"https:\/\/www.youtube.com\/embed\/l2oVzFGHUtw?feature=oembed\" frameborder=\"0\" allow=\"accelerometer; autoplay; clipboard-write; encrypted-media; gyroscope; picture-in-picture; web-share\" referrerpolicy=\"strict-origin-when-cross-origin\" allowfullscreen><\/iframe><\/div>\n<p>&nbsp;<\/p>\n<p><strong>GUARDA ANCHE&#8230;<\/strong><\/p>\n<p><strong>Speciale Laudato Si&#8217; &#8211; Giovanni Scifoni legge il Cantico di San Francesco<\/strong><\/p>\n<div class=\"fluid-embed-container\"><iframe title=\"Speciale Laudato Si&#039; - Giovanni Scifoni legge il Cantico di San Francesco\" width=\"640\" height=\"360\" src=\"https:\/\/www.youtube.com\/embed\/81DOxx1d1og?feature=oembed\" frameborder=\"0\" allow=\"accelerometer; autoplay; clipboard-write; encrypted-media; gyroscope; picture-in-picture; web-share\" referrerpolicy=\"strict-origin-when-cross-origin\" allowfullscreen><\/iframe><\/div>\n<p><strong>Il Maestro Franco Zeffirelli ci racconta il suo San Francesco<\/strong><\/p>\n<div class=\"fluid-embed-container\"><iframe title=\"Il Maestro Franco Zeffirelli ci racconta il suo San Francesco\" width=\"640\" height=\"360\" src=\"https:\/\/www.youtube.com\/embed\/jurxK8lDQoM?feature=oembed\" frameborder=\"0\" allow=\"accelerometer; autoplay; clipboard-write; encrypted-media; gyroscope; picture-in-picture; web-share\" referrerpolicy=\"strict-origin-when-cross-origin\" allowfullscreen><\/iframe><\/div>\n","protected":false},"featured_media":1824,"comment_status":"open","ping_status":"closed","template":"","tags":[79,77,78,76,15],"class_list":["post-1828","video","type-video","status-publish","has-post-thumbnail","hentry","tag-4-ottobre","tag-franco-zeffirelli","tag-pupi-avati","tag-san-francesco","tag-tv2000","video_category-consigliati"],"acf":[],"aioseo_notices":[],"url_youtube":null,"_links":{"self":[{"href":"https:\/\/www.tv2000.it\/docfilm\/wp-json\/wp\/v2\/video\/1828","targetHints":{"allow":["GET"]}}],"collection":[{"href":"https:\/\/www.tv2000.it\/docfilm\/wp-json\/wp\/v2\/video"}],"about":[{"href":"https:\/\/www.tv2000.it\/docfilm\/wp-json\/wp\/v2\/types\/video"}],"replies":[{"embeddable":true,"href":"https:\/\/www.tv2000.it\/docfilm\/wp-json\/wp\/v2\/comments?post=1828"}],"wp:featuredmedia":[{"embeddable":true,"href":"https:\/\/www.tv2000.it\/docfilm\/wp-json\/wp\/v2\/media\/1824"}],"wp:attachment":[{"href":"https:\/\/www.tv2000.it\/docfilm\/wp-json\/wp\/v2\/media?parent=1828"}],"wp:term":[{"taxonomy":"post_tag","embeddable":true,"href":"https:\/\/www.tv2000.it\/docfilm\/wp-json\/wp\/v2\/tags?post=1828"}],"curies":[{"name":"wp","href":"https:\/\/api.w.org\/{rel}","templated":true}]}}

<figure id="attachment_1820" aria-describedby="caption-attachment-1820" style="width: 261px" class="wp-caption alignleft"><a href="http://www.tv2000.it/docfilm/wp-content/uploads/sites/30/2016/09/aa6be003c43af5950f56dd199de6b058.jpg"><img decoding="async" class="wp-image-1820 size-full" src="http://www.tv2000.it/docfilm/wp-content/uploads/sites/30/2016/09/aa6be003c43af5950f56dd199de6b058.jpg" alt="MOSTRE: DA GIOTTO A GENTILE, SGARBI 'SCOPRE' SCUOLA FABRIANO" width="261" height="700" /></a><figcaption id="caption-attachment-1820" class="wp-caption-text">L&#8217;opera di Cimabue Ritratto di San Francesco</figcaption></figure>
<p>&nbsp;</p>
<p>Oggi 4 ottobre si festeggia San Francesco, il patrono d&#8217;Italia e fondatore dell&#8217;ordine che da lui prese nome. Il santo, uno dei più popolari nel mondo, nacque ad Assisi nel 1182, da Pietro di Bernardone, ricco mercante di stoffe preziose, e dalla nobile Giovanna Pica. La madre gli mise nome Giovanni ma il padre, tornato da un viaggio in Francia e in onore di questa nazione che fece la sua fortuna, cominciò a chiamare il figlio Francesco. Prima della conversione il giovane Francesco fu partecipe della cultura &#8220;cortese-cavalleresca&#8221; del proprio secolo, delle ambizioni del proprio ceto sociale, della vita agiata della famiglia di mercanti. Il 18 giugno 1939 fu proclamato da papa Pio XII, assieme a <strong>santa Caterina da Siena</strong>, patrono principale d&#8217;Italia. Conosciuto anche come <strong>&#8220;il poverello d&#8217;Assisi&#8221;</strong>, la sua tomba è meta di pellegrinaggio per centinaia di migliaia di devoti, pellegrini e ammiratori ogni anno. La città di Assisi, grazie al suo illustre cittadino, è assurta a simbolo di pace. Francesco è anche noto in tutto il mondo per il <strong>Cantico delle creature</strong>, e grazie ad esso è riconosciuto come uno degli iniziatori della tradizione letteraria italiana. Eletto Papa nel 2013, Jorge Mario <strong>Bergoglio</strong> ha preso il nome di Francesco proprio in onore del santo di Assisi.</p>
<p>&nbsp;</p>
<p><strong>RIVEDI I NOSTRI DOCUMENTARI&#8230;</strong></p>
<p>Un viaggio dedicato ai più importanti luoghi della devozione popolare presenti in Italia, i Santuari, che Paolo VI chiamava &#8220;le cliniche della Fede&#8221;. Dietro una grande firma, un regista di eccezione: <a href="https://it.wikipedia.org/wiki/Pupi_Avati">Pupi Avati</a>. In questa puntata: <strong>la Basilica di San Francesco d&#8217;Assisi</strong>.</p>
<p>&nbsp;</p>
<div class="fluid-embed-container"><iframe title="La Basilica di San Francesco d&#039;Assisi" width="640" height="360" src="https://www.youtube.com/embed/62v3Moq541w?feature=oembed" frameborder="0" allow="accelerometer; autoplay; clipboard-write; encrypted-media; gyroscope; picture-in-picture; web-share" referrerpolicy="strict-origin-when-cross-origin" allowfullscreen></iframe></div>
<p>&nbsp;</p>
<p><strong>MISERIAS EXPERIRI (Guarda il video)</strong></p>
<p>Le prime immagini mai realizzate da una troupe televisiva del codice medievale contenente particolari inediti della vita ritrovata di San Francesco e attribuito a Tommaso da Celano. E’ quanto propone “Miserias experiri” (&#8220;Fare esperienza della miseria&#8221;) il documentario prodotto da Tv2000 e realizzato dal giornalista Pierluigi Vito.</p>
<div class="fluid-embed-container"><iframe title="Miserias experiri - il docu-film che mostra il manoscritto sulla vita di San Francesco" width="640" height="360" src="https://www.youtube.com/embed/l2oVzFGHUtw?feature=oembed" frameborder="0" allow="accelerometer; autoplay; clipboard-write; encrypted-media; gyroscope; picture-in-picture; web-share" referrerpolicy="strict-origin-when-cross-origin" allowfullscreen></iframe></div>
<p>&nbsp;</p>
<p><strong>GUARDA ANCHE&#8230;</strong></p>
<p><strong>Speciale Laudato Si&#8217; &#8211; Giovanni Scifoni legge il Cantico di San Francesco</strong></p>
<div class="fluid-embed-container"><iframe title="Speciale Laudato Si&#039; - Giovanni Scifoni legge il Cantico di San Francesco" width="640" height="360" src="https://www.youtube.com/embed/81DOxx1d1og?feature=oembed" frameborder="0" allow="accelerometer; autoplay; clipboard-write; encrypted-media; gyroscope; picture-in-picture; web-share" referrerpolicy="strict-origin-when-cross-origin" allowfullscreen></iframe></div>
<p><strong>Il Maestro Franco Zeffirelli ci racconta il suo San Francesco</strong></p>
<div class="fluid-embed-container"><iframe title="Il Maestro Franco Zeffirelli ci racconta il suo San Francesco" width="640" height="360" src="https://www.youtube.com/embed/jurxK8lDQoM?feature=oembed" frameborder="0" allow="accelerometer; autoplay; clipboard-write; encrypted-media; gyroscope; picture-in-picture; web-share" referrerpolicy="strict-origin-when-cross-origin" allowfullscreen></iframe></div>
