{"id":3046,"date":"2017-01-09T10:54:34","date_gmt":"2017-01-09T09:54:34","guid":{"rendered":"http:\/\/www.tv2000.it\/docfilm\/?post_type=video&#038;p=3046"},"modified":"2017-01-09T10:55:38","modified_gmt":"2017-01-09T09:55:38","slug":"oggi-nasceva-giorgio-la-pira","status":"publish","type":"video","link":"https:\/\/www.tv2000.it\/docfilm\/video\/oggi-nasceva-giorgio-la-pira\/","title":{"rendered":"Oggi nasceva Giorgio La Pira. <br> Rivedi il nostro documentario"},"content":{"rendered":"<p>E\u2019 il racconto della vita e della fede di questo grande politico italiano e sindaco di Firenze, terziario domenicano e francescano, appartenente all\u2019Istituto Secolare dei Missionari della Regalit\u00e0, servo di Dio e della Chiesa cattolica. Prodotto dall\u2019Associazione culturale \u201cFirenze Maginifica\u201d di Daniele Guerriero e Mirko Pieri, l\u2019opera \u00e8 tratta dall\u2019 omonimo libro di Nino Giordano. La Pira Era nato in Sicilia, a Pozzallo, una cittadina di mare in provincia di Ragusa il 9 gennaio 1904 da Gaetano e Angela Occhipinti, primogenito di sei figli. Poi nel 1914 si trasferisce a Messina dove fa amicizia con Salvatore Quasimodo e Salvatore Pugliatti. Arriva a Firenze nel 1924 come studente di Diritto Romano, di cui successivamente diviene professore. In quel primo periodo fiorentino nasce l\u2019esperienza della Messa di San Procolo rivolta ai poveri. Nel 1946 fu eletto all\u2019Assemblea Costituente dove diede un contributo decisivo alla stesura dei primi articoli della nostra Costituzione, quelli fondamentali per l\u2019impronta personalista. Rieletto deputato, entr\u00f2 al governo al Ministero del lavoro con Fanfani. Nel 1951 divenne Sindaco di Firenze, carica che ricoprir\u00e0, salvo brevi interruzioni, fino al 1965. Difese con energia i pi\u00f9 deboli della citt\u00e0, i senza casa, i diritti dei lavoratori. Promosse i \u00abConvegni per la pace e la civilt\u00e0 cristiana\u00bb, che si svolsero dal 1952 al 1956 con la partecipazione di uomini di cultura di tutto il mondo e, dal 1958, i \u00abColloqui mediterranei\u00bb per la riconciliazione tra le religioni della \u00abfamiglia di Abramo\u00bb. Nel 1959, primo uomo politico occidentale a superare la \u00abcortina di ferro\u00bb, si rec\u00f2 in Russia creando un ponte di preghiera, unit\u00e0 e pace tra oriente ed occidente.<br \/>\nFu sempre legato alle suore di clausura, informandole e coinvolgendole nelle sue molteplici iniziative attraverso la preghiera, che considerava anche come forza, la pi\u00f9 grande, di efficacia storica e politica. Visse gli ultimi anni della sua vita fra i giovani, continuando a lavorare per la pace e l\u2019unit\u00e0 dei popoli a tutti i livelli.<\/p>\n<p><strong>Giorgio La Pira, la citt\u00e0 posta sul Monte:<\/strong><\/p>\n<div class=\"fluid-embed-container\"><iframe title=\"Giorgio La Pira, la citt\u00e0 posta sul Monte\" width=\"640\" height=\"360\" src=\"https:\/\/www.youtube.com\/embed\/ANH9cAyqf8Q?feature=oembed\" frameborder=\"0\" allow=\"accelerometer; autoplay; clipboard-write; encrypted-media; gyroscope; picture-in-picture; web-share\" referrerpolicy=\"strict-origin-when-cross-origin\" allowfullscreen><\/iframe><\/div>\n","protected":false},"featured_media":3047,"comment_status":"open","ping_status":"closed","template":"","tags":[189,145],"class_list":["post-3046","video","type-video","status-publish","has-post-thumbnail","hentry","tag-firenze","tag-giorgio-la-pira","video_category-consigliati"],"acf":[],"aioseo_notices":[],"url_youtube":null,"_links":{"self":[{"href":"https:\/\/www.tv2000.it\/docfilm\/wp-json\/wp\/v2\/video\/3046","targetHints":{"allow":["GET"]}}],"collection":[{"href":"https:\/\/www.tv2000.it\/docfilm\/wp-json\/wp\/v2\/video"}],"about":[{"href":"https:\/\/www.tv2000.it\/docfilm\/wp-json\/wp\/v2\/types\/video"}],"replies":[{"embeddable":true,"href":"https:\/\/www.tv2000.it\/docfilm\/wp-json\/wp\/v2\/comments?post=3046"}],"wp:featuredmedia":[{"embeddable":true,"href":"https:\/\/www.tv2000.it\/docfilm\/wp-json\/wp\/v2\/media\/3047"}],"wp:attachment":[{"href":"https:\/\/www.tv2000.it\/docfilm\/wp-json\/wp\/v2\/media?parent=3046"}],"wp:term":[{"taxonomy":"post_tag","embeddable":true,"href":"https:\/\/www.tv2000.it\/docfilm\/wp-json\/wp\/v2\/tags?post=3046"}],"curies":[{"name":"wp","href":"https:\/\/api.w.org\/{rel}","templated":true}]}}

<p>E’ il racconto della vita e della fede di questo grande politico italiano e sindaco di Firenze, terziario domenicano e francescano, appartenente all’Istituto Secolare dei Missionari della Regalità, servo di Dio e della Chiesa cattolica. Prodotto dall’Associazione culturale “Firenze Maginifica” di Daniele Guerriero e Mirko Pieri, l’opera è tratta dall’ omonimo libro di Nino Giordano. La Pira Era nato in Sicilia, a Pozzallo, una cittadina di mare in provincia di Ragusa il 9 gennaio 1904 da Gaetano e Angela Occhipinti, primogenito di sei figli. Poi nel 1914 si trasferisce a Messina dove fa amicizia con Salvatore Quasimodo e Salvatore Pugliatti. Arriva a Firenze nel 1924 come studente di Diritto Romano, di cui successivamente diviene professore. In quel primo periodo fiorentino nasce l’esperienza della Messa di San Procolo rivolta ai poveri. Nel 1946 fu eletto all’Assemblea Costituente dove diede un contributo decisivo alla stesura dei primi articoli della nostra Costituzione, quelli fondamentali per l’impronta personalista. Rieletto deputato, entrò al governo al Ministero del lavoro con Fanfani. Nel 1951 divenne Sindaco di Firenze, carica che ricoprirà, salvo brevi interruzioni, fino al 1965. Difese con energia i più deboli della città, i senza casa, i diritti dei lavoratori. Promosse i «Convegni per la pace e la civiltà cristiana», che si svolsero dal 1952 al 1956 con la partecipazione di uomini di cultura di tutto il mondo e, dal 1958, i «Colloqui mediterranei» per la riconciliazione tra le religioni della «famiglia di Abramo». Nel 1959, primo uomo politico occidentale a superare la «cortina di ferro», si recò in Russia creando un ponte di preghiera, unità e pace tra oriente ed occidente.<br />
Fu sempre legato alle suore di clausura, informandole e coinvolgendole nelle sue molteplici iniziative attraverso la preghiera, che considerava anche come forza, la più grande, di efficacia storica e politica. Visse gli ultimi anni della sua vita fra i giovani, continuando a lavorare per la pace e l’unità dei popoli a tutti i livelli.</p>
<p><strong>Giorgio La Pira, la città posta sul Monte:</strong></p>
<div class="fluid-embed-container"><iframe title="Giorgio La Pira, la città posta sul Monte" width="640" height="360" src="https://www.youtube.com/embed/ANH9cAyqf8Q?feature=oembed" frameborder="0" allow="accelerometer; autoplay; clipboard-write; encrypted-media; gyroscope; picture-in-picture; web-share" referrerpolicy="strict-origin-when-cross-origin" allowfullscreen></iframe></div>
