{"id":19,"date":"2024-03-13T15:06:16","date_gmt":"2024-03-13T14:06:16","guid":{"rendered":"https:\/\/www.tv2000.it\/eusolidarity\/?page_id=19"},"modified":"2024-03-14T13:11:22","modified_gmt":"2024-03-14T12:11:22","slug":"il-progetto-2","status":"publish","type":"page","link":"https:\/\/www.tv2000.it\/eusolidarity\/il-progetto-2\/","title":{"rendered":"Il progetto"},"content":{"rendered":"<p>&nbsp;<\/p>\n<p>CONTESTO DI RIFERIMENTO<\/p>\n<p>La Politica di Coesione \u00e8 la politica dell\u2019Unione Europea volta a ridurre le disparit\u00e0 di sviluppo fra le regioni degli Stati membri e a rafforzare la coesione economica, sociale e territoriale per una crescita intelligente, sostenibile e inclusiva.<\/p>\n<p>Caratteristiche chiave della Politica di Coesione sono:<\/p>\n<ul>\n<li>Intelligenza e innovazione nella trasformazione economica;<\/li>\n<li>resilienza e sostenibilit\u00e0 ambientale per favorire la transizione verso un\u2019energia pulita ed equa, (con investimenti verdi e blu, adattamento ai cambiamenti climatici e gestione dei rischi);<\/li>\n<li>connettivit\u00e0 e mobilit\u00e0 regionale;<\/li>\n<li>inclusione sociale, vero pilastro per lo sviluppo integrato delle aree urbane, rurali e costiere<\/li>\n<\/ul>\n<p>Sono caratteristiche che non possono mancare in qualunque programma regionale o nazionale che preveda l\u2019investimento di ingenti risorse finanziarie.<\/p>\n<p>&nbsp;<\/p>\n<p>OBIETTIVI SPECIFICI DEL PROGETTO<\/p>\n<p>La consapevolezza dell&#8217;opinione pubblica in merito alle politiche di coesione merita attenzione in quanto il tema delinea le priorit\u00e0 strategiche dell&#8217;UE per ridurre lo squilibrio economico e sociale attraverso una crescita competitiva, resiliente, verde e inclusiva.<\/p>\n<p>I Fondi Strutturali e di Investimento legati alle politiche di coesione dell&#8217;UE, ed il loro utilizzo, costituiscono un presupposto per il progresso equanime tra le regioni dell\u2019Europa. Diventa quindi rilevante raccontare la politica di coesione per porla all\u2019attenzione pubblica.<\/p>\n<p>Alla luce di quanto sopra gli obiettivi specifici del Progetto, pienamente coerenti con le linee guida dell&#8217;invito alla partecipazione al bando mirano a:<\/p>\n<ul>\n<li>Migliorare la visibilit\u00e0 promuovendo un dialogo multilivello sul modo in cui le politiche di coesione sostengono lo sviluppo regionale e mirano a ridurre il divario economico tra le regioni pi\u00f9 povere e quelle pi\u00f9 ricche.<\/li>\n<li>Promuovere la consapevolezza dei benefici delle politiche di coesione aumentando la visibilit\u00e0 dei casi di successo e l&#8217;importanza per le regioni italiane di utilizzare in modo efficace tutti i fondi disponibili, possibilmente evidenziando anche differenze significative nell&#8217;uso dei fondi di coesione tra le regioni italiane.<\/li>\n<li>Evidenziare la responsabilit\u00e0 e la titolarit\u00e0 dei governi nazionali e regionali nel determinare l&#8217;allocazione delle risorse delle politiche di coesione, nonch\u00e9 nella loro attuazione.<\/li>\n<\/ul>\n<p>&nbsp;<\/p>\n<p>Il Progetto EUsolidarity, coordinato da RETE BLU in collaborazione con CesUE e Iniziative Editoriali prevede appuntamenti radio, televisivi e web per comunicare la Politica della Coesione:<\/p>\n<ol>\n<li>Produzione e programmazione di un servizio settimanale televisivo sulle politiche di coesione nel programma VEDIAMOCI CHIARO<\/li>\n<li>Realizzazione di un approfondimento mensile televisivo sulle politiche di coesione nel programma televisivo SIAMO NOI<\/li>\n<li>Produzione radiofonico \u201cAl vostro servizio&#8221;, in onda su inBlu2000;<\/li>\n<li>Produzione radiofonica BUONGIORNO IN BLU, in onda su InBlu2000;<\/li>\n<li>Rilancio su EURACTIV Italia by Cesue di tutti i video e podcast presenti sulla pagina media e su tutte le sue piattaforme social;<\/li>\n<li>Rilancio Iniziative Editoriali S.R.L. presso ICARO TV visibile nel centro Italia e altre 10 emittenti locali distribuite su tutto il territorio nazionale;<\/li>\n<\/ol>\n","protected":false},"excerpt":{"rendered":"&nbsp; CONTESTO DI RIFERIMENTO La Politica di Coesione \u00e8 la politica dell\u2019Unione Europea volta a ridurre le disparit\u00e0 di sviluppo fra le regioni degli Stati membri e a rafforzare la coesione economica, sociale e territoriale per una crescita intelligente, sostenibile e inclusiva. Caratteristiche chiave della Politica di Coesione sono: Intelligenza e innovazione nella trasformazione economica; [&hellip;]","protected":false},"author":9,"featured_media":0,"parent":0,"menu_order":0,"comment_status":"closed","ping_status":"closed","template":"","meta":{"_acf_changed":false,"footnotes":""},"class_list":["post-19","page","type-page","status-publish","hentry"],"acf":[],"aioseo_notices":[],"_links":{"self":[{"href":"https:\/\/www.tv2000.it\/eusolidarity\/wp-json\/wp\/v2\/pages\/19","targetHints":{"allow":["GET"]}}],"collection":[{"href":"https:\/\/www.tv2000.it\/eusolidarity\/wp-json\/wp\/v2\/pages"}],"about":[{"href":"https:\/\/www.tv2000.it\/eusolidarity\/wp-json\/wp\/v2\/types\/page"}],"author":[{"embeddable":true,"href":"https:\/\/www.tv2000.it\/eusolidarity\/wp-json\/wp\/v2\/users\/9"}],"replies":[{"embeddable":true,"href":"https:\/\/www.tv2000.it\/eusolidarity\/wp-json\/wp\/v2\/comments?post=19"}],"version-history":[{"count":2,"href":"https:\/\/www.tv2000.it\/eusolidarity\/wp-json\/wp\/v2\/pages\/19\/revisions"}],"predecessor-version":[{"id":22,"href":"https:\/\/www.tv2000.it\/eusolidarity\/wp-json\/wp\/v2\/pages\/19\/revisions\/22"}],"wp:attachment":[{"href":"https:\/\/www.tv2000.it\/eusolidarity\/wp-json\/wp\/v2\/media?parent=19"}],"curies":[{"name":"wp","href":"https:\/\/api.w.org\/{rel}","templated":true}]}}

<p>&nbsp;</p>
<p>CONTESTO DI RIFERIMENTO</p>
<p>La Politica di Coesione è la politica dell’Unione Europea volta a ridurre le disparità di sviluppo fra le regioni degli Stati membri e a rafforzare la coesione economica, sociale e territoriale per una crescita intelligente, sostenibile e inclusiva.</p>
<p>Caratteristiche chiave della Politica di Coesione sono:</p>
<ul>
<li>Intelligenza e innovazione nella trasformazione economica;</li>
<li>resilienza e sostenibilità ambientale per favorire la transizione verso un’energia pulita ed equa, (con investimenti verdi e blu, adattamento ai cambiamenti climatici e gestione dei rischi);</li>
<li>connettività e mobilità regionale;</li>
<li>inclusione sociale, vero pilastro per lo sviluppo integrato delle aree urbane, rurali e costiere</li>
</ul>
<p>Sono caratteristiche che non possono mancare in qualunque programma regionale o nazionale che preveda l’investimento di ingenti risorse finanziarie.</p>
<p>&nbsp;</p>
<p>OBIETTIVI SPECIFICI DEL PROGETTO</p>
<p>La consapevolezza dell&#8217;opinione pubblica in merito alle politiche di coesione merita attenzione in quanto il tema delinea le priorità strategiche dell&#8217;UE per ridurre lo squilibrio economico e sociale attraverso una crescita competitiva, resiliente, verde e inclusiva.</p>
<p>I Fondi Strutturali e di Investimento legati alle politiche di coesione dell&#8217;UE, ed il loro utilizzo, costituiscono un presupposto per il progresso equanime tra le regioni dell’Europa. Diventa quindi rilevante raccontare la politica di coesione per porla all’attenzione pubblica.</p>
<p>Alla luce di quanto sopra gli obiettivi specifici del Progetto, pienamente coerenti con le linee guida dell&#8217;invito alla partecipazione al bando mirano a:</p>
<ul>
<li>Migliorare la visibilità promuovendo un dialogo multilivello sul modo in cui le politiche di coesione sostengono lo sviluppo regionale e mirano a ridurre il divario economico tra le regioni più povere e quelle più ricche.</li>
<li>Promuovere la consapevolezza dei benefici delle politiche di coesione aumentando la visibilità dei casi di successo e l&#8217;importanza per le regioni italiane di utilizzare in modo efficace tutti i fondi disponibili, possibilmente evidenziando anche differenze significative nell&#8217;uso dei fondi di coesione tra le regioni italiane.</li>
<li>Evidenziare la responsabilità e la titolarità dei governi nazionali e regionali nel determinare l&#8217;allocazione delle risorse delle politiche di coesione, nonché nella loro attuazione.</li>
</ul>
<p>&nbsp;</p>
<p>Il Progetto EUsolidarity, coordinato da RETE BLU in collaborazione con CesUE e Iniziative Editoriali prevede appuntamenti radio, televisivi e web per comunicare la Politica della Coesione:</p>
<ol>
<li>Produzione e programmazione di un servizio settimanale televisivo sulle politiche di coesione nel programma VEDIAMOCI CHIARO</li>
<li>Realizzazione di un approfondimento mensile televisivo sulle politiche di coesione nel programma televisivo SIAMO NOI</li>
<li>Produzione radiofonico “Al vostro servizio&#8221;, in onda su inBlu2000;</li>
<li>Produzione radiofonica BUONGIORNO IN BLU, in onda su InBlu2000;</li>
<li>Rilancio su EURACTIV Italia by Cesue di tutti i video e podcast presenti sulla pagina media e su tutte le sue piattaforme social;</li>
<li>Rilancio Iniziative Editoriali S.R.L. presso ICARO TV visibile nel centro Italia e altre 10 emittenti locali distribuite su tutto il territorio nazionale;</li>
</ol>

&nbsp; CONTESTO DI RIFERIMENTO La Politica di Coesione è la politica dell’Unione Europea volta a ridurre le disparità di sviluppo fra le regioni degli Stati membri e a rafforzare la coesione economica, sociale e territoriale per una crescita intelligente, sostenibile e inclusiva. Caratteristiche chiave della Politica di Coesione sono: Intelligenza e innovazione nella trasformazione economica; [&hellip;]
