{"id":569,"date":"2021-09-20T16:10:33","date_gmt":"2021-09-20T14:10:33","guid":{"rendered":"http:\/\/www.tv2000.it\/interrasanta\/?post_type=video&#038;p=569"},"modified":"2021-09-20T16:10:33","modified_gmt":"2021-09-20T14:10:33","slug":"dentro-la-crisi-palestinese","status":"publish","type":"video","link":"https:\/\/www.tv2000.it\/interrasanta\/video\/dentro-la-crisi-palestinese\/","title":{"rendered":"Dentro la crisi palestinese"},"content":{"rendered":"<p>Reportage da Ramallah, dove l&#8217;Autorit\u00e0 palestinese \u00e8 a rischio crollo politico ed economico e la leadership del Presidente Abu Mazen in grave difficolt\u00e0. <\/p>\n","protected":false},"featured_media":570,"comment_status":"open","ping_status":"closed","template":"","tags":[],"class_list":["post-569","video","type-video","status-publish","has-post-thumbnail","hentry","video_category-attualita"],"acf":[],"aioseo_notices":[],"url_youtube":"S25ypkeK44w","featured_image_url":"https:\/\/i.ytimg.com\/vi\/S25ypkeK44w\/mqdefault.jpg","_links":{"self":[{"href":"https:\/\/www.tv2000.it\/interrasanta\/wp-json\/wp\/v2\/video\/569","targetHints":{"allow":["GET"]}}],"collection":[{"href":"https:\/\/www.tv2000.it\/interrasanta\/wp-json\/wp\/v2\/video"}],"about":[{"href":"https:\/\/www.tv2000.it\/interrasanta\/wp-json\/wp\/v2\/types\/video"}],"replies":[{"embeddable":true,"href":"https:\/\/www.tv2000.it\/interrasanta\/wp-json\/wp\/v2\/comments?post=569"}],"wp:featuredmedia":[{"embeddable":true,"href":"https:\/\/www.tv2000.it\/interrasanta\/wp-json\/wp\/v2\/media\/570"}],"wp:attachment":[{"href":"https:\/\/www.tv2000.it\/interrasanta\/wp-json\/wp\/v2\/media?parent=569"}],"wp:term":[{"taxonomy":"post_tag","embeddable":true,"href":"https:\/\/www.tv2000.it\/interrasanta\/wp-json\/wp\/v2\/tags?post=569"}],"curies":[{"name":"wp","href":"https:\/\/api.w.org\/{rel}","templated":true}]}}

<p>Reportage da Ramallah, dove l&#8217;Autorità palestinese è a rischio crollo politico ed economico e la leadership del Presidente Abu Mazen in grave difficoltà. </p>
