{"id":604,"date":"2021-10-28T15:34:29","date_gmt":"2021-10-28T13:34:29","guid":{"rendered":"http:\/\/www.tv2000.it\/interrasanta\/?post_type=video&#038;p=604"},"modified":"2021-10-28T15:34:29","modified_gmt":"2021-10-28T13:34:29","slug":"eitan-deve-tornare-in-italia","status":"publish","type":"video","link":"https:\/\/www.tv2000.it\/interrasanta\/video\/eitan-deve-tornare-in-italia\/","title":{"rendered":"Eitan deve tornare in Italia"},"content":{"rendered":"<p>Eitan deve tornare in Italia, sua residenza abituale, con la zia paterna Aya perch\u00e8 il nonno ha portato illegalmente il bambino in Israele. lo ha deciso la giudice israeliana nella sentenza di primo grado in merito all&#8217;applicabilit\u00e0 della Convenzione dell&#8217;Aia sul caso Eitan. il piccolo rimarr\u00e0 almeno un&#8217;altra settimana in Israele, il tempo dato ai legali del nonno per il ricorso in appello. Sar\u00e0 un secondo giudice a decidere se sospdendere o no l&#8217;esecutivit\u00e0 della sentenza in attesa di quella definitiva. <\/p>\n","protected":false},"featured_media":605,"comment_status":"open","ping_status":"closed","template":"","tags":[],"class_list":["post-604","video","type-video","status-publish","has-post-thumbnail","hentry","video_category-attualita"],"acf":[],"aioseo_notices":[],"url_youtube":"t0pbhdGly10","featured_image_url":"https:\/\/i.ytimg.com\/vi\/t0pbhdGly10\/mqdefault.jpg","_links":{"self":[{"href":"https:\/\/www.tv2000.it\/interrasanta\/wp-json\/wp\/v2\/video\/604","targetHints":{"allow":["GET"]}}],"collection":[{"href":"https:\/\/www.tv2000.it\/interrasanta\/wp-json\/wp\/v2\/video"}],"about":[{"href":"https:\/\/www.tv2000.it\/interrasanta\/wp-json\/wp\/v2\/types\/video"}],"replies":[{"embeddable":true,"href":"https:\/\/www.tv2000.it\/interrasanta\/wp-json\/wp\/v2\/comments?post=604"}],"wp:featuredmedia":[{"embeddable":true,"href":"https:\/\/www.tv2000.it\/interrasanta\/wp-json\/wp\/v2\/media\/605"}],"wp:attachment":[{"href":"https:\/\/www.tv2000.it\/interrasanta\/wp-json\/wp\/v2\/media?parent=604"}],"wp:term":[{"taxonomy":"post_tag","embeddable":true,"href":"https:\/\/www.tv2000.it\/interrasanta\/wp-json\/wp\/v2\/tags?post=604"}],"curies":[{"name":"wp","href":"https:\/\/api.w.org\/{rel}","templated":true}]}}

<p>Eitan deve tornare in Italia, sua residenza abituale, con la zia paterna Aya perchè il nonno ha portato illegalmente il bambino in Israele. lo ha deciso la giudice israeliana nella sentenza di primo grado in merito all&#8217;applicabilità della Convenzione dell&#8217;Aia sul caso Eitan. il piccolo rimarrà almeno un&#8217;altra settimana in Israele, il tempo dato ai legali del nonno per il ricorso in appello. Sarà un secondo giudice a decidere se sospdendere o no l&#8217;esecutività della sentenza in attesa di quella definitiva. </p>
