{"id":8,"date":"2015-02-25T12:04:36","date_gmt":"2015-02-25T11:04:36","guid":{"rendered":"http:\/\/www.tv2000.it\/lacompagniadellibro\/?page_id=8"},"modified":"2021-09-08T15:27:30","modified_gmt":"2021-09-08T13:27:30","slug":"il-programma","status":"publish","type":"page","link":"https:\/\/www.tv2000.it\/lacompagniadellibro\/il-programma\/","title":{"rendered":"Il Programma"},"content":{"rendered":"<p style=\"text-align: justify;\">Programma dedicato alla lettura e a chi legge. Alterna riflessioni, commenti e interviste a notizie di attualit\u00e0 editoriale e approfondimenti culturali. Spazio a ospiti, recensioni e dibattiti di politica, economia e societ\u00e0 affrontati con il contributo dei testi pi\u00f9 \u201cfreschi di stampa\u201d, nella convinzione che la lettura sia lo strumento adatto per orientarsi in un mondo sempre pi\u00f9 caotico, complesso e frammentato. Da quest\u2019anno La Compagnia lancia l\u2019Oscar del Libro, una sorta di concorso che nella prossima primavera premier\u00e0 non solo il miglior testo o il miglior autore, ma anche i personaggi, la trama, la scrittura, la scena e, persino, la copertina e il booktrailer. I testi saranno scelti con il sistema della nomination a cura della redazione e di un panel di addetti ai lavori; l\u2019assegnazione dell\u2019Oscar avverr\u00e0 attraverso il voto dei lettori che potranno esprimersi sulla pagina Facebook del programma. Conduce: Saverio Simonelli.<\/p>\n","protected":false},"excerpt":{"rendered":"Programma dedicato alla lettura e a chi legge. Alterna riflessioni, commenti e interviste a notizie di attualit\u00e0 editoriale e approfondimenti culturali. Spazio a ospiti, recensioni e dibattiti di politica, economia e societ\u00e0 affrontati con il contributo dei testi pi\u00f9 \u201cfreschi di stampa\u201d, nella convinzione che la lettura sia lo strumento adatto per orientarsi in un [&hellip;]","protected":false},"author":1,"featured_media":0,"parent":0,"menu_order":1,"comment_status":"open","ping_status":"open","template":"","meta":{"_acf_changed":false,"footnotes":""},"class_list":["post-8","page","type-page","status-publish","hentry"],"acf":[],"aioseo_notices":[],"_links":{"self":[{"href":"https:\/\/www.tv2000.it\/lacompagniadellibro\/wp-json\/wp\/v2\/pages\/8","targetHints":{"allow":["GET"]}}],"collection":[{"href":"https:\/\/www.tv2000.it\/lacompagniadellibro\/wp-json\/wp\/v2\/pages"}],"about":[{"href":"https:\/\/www.tv2000.it\/lacompagniadellibro\/wp-json\/wp\/v2\/types\/page"}],"author":[{"embeddable":true,"href":"https:\/\/www.tv2000.it\/lacompagniadellibro\/wp-json\/wp\/v2\/users\/1"}],"replies":[{"embeddable":true,"href":"https:\/\/www.tv2000.it\/lacompagniadellibro\/wp-json\/wp\/v2\/comments?post=8"}],"version-history":[{"count":3,"href":"https:\/\/www.tv2000.it\/lacompagniadellibro\/wp-json\/wp\/v2\/pages\/8\/revisions"}],"predecessor-version":[{"id":307,"href":"https:\/\/www.tv2000.it\/lacompagniadellibro\/wp-json\/wp\/v2\/pages\/8\/revisions\/307"}],"wp:attachment":[{"href":"https:\/\/www.tv2000.it\/lacompagniadellibro\/wp-json\/wp\/v2\/media?parent=8"}],"curies":[{"name":"wp","href":"https:\/\/api.w.org\/{rel}","templated":true}]}}