{"id":194,"date":"2021-02-11T20:41:52","date_gmt":"2021-02-11T19:41:52","guid":{"rendered":"http:\/\/www.tv2000.it\/leparoledellafede\/?post_type=video&#038;p=194"},"modified":"2021-02-11T20:41:52","modified_gmt":"2021-02-11T19:41:52","slug":"11-febbraio-2021-cosa-ci-libera-dal-peccato","status":"publish","type":"video","link":"https:\/\/www.tv2000.it\/leparoledellafede\/video\/11-febbraio-2021-cosa-ci-libera-dal-peccato\/","title":{"rendered":"11 febbraio 2021 &#8211; Cosa ci libera dal peccato?"},"content":{"rendered":"<p>Con padre Paolo Benanti &#8211; Pontificia Universit\u00e0 Gregoriana &#8211; e don Marcello Cozzi direttore &#8211; ufficio legalit\u00e0 e dignit\u00e0 Diocesi di Potenza<\/p>\n","protected":false},"featured_media":195,"comment_status":"open","ping_status":"closed","template":"","tags":[],"class_list":["post-194","video","type-video","status-publish","has-post-thumbnail","hentry","video_category-puntate-2020-2021"],"acf":[],"aioseo_notices":[],"url_youtube":"oV8XQdesJ70","featured_image_url":"https:\/\/i.ytimg.com\/vi\/oV8XQdesJ70\/mqdefault.jpg","_links":{"self":[{"href":"https:\/\/www.tv2000.it\/leparoledellafede\/wp-json\/wp\/v2\/video\/194","targetHints":{"allow":["GET"]}}],"collection":[{"href":"https:\/\/www.tv2000.it\/leparoledellafede\/wp-json\/wp\/v2\/video"}],"about":[{"href":"https:\/\/www.tv2000.it\/leparoledellafede\/wp-json\/wp\/v2\/types\/video"}],"replies":[{"embeddable":true,"href":"https:\/\/www.tv2000.it\/leparoledellafede\/wp-json\/wp\/v2\/comments?post=194"}],"wp:featuredmedia":[{"embeddable":true,"href":"https:\/\/www.tv2000.it\/leparoledellafede\/wp-json\/wp\/v2\/media\/195"}],"wp:attachment":[{"href":"https:\/\/www.tv2000.it\/leparoledellafede\/wp-json\/wp\/v2\/media?parent=194"}],"wp:term":[{"taxonomy":"post_tag","embeddable":true,"href":"https:\/\/www.tv2000.it\/leparoledellafede\/wp-json\/wp\/v2\/tags?post=194"}],"curies":[{"name":"wp","href":"https:\/\/api.w.org\/{rel}","templated":true}]}}

<p>Con padre Paolo Benanti &#8211; Pontificia Università Gregoriana &#8211; e don Marcello Cozzi direttore &#8211; ufficio legalità e dignità Diocesi di Potenza</p>
