{"id":260,"date":"2021-03-30T20:23:03","date_gmt":"2021-03-30T18:23:03","guid":{"rendered":"http:\/\/www.tv2000.it\/leparoledellafede\/?post_type=video&#038;p=260"},"modified":"2021-03-30T20:23:03","modified_gmt":"2021-03-30T18:23:03","slug":"le-parole-della-fede-30-marzo-2021-perche-gesu-e-dovuto-morire","status":"publish","type":"video","link":"https:\/\/www.tv2000.it\/leparoledellafede\/video\/le-parole-della-fede-30-marzo-2021-perche-gesu-e-dovuto-morire\/","title":{"rendered":"Le parole della Fede, 30 marzo 2021 &#8211; Perch\u00e9 Ges\u00f9 \u00e8 dovuto morire?"},"content":{"rendered":"<p>Con il Cardinale Francesco Montenegro Arcidiocesi di Agrigento e con il teologo Brunetto Salvarani (Facolt\u00e0 teologica dell&#8217;Emilia Romagna)<\/p>\n","protected":false},"featured_media":261,"comment_status":"open","ping_status":"closed","template":"","tags":[],"class_list":["post-260","video","type-video","status-publish","has-post-thumbnail","hentry","video_category-puntate-2020-2021"],"acf":[],"aioseo_notices":[],"url_youtube":"GDc6lZuR_Xc","featured_image_url":"https:\/\/i.ytimg.com\/vi\/GDc6lZuR_Xc\/mqdefault.jpg","_links":{"self":[{"href":"https:\/\/www.tv2000.it\/leparoledellafede\/wp-json\/wp\/v2\/video\/260","targetHints":{"allow":["GET"]}}],"collection":[{"href":"https:\/\/www.tv2000.it\/leparoledellafede\/wp-json\/wp\/v2\/video"}],"about":[{"href":"https:\/\/www.tv2000.it\/leparoledellafede\/wp-json\/wp\/v2\/types\/video"}],"replies":[{"embeddable":true,"href":"https:\/\/www.tv2000.it\/leparoledellafede\/wp-json\/wp\/v2\/comments?post=260"}],"wp:featuredmedia":[{"embeddable":true,"href":"https:\/\/www.tv2000.it\/leparoledellafede\/wp-json\/wp\/v2\/media\/261"}],"wp:attachment":[{"href":"https:\/\/www.tv2000.it\/leparoledellafede\/wp-json\/wp\/v2\/media?parent=260"}],"wp:term":[{"taxonomy":"post_tag","embeddable":true,"href":"https:\/\/www.tv2000.it\/leparoledellafede\/wp-json\/wp\/v2\/tags?post=260"}],"curies":[{"name":"wp","href":"https:\/\/api.w.org\/{rel}","templated":true}]}}

Le parole della Fede, 30 marzo 2021 &#8211; Perché Gesù è dovuto morire?

<p>Con il Cardinale Francesco Montenegro Arcidiocesi di Agrigento e con il teologo Brunetto Salvarani (Facoltà teologica dell&#8217;Emilia Romagna)</p>
