{"id":297,"date":"2021-04-23T20:28:40","date_gmt":"2021-04-23T18:28:40","guid":{"rendered":"http:\/\/www.tv2000.it\/leparoledellafede\/?post_type=video&#038;p=297"},"modified":"2021-04-23T20:28:40","modified_gmt":"2021-04-23T18:28:40","slug":"23-aprile-2021-perche-per-la-chiesa-e-cosi-importante-fare-figli","status":"publish","type":"video","link":"https:\/\/www.tv2000.it\/leparoledellafede\/video\/23-aprile-2021-perche-per-la-chiesa-e-cosi-importante-fare-figli\/","title":{"rendered":"23 aprile 2021 &#8211; Perch\u00e9 per la Chiesa \u00e8 cos\u00ec importante fare figli?"},"content":{"rendered":"<p>Ospiti: Gigi De Palo, presidente nazionale Forum delle Associazioni Familiari, e Anna Chiara Gambini<\/p>\n","protected":false},"featured_media":298,"comment_status":"open","ping_status":"closed","template":"","tags":[],"class_list":["post-297","video","type-video","status-publish","has-post-thumbnail","hentry","video_category-puntate-2020-2021"],"acf":[],"aioseo_notices":[],"url_youtube":"3AJ9luqtuoI","featured_image_url":"https:\/\/i.ytimg.com\/vi\/3AJ9luqtuoI\/mqdefault.jpg","_links":{"self":[{"href":"https:\/\/www.tv2000.it\/leparoledellafede\/wp-json\/wp\/v2\/video\/297","targetHints":{"allow":["GET"]}}],"collection":[{"href":"https:\/\/www.tv2000.it\/leparoledellafede\/wp-json\/wp\/v2\/video"}],"about":[{"href":"https:\/\/www.tv2000.it\/leparoledellafede\/wp-json\/wp\/v2\/types\/video"}],"replies":[{"embeddable":true,"href":"https:\/\/www.tv2000.it\/leparoledellafede\/wp-json\/wp\/v2\/comments?post=297"}],"wp:featuredmedia":[{"embeddable":true,"href":"https:\/\/www.tv2000.it\/leparoledellafede\/wp-json\/wp\/v2\/media\/298"}],"wp:attachment":[{"href":"https:\/\/www.tv2000.it\/leparoledellafede\/wp-json\/wp\/v2\/media?parent=297"}],"wp:term":[{"taxonomy":"post_tag","embeddable":true,"href":"https:\/\/www.tv2000.it\/leparoledellafede\/wp-json\/wp\/v2\/tags?post=297"}],"curies":[{"name":"wp","href":"https:\/\/api.w.org\/{rel}","templated":true}]}}

23 aprile 2021 &#8211; Perché per la Chiesa è così importante fare figli?
