{"id":314,"date":"2021-05-06T23:15:10","date_gmt":"2021-05-06T21:15:10","guid":{"rendered":"http:\/\/www.tv2000.it\/leparoledellafede\/?post_type=video&#038;p=314"},"modified":"2021-05-06T23:15:10","modified_gmt":"2021-05-06T21:15:10","slug":"6-maggio-2021-credere-ai-miracoli-e-contro-la-ragione","status":"publish","type":"video","link":"https:\/\/www.tv2000.it\/leparoledellafede\/video\/6-maggio-2021-credere-ai-miracoli-e-contro-la-ragione\/","title":{"rendered":"6 maggio 2021 &#8211; Credere ai miracoli \u00e8 contro la ragione?"},"content":{"rendered":"<p>Con don Giuseppe Lorizio, teologo Pontificia Universit\u00e0 Lateranense, e padre Paolo Benanti Pontificia Universit\u00e0 Gregoriana<\/p>\n","protected":false},"featured_media":315,"comment_status":"open","ping_status":"closed","template":"","tags":[],"class_list":["post-314","video","type-video","status-publish","has-post-thumbnail","hentry","video_category-puntate-2020-2021"],"acf":[],"aioseo_notices":[],"url_youtube":"B6iP4cWQQoA","featured_image_url":"https:\/\/i.ytimg.com\/vi\/B6iP4cWQQoA\/mqdefault.jpg","_links":{"self":[{"href":"https:\/\/www.tv2000.it\/leparoledellafede\/wp-json\/wp\/v2\/video\/314","targetHints":{"allow":["GET"]}}],"collection":[{"href":"https:\/\/www.tv2000.it\/leparoledellafede\/wp-json\/wp\/v2\/video"}],"about":[{"href":"https:\/\/www.tv2000.it\/leparoledellafede\/wp-json\/wp\/v2\/types\/video"}],"replies":[{"embeddable":true,"href":"https:\/\/www.tv2000.it\/leparoledellafede\/wp-json\/wp\/v2\/comments?post=314"}],"wp:featuredmedia":[{"embeddable":true,"href":"https:\/\/www.tv2000.it\/leparoledellafede\/wp-json\/wp\/v2\/media\/315"}],"wp:attachment":[{"href":"https:\/\/www.tv2000.it\/leparoledellafede\/wp-json\/wp\/v2\/media?parent=314"}],"wp:term":[{"taxonomy":"post_tag","embeddable":true,"href":"https:\/\/www.tv2000.it\/leparoledellafede\/wp-json\/wp\/v2\/tags?post=314"}],"curies":[{"name":"wp","href":"https:\/\/api.w.org\/{rel}","templated":true}]}}

6 maggio 2021 &#8211; Credere ai miracoli è contro la ragione?

<p>Con don Giuseppe Lorizio, teologo Pontificia Università Lateranense, e padre Paolo Benanti Pontificia Università Gregoriana</p>
