{"id":373,"date":"2021-06-15T20:52:32","date_gmt":"2021-06-15T18:52:32","guid":{"rendered":"http:\/\/www.tv2000.it\/leparoledellafede\/?post_type=video&#038;p=373"},"modified":"2021-06-15T20:52:32","modified_gmt":"2021-06-15T18:52:32","slug":"15-giugno-2021-cose-la-virtu-della-prudenza","status":"publish","type":"video","link":"https:\/\/www.tv2000.it\/leparoledellafede\/video\/15-giugno-2021-cose-la-virtu-della-prudenza\/","title":{"rendered":"15 giugno 2021 &#8211; Cos&#8217;\u00e8 la virt\u00f9 della prudenza?"},"content":{"rendered":"<p>Con don Giuseppe Lorizio, Pontificia Universit\u00e0 Lateranense, e con Luigi Alici, docente di Filosofia morale Unimc \/ Universit\u00e0 degli Studi di Macerata<\/p>\n","protected":false},"featured_media":374,"comment_status":"open","ping_status":"closed","template":"","tags":[],"class_list":["post-373","video","type-video","status-publish","has-post-thumbnail","hentry","video_category-puntate-2020-2021"],"acf":[],"aioseo_notices":[],"url_youtube":"6OckzxkNVR0","featured_image_url":"https:\/\/i.ytimg.com\/vi\/6OckzxkNVR0\/mqdefault.jpg","_links":{"self":[{"href":"https:\/\/www.tv2000.it\/leparoledellafede\/wp-json\/wp\/v2\/video\/373","targetHints":{"allow":["GET"]}}],"collection":[{"href":"https:\/\/www.tv2000.it\/leparoledellafede\/wp-json\/wp\/v2\/video"}],"about":[{"href":"https:\/\/www.tv2000.it\/leparoledellafede\/wp-json\/wp\/v2\/types\/video"}],"replies":[{"embeddable":true,"href":"https:\/\/www.tv2000.it\/leparoledellafede\/wp-json\/wp\/v2\/comments?post=373"}],"wp:featuredmedia":[{"embeddable":true,"href":"https:\/\/www.tv2000.it\/leparoledellafede\/wp-json\/wp\/v2\/media\/374"}],"wp:attachment":[{"href":"https:\/\/www.tv2000.it\/leparoledellafede\/wp-json\/wp\/v2\/media?parent=373"}],"wp:term":[{"taxonomy":"post_tag","embeddable":true,"href":"https:\/\/www.tv2000.it\/leparoledellafede\/wp-json\/wp\/v2\/tags?post=373"}],"curies":[{"name":"wp","href":"https:\/\/api.w.org\/{rel}","templated":true}]}}

15 giugno 2021 &#8211; Cos&#8217;è la virtù della prudenza?

<p>Con don Giuseppe Lorizio, Pontificia Università Lateranense, e con Luigi Alici, docente di Filosofia morale Unimc / Università degli Studi di Macerata</p>
