{"id":379,"date":"2021-06-18T20:11:02","date_gmt":"2021-06-18T18:11:02","guid":{"rendered":"http:\/\/www.tv2000.it\/leparoledellafede\/?post_type=video&#038;p=379"},"modified":"2021-06-18T20:11:02","modified_gmt":"2021-06-18T18:11:02","slug":"18-giugno-2021-cosa-e-la-virtu-della-temperanza","status":"publish","type":"video","link":"https:\/\/www.tv2000.it\/leparoledellafede\/video\/18-giugno-2021-cosa-e-la-virtu-della-temperanza\/","title":{"rendered":"18 giugno 2021 &#8211; Cosa \u00e8 la virt\u00f9 della temperanza?"},"content":{"rendered":"<p>Ospiti: don Giuseppe Lorizio, teologo Pontificia Universit\u00e0 Lateranense e Emanuele Rapetti, pedagosista e cooperatore sociale<\/p>\n","protected":false},"featured_media":380,"comment_status":"open","ping_status":"closed","template":"","tags":[],"class_list":["post-379","video","type-video","status-publish","has-post-thumbnail","hentry","video_category-puntate-2020-2021"],"acf":[],"aioseo_notices":[],"url_youtube":"XzqpHKOlnqI","featured_image_url":"https:\/\/i.ytimg.com\/vi\/XzqpHKOlnqI\/mqdefault.jpg","_links":{"self":[{"href":"https:\/\/www.tv2000.it\/leparoledellafede\/wp-json\/wp\/v2\/video\/379","targetHints":{"allow":["GET"]}}],"collection":[{"href":"https:\/\/www.tv2000.it\/leparoledellafede\/wp-json\/wp\/v2\/video"}],"about":[{"href":"https:\/\/www.tv2000.it\/leparoledellafede\/wp-json\/wp\/v2\/types\/video"}],"replies":[{"embeddable":true,"href":"https:\/\/www.tv2000.it\/leparoledellafede\/wp-json\/wp\/v2\/comments?post=379"}],"wp:featuredmedia":[{"embeddable":true,"href":"https:\/\/www.tv2000.it\/leparoledellafede\/wp-json\/wp\/v2\/media\/380"}],"wp:attachment":[{"href":"https:\/\/www.tv2000.it\/leparoledellafede\/wp-json\/wp\/v2\/media?parent=379"}],"wp:term":[{"taxonomy":"post_tag","embeddable":true,"href":"https:\/\/www.tv2000.it\/leparoledellafede\/wp-json\/wp\/v2\/tags?post=379"}],"curies":[{"name":"wp","href":"https:\/\/api.w.org\/{rel}","templated":true}]}}

18 giugno 2021 &#8211; Cosa è la virtù della temperanza?

<p>Ospiti: don Giuseppe Lorizio, teologo Pontificia Università Lateranense e Emanuele Rapetti, pedagosista e cooperatore sociale</p>
