{"id":385,"date":"2021-06-23T21:38:39","date_gmt":"2021-06-23T19:38:39","guid":{"rendered":"http:\/\/www.tv2000.it\/leparoledellafede\/?post_type=video&#038;p=385"},"modified":"2021-06-23T21:38:39","modified_gmt":"2021-06-23T19:38:39","slug":"23-giugno-2021-che-cose-linvidia","status":"publish","type":"video","link":"https:\/\/www.tv2000.it\/leparoledellafede\/video\/23-giugno-2021-che-cose-linvidia\/","title":{"rendered":"23 giugno 2021 &#8211; Che cos&#8217;\u00e8 l&#8217;invidia?"},"content":{"rendered":"<p>Con Brunetto Salvarani, teologo della Facolt\u00e0 teologica dell&#8217;Emilia Romagna e con Claudia Caneva, Pontificia Universit\u00e0 Lateranense<\/p>\n","protected":false},"featured_media":386,"comment_status":"open","ping_status":"closed","template":"","tags":[],"class_list":["post-385","video","type-video","status-publish","has-post-thumbnail","hentry","video_category-puntate-2020-2021"],"acf":[],"aioseo_notices":[],"url_youtube":"ZJfjvRFirC4","featured_image_url":"https:\/\/i.ytimg.com\/vi\/ZJfjvRFirC4\/mqdefault.jpg","_links":{"self":[{"href":"https:\/\/www.tv2000.it\/leparoledellafede\/wp-json\/wp\/v2\/video\/385","targetHints":{"allow":["GET"]}}],"collection":[{"href":"https:\/\/www.tv2000.it\/leparoledellafede\/wp-json\/wp\/v2\/video"}],"about":[{"href":"https:\/\/www.tv2000.it\/leparoledellafede\/wp-json\/wp\/v2\/types\/video"}],"replies":[{"embeddable":true,"href":"https:\/\/www.tv2000.it\/leparoledellafede\/wp-json\/wp\/v2\/comments?post=385"}],"wp:featuredmedia":[{"embeddable":true,"href":"https:\/\/www.tv2000.it\/leparoledellafede\/wp-json\/wp\/v2\/media\/386"}],"wp:attachment":[{"href":"https:\/\/www.tv2000.it\/leparoledellafede\/wp-json\/wp\/v2\/media?parent=385"}],"wp:term":[{"taxonomy":"post_tag","embeddable":true,"href":"https:\/\/www.tv2000.it\/leparoledellafede\/wp-json\/wp\/v2\/tags?post=385"}],"curies":[{"name":"wp","href":"https:\/\/api.w.org\/{rel}","templated":true}]}}

23 giugno 2021 &#8211; Che cos&#8217;è l&#8217;invidia?

<p>Con Brunetto Salvarani, teologo della Facoltà teologica dell&#8217;Emilia Romagna e con Claudia Caneva, Pontificia Università Lateranense</p>
