{"id":41,"date":"2020-10-29T20:19:33","date_gmt":"2020-10-29T19:19:33","guid":{"rendered":"http:\/\/www.tv2000.it\/leparoledellafede\/?post_type=video&#038;p=41"},"modified":"2020-10-29T20:19:33","modified_gmt":"2020-10-29T19:19:33","slug":"29-ottobre-2020-che-cosa-e-la-salvezza","status":"publish","type":"video","link":"https:\/\/www.tv2000.it\/leparoledellafede\/video\/29-ottobre-2020-che-cosa-e-la-salvezza\/","title":{"rendered":"29 ottobre 2020, Che cosa \u00e8 la Salvezza?"},"content":{"rendered":"<p>Che cos&#8217;\u00e8 la #salvezza? E chi pu\u00f2 aspirarvi? GennaroFerrara e i suoi ospiti cercano di dare una risposta a queste domande. Ospiti la teologa Simona Segoloni e Massimo Angelelli, direttore dell&#8217;Ufficio nazionale per la Pastorale della Salute<\/p>\n","protected":false},"featured_media":42,"comment_status":"open","ping_status":"closed","template":"","tags":[],"class_list":["post-41","video","type-video","status-publish","has-post-thumbnail","hentry","video_category-puntate-2020-2021"],"acf":[],"aioseo_notices":[],"url_youtube":"UMqUqa4VoJE","featured_image_url":"https:\/\/i.ytimg.com\/vi\/UMqUqa4VoJE\/mqdefault.jpg","_links":{"self":[{"href":"https:\/\/www.tv2000.it\/leparoledellafede\/wp-json\/wp\/v2\/video\/41","targetHints":{"allow":["GET"]}}],"collection":[{"href":"https:\/\/www.tv2000.it\/leparoledellafede\/wp-json\/wp\/v2\/video"}],"about":[{"href":"https:\/\/www.tv2000.it\/leparoledellafede\/wp-json\/wp\/v2\/types\/video"}],"replies":[{"embeddable":true,"href":"https:\/\/www.tv2000.it\/leparoledellafede\/wp-json\/wp\/v2\/comments?post=41"}],"wp:featuredmedia":[{"embeddable":true,"href":"https:\/\/www.tv2000.it\/leparoledellafede\/wp-json\/wp\/v2\/media\/42"}],"wp:attachment":[{"href":"https:\/\/www.tv2000.it\/leparoledellafede\/wp-json\/wp\/v2\/media?parent=41"}],"wp:term":[{"taxonomy":"post_tag","embeddable":true,"href":"https:\/\/www.tv2000.it\/leparoledellafede\/wp-json\/wp\/v2\/tags?post=41"}],"curies":[{"name":"wp","href":"https:\/\/api.w.org\/{rel}","templated":true}]}}

29 ottobre 2020, Che cosa è la Salvezza?

<p>Che cos&#8217;è la #salvezza? E chi può aspirarvi? GennaroFerrara e i suoi ospiti cercano di dare una risposta a queste domande. Ospiti la teologa Simona Segoloni e Massimo Angelelli, direttore dell&#8217;Ufficio nazionale per la Pastorale della Salute</p>
