{"id":43,"date":"2020-10-30T21:30:25","date_gmt":"2020-10-30T20:30:25","guid":{"rendered":"http:\/\/www.tv2000.it\/leparoledellafede\/?post_type=video&#038;p=43"},"modified":"2020-11-02T13:54:21","modified_gmt":"2020-11-02T12:54:21","slug":"30-ottobre-2020-cosa-vuol-dire-che-la-fede-e-mistero","status":"publish","type":"video","link":"https:\/\/www.tv2000.it\/leparoledellafede\/video\/30-ottobre-2020-cosa-vuol-dire-che-la-fede-e-mistero\/","title":{"rendered":"30 ottobre 2020 &#8211; &#8220;Cosa vuol dire che la fede \u00e8 mistero?&#8221;"},"content":{"rendered":"<p>Il tema della puntata delle Parole della fede del 30 ottobre 2020 \u00e8 il rapporto tra fede e scienza e la domanda da cui si parte \u00e8: \u201cLa fede \u00e8 un limite per l\u2019intelligenza, per la conoscenza razionale, per la ricerca?\u201d. Gli ospiti sono come sempre la teologa Simona Segoloni Ruta e Antonio D\u2019Alessandro, docente di Optoelettronica nella facolt\u00e0 di Ingegneria della Sapienza<\/p>\n","protected":false},"featured_media":44,"comment_status":"open","ping_status":"closed","template":"","tags":[],"class_list":["post-43","video","type-video","status-publish","has-post-thumbnail","hentry","video_category-puntate-2020-2021"],"acf":[],"aioseo_notices":[],"url_youtube":"VKUkjSUqN9E","featured_image_url":"https:\/\/i.ytimg.com\/vi\/VKUkjSUqN9E\/mqdefault.jpg","_links":{"self":[{"href":"https:\/\/www.tv2000.it\/leparoledellafede\/wp-json\/wp\/v2\/video\/43","targetHints":{"allow":["GET"]}}],"collection":[{"href":"https:\/\/www.tv2000.it\/leparoledellafede\/wp-json\/wp\/v2\/video"}],"about":[{"href":"https:\/\/www.tv2000.it\/leparoledellafede\/wp-json\/wp\/v2\/types\/video"}],"replies":[{"embeddable":true,"href":"https:\/\/www.tv2000.it\/leparoledellafede\/wp-json\/wp\/v2\/comments?post=43"}],"wp:featuredmedia":[{"embeddable":true,"href":"https:\/\/www.tv2000.it\/leparoledellafede\/wp-json\/wp\/v2\/media\/44"}],"wp:attachment":[{"href":"https:\/\/www.tv2000.it\/leparoledellafede\/wp-json\/wp\/v2\/media?parent=43"}],"wp:term":[{"taxonomy":"post_tag","embeddable":true,"href":"https:\/\/www.tv2000.it\/leparoledellafede\/wp-json\/wp\/v2\/tags?post=43"}],"curies":[{"name":"wp","href":"https:\/\/api.w.org\/{rel}","templated":true}]}}

30 ottobre 2020 &#8211; &#8220;Cosa vuol dire che la fede è mistero?&#8221;

<p>Il tema della puntata delle Parole della fede del 30 ottobre 2020 è il rapporto tra fede e scienza e la domanda da cui si parte è: “La fede è un limite per l’intelligenza, per la conoscenza razionale, per la ricerca?”. Gli ospiti sono come sempre la teologa Simona Segoloni Ruta e Antonio D’Alessandro, docente di Optoelettronica nella facoltà di Ingegneria della Sapienza</p>
