{"id":83,"date":"2020-11-20T21:33:57","date_gmt":"2020-11-20T20:33:57","guid":{"rendered":"http:\/\/www.tv2000.it\/leparoledellafede\/?post_type=video&#038;p=83"},"modified":"2020-11-20T21:33:57","modified_gmt":"2020-11-20T20:33:57","slug":"20-novembre-2020-la-poverta-materiale-e-un-valore","status":"publish","type":"video","link":"https:\/\/www.tv2000.it\/leparoledellafede\/video\/20-novembre-2020-la-poverta-materiale-e-un-valore\/","title":{"rendered":"20 novembre 2020 &#8211; La povert\u00e0 materiale \u00e8 un valore?"},"content":{"rendered":"<p>La Chiesa dice di preferire il rapporto con i poveri: la povert\u00e0 materiale quindi \u00e8 un valore? Se ne parla oggi #20novembre a &#8220;Le Parole della fede&#8221; con il teologo Piero Coda e con don Francesco Soddu, direttore Caritas<\/p>\n","protected":false},"featured_media":84,"comment_status":"open","ping_status":"closed","template":"","tags":[],"class_list":["post-83","video","type-video","status-publish","has-post-thumbnail","hentry","video_category-puntate-2020-2021"],"acf":[],"aioseo_notices":[],"url_youtube":"XCSLL8u565o","featured_image_url":"https:\/\/i.ytimg.com\/vi\/XCSLL8u565o\/mqdefault.jpg","_links":{"self":[{"href":"https:\/\/www.tv2000.it\/leparoledellafede\/wp-json\/wp\/v2\/video\/83","targetHints":{"allow":["GET"]}}],"collection":[{"href":"https:\/\/www.tv2000.it\/leparoledellafede\/wp-json\/wp\/v2\/video"}],"about":[{"href":"https:\/\/www.tv2000.it\/leparoledellafede\/wp-json\/wp\/v2\/types\/video"}],"replies":[{"embeddable":true,"href":"https:\/\/www.tv2000.it\/leparoledellafede\/wp-json\/wp\/v2\/comments?post=83"}],"wp:featuredmedia":[{"embeddable":true,"href":"https:\/\/www.tv2000.it\/leparoledellafede\/wp-json\/wp\/v2\/media\/84"}],"wp:attachment":[{"href":"https:\/\/www.tv2000.it\/leparoledellafede\/wp-json\/wp\/v2\/media?parent=83"}],"wp:term":[{"taxonomy":"post_tag","embeddable":true,"href":"https:\/\/www.tv2000.it\/leparoledellafede\/wp-json\/wp\/v2\/tags?post=83"}],"curies":[{"name":"wp","href":"https:\/\/api.w.org\/{rel}","templated":true}]}}

20 novembre 2020 &#8211; La povertà materiale è un valore?

<p>La Chiesa dice di preferire il rapporto con i poveri: la povertà materiale quindi è un valore? Se ne parla oggi #20novembre a &#8220;Le Parole della fede&#8221; con il teologo Piero Coda e con don Francesco Soddu, direttore Caritas</p>
