{"id":5,"date":"2016-09-08T14:50:16","date_gmt":"2016-09-08T12:50:16","guid":{"rendered":"http:\/\/www.tv2000.it\/newfarmers\/?page_id=5"},"modified":"2019-09-26T17:08:47","modified_gmt":"2019-09-26T15:08:47","slug":"il-programma","status":"publish","type":"page","link":"https:\/\/www.tv2000.it\/newfarmers\/il-programma\/","title":{"rendered":"Il programma"},"content":{"rendered":"<p style=\"text-align: justify;\"><strong><a href=\"http:\/\/www.tv2000.it\/newfarmers\/wp-content\/uploads\/sites\/37\/2016\/09\/franci-mucca.jpg\"><img class=\"alignleft wp-image-29 size-medium\" src=\"http:\/\/www.tv2000.it\/newfarmers\/wp-content\/uploads\/sites\/37\/2016\/09\/franci-mucca-300x169.jpg\" alt=\"franci-mucca\" width=\"300\" height=\"169\" srcset=\"https:\/\/www.tv2000.it\/newfarmers\/wp-content\/uploads\/sites\/37\/2016\/09\/franci-mucca-300x169.jpg 300w, https:\/\/www.tv2000.it\/newfarmers\/wp-content\/uploads\/sites\/37\/2016\/09\/franci-mucca-48x27.jpg 48w, https:\/\/www.tv2000.it\/newfarmers\/wp-content\/uploads\/sites\/37\/2016\/09\/franci-mucca-280x158.jpg 280w, https:\/\/www.tv2000.it\/newfarmers\/wp-content\/uploads\/sites\/37\/2016\/09\/franci-mucca.jpg 600w\" sizes=\"(max-width: 300px) 100vw, 300px\" \/><\/a><\/strong><\/p>\n<p>Quarta stagione del viaggio lungo l\u2019Italia per conoscere le storie di 12 imprenditori agricoli moderni, la loro storia, i progetti di innovazione per il futuro delle loro aziende.<\/p>\n<p>Realizzato attraverso un cofinanziamento dalla Commissione Europea, il programma entra all\u2019interno di realt\u00e0 locali e descrive le sfide che, oggi, gli imprenditori agricoli sono chiamati ad affrontare: cambiamenti climatici, produttivit\u00e0 e lavoro, sana alimentazione, tecnologia e digitalizzazione.<\/p>\n<p>L\u2019obiettivo \u00e8 condividere con i cittadini la ricchezza del patrimonio agricolo italiano e le iniziative portate avanti dalla Politica Agricola Comune, che vuole garantire a 11 milioni di agricoltori un tenore di vita decoroso e a 500 milioni di cittadini una fornitura regolare di prodotti alimentari sicuri.<\/p>\n<p>La&nbsp;stagione 2019\/2020 punta tutto sui temi legati alla sostenibilit\u00e0 coinvolgendo 12 protagonisti dei pi\u00f9 diversi settori agricoli che ci raccontano come vivono&nbsp;le sfide dell&#8217;agricoltura moderna, con una preferenza di ambientazioni nelle zone rurali dei parchi italiani, di aree protette, riserve naturali.&nbsp;<\/p>\n<p>La sostenibilit\u00e0 intesa come regola dell\u2019attivit\u00e0 economica e sociale \u00e8 una sfida globale ma, per quanto riguarda l\u2019agricoltura, oggi <strong>la sostenibilit\u00e0 \u00e8 insidiata da molti eventi:<\/strong><\/p>\n<ul>\n<li><em>accelerata distruzione di risorse naturali,<\/em><\/li>\n<li><em>agrobiodiversit\u00e0 in declino,<\/em><\/li>\n<li><em>cambiamenti climatici,<\/em><\/li>\n<li><em>emissione di gas serra in atmosfera,<\/em><\/li>\n<li><em>consumo di risorse idriche per l&#8217;irrigazione molto pi\u00f9 alto dei consumi industriali e civili,<\/em><\/li>\n<li><em>aumento dell&#8217;inquinamento di suolo, acqua e atmosfera.&nbsp;<\/em><\/li>\n<\/ul>\n<p>Il format prevede anche il coinvolgimento di 2 istituti alberghieri per la preparazione di ricette regionali, basate su alcuni ingredienti protagonisti delle puntate. L\u2019importanza di una alimentazione consapevole \u00e8 uno degli obiettivi chiave della Commissione Europea che intende incoraggiare sane abitudini alimentari gi\u00e0 da bambini, attraverso il consumo di alimenti di qualit\u00e0 prodotti in modo sostenibile e sicuro.&nbsp;Per questo in ogni puntata c\u2019\u00e8 anche il contributo di un nutrizionista che racconta alcune caratteristiche dei protagonisti delle puntate: per questo il progetto si avvale della collaborazione con l\u2019Istituto per la Promozione e la Valorizzazione della Dieta del Mediterraneo (<a href=\"http:\/\/www.istitutoidimed.com\/\">www.istitutoidimed.com<\/a>).<\/p>\n<p>Il programma \u00e8 condotto da Francesca Magnoni e sar\u00e0 in onda prossimamente su TV2000 (Canale 28 digitale terrestre, SKY canale 157, Tiv\u00f9sat 18).<\/p>\n<p>\u201cNew Farmers. Un viaggio tra i nuovi agricoltori\u201d&nbsp;(AGRI.2019-0194) \u00e8 una azione cofinanziata dalla Unione Europea ed \u00e8 visibile anche in streaming su&nbsp;<a href=\"http:\/\/www.tv2000.it\/live\">www.tv2000.it\/live<\/a>&nbsp;e on demand nel sito&nbsp;<a href=\"http:\/\/www.tv2000.it\/newfarmers\">www.tv2000.it\/newfarmers<\/a>&nbsp;oppure scaricando gratuitamente l\u2019App di Tv2000 da App Store e Play Store.<\/p>\n<p>Seguici su Facebook alla Pagina Facebook&nbsp;<a href=\"https:\/\/www.facebook.com\/newfarmersprogrammatv\/\">@newfarmersprogrammatv<\/a>&nbsp;e su Instagram newfarmers_tv<\/p>\n","protected":false},"excerpt":{"rendered":"Quarta stagione del viaggio lungo l\u2019Italia per conoscere le storie di 12 imprenditori agricoli moderni, la loro storia, i progetti di innovazione per il futuro delle loro aziende. Realizzato attraverso un cofinanziamento dalla Commissione Europea, il programma entra all\u2019interno di realt\u00e0 locali e descrive le sfide che, oggi, gli imprenditori agricoli sono chiamati ad affrontare: [&hellip;]","protected":false},"author":1,"featured_media":29,"parent":0,"menu_order":0,"comment_status":"open","ping_status":"open","template":"","meta":[],"acf":[],"aioseo_notices":[],"_links":{"self":[{"href":"https:\/\/www.tv2000.it\/newfarmers\/wp-json\/wp\/v2\/pages\/5"}],"collection":[{"href":"https:\/\/www.tv2000.it\/newfarmers\/wp-json\/wp\/v2\/pages"}],"about":[{"href":"https:\/\/www.tv2000.it\/newfarmers\/wp-json\/wp\/v2\/types\/page"}],"author":[{"embeddable":true,"href":"https:\/\/www.tv2000.it\/newfarmers\/wp-json\/wp\/v2\/users\/1"}],"replies":[{"embeddable":true,"href":"https:\/\/www.tv2000.it\/newfarmers\/wp-json\/wp\/v2\/comments?post=5"}],"version-history":[{"count":29,"href":"https:\/\/www.tv2000.it\/newfarmers\/wp-json\/wp\/v2\/pages\/5\/revisions"}],"predecessor-version":[{"id":466,"href":"https:\/\/www.tv2000.it\/newfarmers\/wp-json\/wp\/v2\/pages\/5\/revisions\/466"}],"wp:featuredmedia":[{"embeddable":true,"href":"https:\/\/www.tv2000.it\/newfarmers\/wp-json\/wp\/v2\/media\/29"}],"wp:attachment":[{"href":"https:\/\/www.tv2000.it\/newfarmers\/wp-json\/wp\/v2\/media?parent=5"}],"curies":[{"name":"wp","href":"https:\/\/api.w.org\/{rel}","templated":true}]}}