{"id":14597,"date":"2019-02-05T17:21:57","date_gmt":"2019-02-05T16:21:57","guid":{"rendered":"http:\/\/www.tv2000.it\/siamonoi\/?post_type=video&#038;p=14597"},"modified":"2019-02-06T18:52:53","modified_gmt":"2019-02-06T17:52:53","slug":"5-febbraio-2019-fine-vita-la-firma-del-manifesto-interreligioso","status":"publish","type":"video","link":"https:\/\/www.tv2000.it\/siamonoi\/video\/5-febbraio-2019-fine-vita-la-firma-del-manifesto-interreligioso\/","title":{"rendered":"5 febbraio 2019<br>Fine vita, Manifesto interreligioso"},"content":{"rendered":"<p>Un manifesto che definisce i diritti e garantisce, oltre alle cure, il rispetto della dignit\u00e0 e il supporto religioso e spirituale per chi si trova nella fase finale della vita in strutture sanitarie. \u00c8 il Manifesto Interreligioso dei Diritti nei Percorsi di Fine Vita che sar\u00e0 presentato il 5 febbraio nel Salone del Commendatore del Complesso Monumentale del Santo Spirito a Roma. Un lavoro importante frutto di una particolare sensibilit\u00e0 nei confronti del dialogo interreligioso in ambito sanitario. Siamo Noi ne parla con: Mons. Paolo Ricciardi, vescovo ausiliare e delegato del Centro per la pastorale sanitaria della diocesi di Roma; Abdellah Redouane, segretario generale Centro Islamico Culturale d\u2019Italia; Gaudenzio Fumarola, responsabile RSA Don Orione; don Carlo Abbate, assistente spirituale hospice Villa Speranza.<\/p>\n","protected":false},"featured_media":14598,"comment_status":"open","ping_status":"closed","template":"","tags":[],"class_list":["post-14597","video","type-video","status-publish","has-post-thumbnail","hentry","video_category-puntate-18-19"],"acf":[],"aioseo_notices":[],"url_youtube":"_tRkZ-NV9v4","featured_image_url":"https:\/\/i.ytimg.com\/vi\/_tRkZ-NV9v4\/mqdefault.jpg","_links":{"self":[{"href":"https:\/\/www.tv2000.it\/siamonoi\/wp-json\/wp\/v2\/video\/14597","targetHints":{"allow":["GET"]}}],"collection":[{"href":"https:\/\/www.tv2000.it\/siamonoi\/wp-json\/wp\/v2\/video"}],"about":[{"href":"https:\/\/www.tv2000.it\/siamonoi\/wp-json\/wp\/v2\/types\/video"}],"replies":[{"embeddable":true,"href":"https:\/\/www.tv2000.it\/siamonoi\/wp-json\/wp\/v2\/comments?post=14597"}],"wp:featuredmedia":[{"embeddable":true,"href":"https:\/\/www.tv2000.it\/siamonoi\/wp-json\/wp\/v2\/media\/14598"}],"wp:attachment":[{"href":"https:\/\/www.tv2000.it\/siamonoi\/wp-json\/wp\/v2\/media?parent=14597"}],"wp:term":[{"taxonomy":"post_tag","embeddable":true,"href":"https:\/\/www.tv2000.it\/siamonoi\/wp-json\/wp\/v2\/tags?post=14597"}],"curies":[{"name":"wp","href":"https:\/\/api.w.org\/{rel}","templated":true}]}}

<p>Un manifesto che definisce i diritti e garantisce, oltre alle cure, il rispetto della dignità e il supporto religioso e spirituale per chi si trova nella fase finale della vita in strutture sanitarie. È il Manifesto Interreligioso dei Diritti nei Percorsi di Fine Vita che sarà presentato il 5 febbraio nel Salone del Commendatore del Complesso Monumentale del Santo Spirito a Roma. Un lavoro importante frutto di una particolare sensibilità nei confronti del dialogo interreligioso in ambito sanitario. Siamo Noi ne parla con: Mons. Paolo Ricciardi, vescovo ausiliare e delegato del Centro per la pastorale sanitaria della diocesi di Roma; Abdellah Redouane, segretario generale Centro Islamico Culturale d’Italia; Gaudenzio Fumarola, responsabile RSA Don Orione; don Carlo Abbate, assistente spirituale hospice Villa Speranza.</p>
