{"id":18808,"date":"2022-01-17T17:38:28","date_gmt":"2022-01-17T16:38:28","guid":{"rendered":"http:\/\/www.tv2000.it\/siamonoi\/?post_type=video&#038;p=18808"},"modified":"2022-01-17T17:38:28","modified_gmt":"2022-01-17T16:38:28","slug":"io-mio-figlio-e-il-disturbo-psichico-intervista-a-stefano-rulli","status":"publish","type":"video","link":"https:\/\/www.tv2000.it\/siamonoi\/video\/io-mio-figlio-e-il-disturbo-psichico-intervista-a-stefano-rulli\/","title":{"rendered":"&#8220;Io, mio figlio e il disturbo psichico&#8221; intervista a Stefano Rulli"},"content":{"rendered":"<p>Stefano Rulli \u00e8 il pap\u00e0 di Matteo,44 anni, affetto da una forma di schizofrenia con tratti autistici. &#8220;Matteo aveva paura di tutto, non dormiva di notte, aveva dei momenti di aggressivit\u00e0 contro s\u00e9 stesso e contro gli altri. La mia prima reazione, quando scopr\u00ec la malattia fu una incomprensibile vergogna&#8221;. Il servizio \u00e8 di Marta Manzo.<\/p>\n","protected":false},"featured_media":18809,"comment_status":"open","ping_status":"closed","template":"","tags":[],"class_list":["post-18808","video","type-video","status-publish","has-post-thumbnail","hentry","video_category-storie-21-22"],"acf":[],"aioseo_notices":[],"url_youtube":"Zkmzpqnl9IY","featured_image_url":"https:\/\/i.ytimg.com\/vi\/Zkmzpqnl9IY\/mqdefault.jpg","_links":{"self":[{"href":"https:\/\/www.tv2000.it\/siamonoi\/wp-json\/wp\/v2\/video\/18808","targetHints":{"allow":["GET"]}}],"collection":[{"href":"https:\/\/www.tv2000.it\/siamonoi\/wp-json\/wp\/v2\/video"}],"about":[{"href":"https:\/\/www.tv2000.it\/siamonoi\/wp-json\/wp\/v2\/types\/video"}],"replies":[{"embeddable":true,"href":"https:\/\/www.tv2000.it\/siamonoi\/wp-json\/wp\/v2\/comments?post=18808"}],"wp:featuredmedia":[{"embeddable":true,"href":"https:\/\/www.tv2000.it\/siamonoi\/wp-json\/wp\/v2\/media\/18809"}],"wp:attachment":[{"href":"https:\/\/www.tv2000.it\/siamonoi\/wp-json\/wp\/v2\/media?parent=18808"}],"wp:term":[{"taxonomy":"post_tag","embeddable":true,"href":"https:\/\/www.tv2000.it\/siamonoi\/wp-json\/wp\/v2\/tags?post=18808"}],"curies":[{"name":"wp","href":"https:\/\/api.w.org\/{rel}","templated":true}]}}

<p>Stefano Rulli è il papà di Matteo,44 anni, affetto da una forma di schizofrenia con tratti autistici. &#8220;Matteo aveva paura di tutto, non dormiva di notte, aveva dei momenti di aggressività contro sé stesso e contro gli altri. La mia prima reazione, quando scoprì la malattia fu una incomprensibile vergogna&#8221;. Il servizio è di Marta Manzo.</p>
