{"id":8,"date":"2016-09-30T12:48:38","date_gmt":"2016-09-30T10:48:38","guid":{"rendered":"http:\/\/www.tv2000.it\/terzapagina\/?page_id=8"},"modified":"2018-09-19T13:34:32","modified_gmt":"2018-09-19T11:34:32","slug":"il-programma","status":"publish","type":"page","link":"https:\/\/www.tv2000.it\/terzapagina\/il-programma\/","title":{"rendered":"Il programma"},"content":{"rendered":"<p><a href=\"http:\/\/www.tv2000.it\/terzapagina\/wp-content\/uploads\/sites\/40\/2016\/09\/libri.jpg\"><img decoding=\"async\" class=\"alignleft wp-image-63 size-medium\" src=\"http:\/\/www.tv2000.it\/terzapagina\/wp-content\/uploads\/sites\/40\/2016\/09\/libri-300x200.jpg\" alt=\"libri\" width=\"300\" height=\"200\" srcset=\"https:\/\/www.tv2000.it\/terzapagina\/wp-content\/uploads\/sites\/40\/2016\/09\/libri-300x200.jpg 300w, https:\/\/www.tv2000.it\/terzapagina\/wp-content\/uploads\/sites\/40\/2016\/09\/libri-41x27.jpg 41w, https:\/\/www.tv2000.it\/terzapagina\/wp-content\/uploads\/sites\/40\/2016\/09\/libri-280x186.jpg 280w, https:\/\/www.tv2000.it\/terzapagina\/wp-content\/uploads\/sites\/40\/2016\/09\/libri.jpg 500w\" sizes=\"(max-width: 300px) 100vw, 300px\" \/><\/a><\/p>\n<p>Lo spazio di approfondimento culturale della rete si rif\u00e0 il look e si allunga.<br \/>\nLa nuova edizione, in onda tutti i giorni in coda al telegiornale delle 12 e di durata tra i 4 e i 5 minuti, cerca di somigliare sempre pi\u00f9 a un piccolo tg culturale imperniato su due servizi: il primo pi\u00f9 di attualit\u00e0, il secondo con un taglio di maggiore approfondimento.<br \/>\nSpazio come sempre a libri, musica, arti figurative, architettura e a grandi e piccoli eventi dove la cultura si sposa alla creativit\u00e0 di un territorio.<br \/>\nPer la stagione 2018-2019 torna il magazine settimanale con il meglio delle edizioni quotidiane e la possibilit\u00e0 di brevi speciali legati a eventi e a fenomeni stimolanti e sempre pi\u00f9 rilevanti come il turismo culturale.<br \/>\nPrevisto un parziale restyling grafico che rafforza il legame, anche visuale, con Tg2000.<\/p>\n<p>Scritto e condotto da Saverio Simonelli<br \/>\nTutti i giorni in coda al Tg ore 12<\/p>\n","protected":false},"excerpt":{"rendered":"Lo spazio di approfondimento culturale della rete si rif\u00e0 il look e si allunga. La nuova edizione, in onda tutti i giorni in coda al telegiornale delle 12 e di durata tra i 4 e i 5 minuti, cerca di somigliare sempre pi\u00f9 a un piccolo tg culturale imperniato su due servizi: il primo pi\u00f9 [&hellip;]","protected":false},"author":1,"featured_media":0,"parent":0,"menu_order":0,"comment_status":"open","ping_status":"open","template":"","meta":{"_acf_changed":false,"footnotes":""},"class_list":["post-8","page","type-page","status-publish","hentry"],"acf":[],"aioseo_notices":[],"_links":{"self":[{"href":"https:\/\/www.tv2000.it\/terzapagina\/wp-json\/wp\/v2\/pages\/8","targetHints":{"allow":["GET"]}}],"collection":[{"href":"https:\/\/www.tv2000.it\/terzapagina\/wp-json\/wp\/v2\/pages"}],"about":[{"href":"https:\/\/www.tv2000.it\/terzapagina\/wp-json\/wp\/v2\/types\/page"}],"author":[{"embeddable":true,"href":"https:\/\/www.tv2000.it\/terzapagina\/wp-json\/wp\/v2\/users\/1"}],"replies":[{"embeddable":true,"href":"https:\/\/www.tv2000.it\/terzapagina\/wp-json\/wp\/v2\/comments?post=8"}],"version-history":[{"count":7,"href":"https:\/\/www.tv2000.it\/terzapagina\/wp-json\/wp\/v2\/pages\/8\/revisions"}],"predecessor-version":[{"id":1076,"href":"https:\/\/www.tv2000.it\/terzapagina\/wp-json\/wp\/v2\/pages\/8\/revisions\/1076"}],"wp:attachment":[{"href":"https:\/\/www.tv2000.it\/terzapagina\/wp-json\/wp\/v2\/media?parent=8"}],"curies":[{"name":"wp","href":"https:\/\/api.w.org\/{rel}","templated":true}]}}

<p><a href="http://www.tv2000.it/terzapagina/wp-content/uploads/sites/40/2016/09/libri.jpg"><img decoding="async" class="alignleft wp-image-63 size-medium" src="http://www.tv2000.it/terzapagina/wp-content/uploads/sites/40/2016/09/libri-300x200.jpg" alt="libri" width="300" height="200" srcset="https://www.tv2000.it/terzapagina/wp-content/uploads/sites/40/2016/09/libri-300x200.jpg 300w, https://www.tv2000.it/terzapagina/wp-content/uploads/sites/40/2016/09/libri-41x27.jpg 41w, https://www.tv2000.it/terzapagina/wp-content/uploads/sites/40/2016/09/libri-280x186.jpg 280w, https://www.tv2000.it/terzapagina/wp-content/uploads/sites/40/2016/09/libri.jpg 500w" sizes="(max-width: 300px) 100vw, 300px" /></a></p>
<p>Lo spazio di approfondimento culturale della rete si rifà il look e si allunga.<br />
La nuova edizione, in onda tutti i giorni in coda al telegiornale delle 12 e di durata tra i 4 e i 5 minuti, cerca di somigliare sempre più a un piccolo tg culturale imperniato su due servizi: il primo più di attualità, il secondo con un taglio di maggiore approfondimento.<br />
Spazio come sempre a libri, musica, arti figurative, architettura e a grandi e piccoli eventi dove la cultura si sposa alla creatività di un territorio.<br />
Per la stagione 2018-2019 torna il magazine settimanale con il meglio delle edizioni quotidiane e la possibilità di brevi speciali legati a eventi e a fenomeni stimolanti e sempre più rilevanti come il turismo culturale.<br />
Previsto un parziale restyling grafico che rafforza il legame, anche visuale, con Tg2000.</p>
<p>Scritto e condotto da Saverio Simonelli<br />
Tutti i giorni in coda al Tg ore 12</p>

Lo spazio di approfondimento culturale della rete si rifà il look e si allunga. La nuova edizione, in onda tutti i giorni in coda al telegiornale delle 12 e di durata tra i 4 e i 5 minuti, cerca di somigliare sempre più a un piccolo tg culturale imperniato su due servizi: il primo più [&hellip;]
