{"id":144,"date":"2014-06-16T18:19:49","date_gmt":"2014-06-16T16:19:49","guid":{"rendered":"http:\/\/www.tv2000.it\/tg2000\/video\/tg2000-post-porte-aperte-di-fabio-bolzetta\/"},"modified":"2014-06-16T18:19:49","modified_gmt":"2014-06-16T16:19:49","slug":"tg2000-post-porte-aperte-di-fabio-bolzetta","status":"publish","type":"video","link":"https:\/\/www.tv2000.it\/tg2000\/video\/tg2000-post-porte-aperte-di-fabio-bolzetta\/","title":{"rendered":"TG2000 POST &#8211; &#8220;Porte Aperte&#8221; di Fabio Bolzetta"},"content":{"rendered":"<div class=\"fluid-embed-container\"><iframe title=\"TG2000 POST - &quot;Porte Aperte&quot; di Fabio Bolzetta\" width=\"640\" height=\"360\" src=\"https:\/\/www.youtube.com\/embed\/gM2nYH2XQPU?feature=oembed\" frameborder=\"0\" allow=\"accelerometer; autoplay; clipboard-write; encrypted-media; gyroscope; picture-in-picture; web-share\" referrerpolicy=\"strict-origin-when-cross-origin\" allowfullscreen><\/iframe><\/div>\n<p>Servire, accompagnare e difendere. Papa Francesco non ha dubbi quando, il 10 settembre scorso, visita il Centro Astalli, la &#8216;casa&#8217; per i rifugiati, istituita 30 anni fa, dall&#8217;ordine dei gesuiti a Roma. &#8216;Non dobbiamo avere paura delle differenze&#8217; ricorda e mentre era in corso il servizio di mensa per i frequentatori del centro ha ascoltato e conosciuto le loro storie. Pronunciando parole che hanno fatto il giro del mondo: &#8220;I conventi vuoti non sono nostri&#8221; e aggiunge bisogna aprirsi &#8220;con generosit\u00e0 e coraggio all&#8217;accoglienza&#8221; proprio all&#8217;interno dei conventi vuoti. &#8220;Facciamo tanto, sottolinea il Papa forse siamo chiamati a fare di pi\u00f9&#8221;.  E cos\u00ec, germogliando in questi mesi, \u00e8 proprio nella Diocesi del Papa, che si spalancano le prime porte all&#8217;accoglienza. Nella casa generalizia delle Suore della Carit\u00e0 di Santa Giovanna Antida Touret, nel cuore della Capitale, una foresteria \u00e8 diventata ora una vera e propria dimora. Due camere singole, una doppia per una mamma, un salone ed una cucina. Per \u00f2&#8217;ordine, vicino da sempre ai bisognosi in 27 paesi del mondo,  e che ha scelto un quarto voto, il servizio ai poveri, le parole di papa Francesco hanno fatto maturare la volont\u00e0 di esprimere un segno concreto anche qui. Il capitolo generale, all&#8217;unanimit\u00e0 ha deciso e dopo i lavori di ristrutturazione appena conclusi, 65 suore si apprestano ad accogliere e a convivere con le prime donne rifugiate, in un periodo di accompagnamento prima della completa autonomia.  Ci spostiamo nella sede provinciale delle Suore di San Giuseppe di Chambery, qui durante la seconda guerra mondiale, per volere di Pio XII, il convento apr\u00ec le sue porte per nascondere gli ebrei dalla furia delle persecuzione. Oggi, nella stessa struttura fondata nel 1936, invece, sono due ragazzi rifugiati di origine ganese ad aver trovato una nuova casa. Qui, vive Lemin. Ha quasi 19 anni ma dal Gambia \u00e8 arrivato ancora minorenne. Ha appena finito il suo turno. Lavora di notte e ci tiene a raccontarci quanto ha imparato nel suo lavoro in un forno vicino. Arrivato in Grecia, il suo sogno d&#8217;Italia ha la soffocante dimensione del camion che in un viaggio durato tre giorni consecutivi, lo ha condotto qui nascosto assieme ad altre quattro persone. Oggi la sua vita \u00e8 diversa. Ma ha capito che, dopo un mestiere, deve adesso imparare a vivere. Per papa Francesco, servire significa chinarsi verso gli altri senza calcoli n\u00e8 timore ma con tenerezza e comprensione. E cos\u00ec, nella sede provinciale per l&#8217;Italia, c&#8217;\u00e8 stato un benvenuto speciale. Ogni luned\u00ec, una consorella si dedica come infermiera volontaria al centro Astalli che svolge la prima accoglienza, ogni anno per 16mila migranti nei suoi centri di Vicenza, Trento, Catania e Palermo, e per 21mila soltanto a Roma. Mentre le parole di papa Francesco per conventi vuoti che si aprano all&#8217;accoglienza dei rifugiati diventano concreta speranza. Nonostante le difficolt\u00e0 anche all&#8217;interno della Chiesa Con una domanda che interroga oggi la comunit\u00e0 intera sul coraggio dell&#8217;accoglienza.<\/p>\n","protected":false},"featured_media":145,"comment_status":"open","ping_status":"open","template":"","tags":[],"class_list":["post-144","video","type-video","status-publish","has-post-thumbnail","hentry","video_category-tg2000-il-post","tipologia-puntate-complete"],"acf":[],"aioseo_notices":[],"url_youtube":null,"_links":{"self":[{"href":"https:\/\/www.tv2000.it\/tg2000\/wp-json\/wp\/v2\/video\/144","targetHints":{"allow":["GET"]}}],"collection":[{"href":"https:\/\/www.tv2000.it\/tg2000\/wp-json\/wp\/v2\/video"}],"about":[{"href":"https:\/\/www.tv2000.it\/tg2000\/wp-json\/wp\/v2\/types\/video"}],"replies":[{"embeddable":true,"href":"https:\/\/www.tv2000.it\/tg2000\/wp-json\/wp\/v2\/comments?post=144"}],"wp:featuredmedia":[{"embeddable":true,"href":"https:\/\/www.tv2000.it\/tg2000\/wp-json\/wp\/v2\/media\/145"}],"wp:attachment":[{"href":"https:\/\/www.tv2000.it\/tg2000\/wp-json\/wp\/v2\/media?parent=144"}],"wp:term":[{"taxonomy":"post_tag","embeddable":true,"href":"https:\/\/www.tv2000.it\/tg2000\/wp-json\/wp\/v2\/tags?post=144"}],"curies":[{"name":"wp","href":"https:\/\/api.w.org\/{rel}","templated":true}]}}

<div class="fluid-embed-container"><iframe title="TG2000 POST - &quot;Porte Aperte&quot; di Fabio Bolzetta" width="640" height="360" src="https://www.youtube.com/embed/gM2nYH2XQPU?feature=oembed" frameborder="0" allow="accelerometer; autoplay; clipboard-write; encrypted-media; gyroscope; picture-in-picture; web-share" referrerpolicy="strict-origin-when-cross-origin" allowfullscreen></iframe></div>
<p>Servire, accompagnare e difendere. Papa Francesco non ha dubbi quando, il 10 settembre scorso, visita il Centro Astalli, la &#8216;casa&#8217; per i rifugiati, istituita 30 anni fa, dall&#8217;ordine dei gesuiti a Roma. &#8216;Non dobbiamo avere paura delle differenze&#8217; ricorda e mentre era in corso il servizio di mensa per i frequentatori del centro ha ascoltato e conosciuto le loro storie. Pronunciando parole che hanno fatto il giro del mondo: &#8220;I conventi vuoti non sono nostri&#8221; e aggiunge bisogna aprirsi &#8220;con generosità e coraggio all&#8217;accoglienza&#8221; proprio all&#8217;interno dei conventi vuoti. &#8220;Facciamo tanto, sottolinea il Papa forse siamo chiamati a fare di più&#8221;.  E così, germogliando in questi mesi, è proprio nella Diocesi del Papa, che si spalancano le prime porte all&#8217;accoglienza. Nella casa generalizia delle Suore della Carità di Santa Giovanna Antida Touret, nel cuore della Capitale, una foresteria è diventata ora una vera e propria dimora. Due camere singole, una doppia per una mamma, un salone ed una cucina. Per ò&#8217;ordine, vicino da sempre ai bisognosi in 27 paesi del mondo,  e che ha scelto un quarto voto, il servizio ai poveri, le parole di papa Francesco hanno fatto maturare la volontà di esprimere un segno concreto anche qui. Il capitolo generale, all&#8217;unanimità ha deciso e dopo i lavori di ristrutturazione appena conclusi, 65 suore si apprestano ad accogliere e a convivere con le prime donne rifugiate, in un periodo di accompagnamento prima della completa autonomia.  Ci spostiamo nella sede provinciale delle Suore di San Giuseppe di Chambery, qui durante la seconda guerra mondiale, per volere di Pio XII, il convento aprì le sue porte per nascondere gli ebrei dalla furia delle persecuzione. Oggi, nella stessa struttura fondata nel 1936, invece, sono due ragazzi rifugiati di origine ganese ad aver trovato una nuova casa. Qui, vive Lemin. Ha quasi 19 anni ma dal Gambia è arrivato ancora minorenne. Ha appena finito il suo turno. Lavora di notte e ci tiene a raccontarci quanto ha imparato nel suo lavoro in un forno vicino. Arrivato in Grecia, il suo sogno d&#8217;Italia ha la soffocante dimensione del camion che in un viaggio durato tre giorni consecutivi, lo ha condotto qui nascosto assieme ad altre quattro persone. Oggi la sua vita è diversa. Ma ha capito che, dopo un mestiere, deve adesso imparare a vivere. Per papa Francesco, servire significa chinarsi verso gli altri senza calcoli nè timore ma con tenerezza e comprensione. E così, nella sede provinciale per l&#8217;Italia, c&#8217;è stato un benvenuto speciale. Ogni lunedì, una consorella si dedica come infermiera volontaria al centro Astalli che svolge la prima accoglienza, ogni anno per 16mila migranti nei suoi centri di Vicenza, Trento, Catania e Palermo, e per 21mila soltanto a Roma. Mentre le parole di papa Francesco per conventi vuoti che si aprano all&#8217;accoglienza dei rifugiati diventano concreta speranza. Nonostante le difficoltà anche all&#8217;interno della Chiesa Con una domanda che interroga oggi la comunità intera sul coraggio dell&#8217;accoglienza.</p>
