{"id":3003,"date":"2015-06-20T20:36:44","date_gmt":"2015-06-20T18:36:44","guid":{"rendered":"http:\/\/www.tv2000.it\/tg2000\/?p=3003"},"modified":"2015-06-21T10:51:49","modified_gmt":"2015-06-21T08:51:49","slug":"la-manifestazione-del-20-giugno-a-romadifendiamo-i-nostri-figli-la-replica-di-don-ivan-maffeis-a-kiko-arguello","status":"publish","type":"video","link":"https:\/\/www.tv2000.it\/tg2000\/video\/la-manifestazione-del-20-giugno-a-romadifendiamo-i-nostri-figli-la-replica-di-don-ivan-maffeis-a-kiko-arguello\/","title":{"rendered":"La manifestazione del 20 giugno a Roma:&#8221;Difendiamo i nostri figli&#8221;. La replica di don Ivan Maffeis a Kiko Arguello"},"content":{"rendered":"<p>Un milione di persone da tutta Italia ha accolto l\u2019invito del Comitato &#8221;Difendiamo i nostri figli&#8221;. E&#8217; stato un momento intenso e di festa. Tra i manifestanti centinaia di famiglie, bambini e giovani nonostante il temporale estivo che si \u00e8 abbattuto su Roma. &#8220;Siamo un milione&#8221; afferma il portavoce del comitato &#8220;Difendiamo i nostri figli!&#8221; Massimo Gandolfini. &#8220;Con questo evento &#8211; ha spiegato &#8211; chiediamo che si tuteli e si rispetti la famiglia fondata sul matrimonio e si ribadisca il ruolo centrale dei genitori. Rigettiamo con forza il tentativo di infiltrare nelle scuole progetti educativi che mirano alla destrutturazione dell&#8217;identit\u00e0 sessuale dei bambini. Sono teorie senza basi scientifiche&#8221;. <\/p>\n<p>Unica nota stonata un\u2019affermazione di Kiko Arg\u00fcello, iniziatore del cammino neocatecumenale: \u201cSembra che il segretario della Cei abbia detto altro ma il Santo Padre sta con noi &#8211; ha detto Arg\u00fcello dal palco -. Ho scritto al Santo Padre, dopo aver ricevuto le lettere di alcune famiglie &#8211; ha aggiunto &#8211; e il Papa mi ha risposto quando, domenica scorsa, ha detto che ci sono ideologie che colonizzano le famiglie e contro cui bisogna agire. Qualcuno sbaglia se pensa che non gli piacciono i cortei\u201d. Pronta la replica di don Ivan Maffeis, direttore dell\u2019Ufficio nazionale per le comunicazioni sociali della Cei, che dichiara al Sir: \u201cPiazza viva! Nel suo intervento Arg\u00fcello si \u00e8, per\u00f2, reso protagonista di una caduta di stile gratuita e grave. Contrapporre il Papa alla Cei e, nel caso specifico, al suo segretario generale \u00e8 strumentale e non veritiero\u201d.<\/p>\n","protected":false},"featured_media":3004,"comment_status":"closed","ping_status":"closed","template":"","tags":[],"class_list":["post-3003","video","type-video","status-publish","has-post-thumbnail","hentry","video_category-attualita","video_category-chiesa","video_category-famiglia","video_category-news","tipologia-expost"],"acf":[],"aioseo_notices":[],"url_youtube":null,"_links":{"self":[{"href":"https:\/\/www.tv2000.it\/tg2000\/wp-json\/wp\/v2\/video\/3003","targetHints":{"allow":["GET"]}}],"collection":[{"href":"https:\/\/www.tv2000.it\/tg2000\/wp-json\/wp\/v2\/video"}],"about":[{"href":"https:\/\/www.tv2000.it\/tg2000\/wp-json\/wp\/v2\/types\/video"}],"replies":[{"embeddable":true,"href":"https:\/\/www.tv2000.it\/tg2000\/wp-json\/wp\/v2\/comments?post=3003"}],"wp:featuredmedia":[{"embeddable":true,"href":"https:\/\/www.tv2000.it\/tg2000\/wp-json\/wp\/v2\/media\/3004"}],"wp:attachment":[{"href":"https:\/\/www.tv2000.it\/tg2000\/wp-json\/wp\/v2\/media?parent=3003"}],"wp:term":[{"taxonomy":"post_tag","embeddable":true,"href":"https:\/\/www.tv2000.it\/tg2000\/wp-json\/wp\/v2\/tags?post=3003"}],"curies":[{"name":"wp","href":"https:\/\/api.w.org\/{rel}","templated":true}]}}

<p>Un milione di persone da tutta Italia ha accolto l’invito del Comitato &#8221;Difendiamo i nostri figli&#8221;. E&#8217; stato un momento intenso e di festa. Tra i manifestanti centinaia di famiglie, bambini e giovani nonostante il temporale estivo che si è abbattuto su Roma. &#8220;Siamo un milione&#8221; afferma il portavoce del comitato &#8220;Difendiamo i nostri figli!&#8221; Massimo Gandolfini. &#8220;Con questo evento &#8211; ha spiegato &#8211; chiediamo che si tuteli e si rispetti la famiglia fondata sul matrimonio e si ribadisca il ruolo centrale dei genitori. Rigettiamo con forza il tentativo di infiltrare nelle scuole progetti educativi che mirano alla destrutturazione dell&#8217;identità sessuale dei bambini. Sono teorie senza basi scientifiche&#8221;. </p>
<p>Unica nota stonata un’affermazione di Kiko Argüello, iniziatore del cammino neocatecumenale: “Sembra che il segretario della Cei abbia detto altro ma il Santo Padre sta con noi &#8211; ha detto Argüello dal palco -. Ho scritto al Santo Padre, dopo aver ricevuto le lettere di alcune famiglie &#8211; ha aggiunto &#8211; e il Papa mi ha risposto quando, domenica scorsa, ha detto che ci sono ideologie che colonizzano le famiglie e contro cui bisogna agire. Qualcuno sbaglia se pensa che non gli piacciono i cortei”. Pronta la replica di don Ivan Maffeis, direttore dell’Ufficio nazionale per le comunicazioni sociali della Cei, che dichiara al Sir: “Piazza viva! Nel suo intervento Argüello si è, però, reso protagonista di una caduta di stile gratuita e grave. Contrapporre il Papa alla Cei e, nel caso specifico, al suo segretario generale è strumentale e non veritiero”.</p>
