{"id":36476,"date":"2018-06-28T21:19:22","date_gmt":"2018-06-28T19:19:22","guid":{"rendered":"http:\/\/www.tv2000.it\/tg2000\/?post_type=video&#038;p=36476"},"modified":"2018-06-28T21:19:22","modified_gmt":"2018-06-28T19:19:22","slug":"banche-il-conto-base-per-i-meno-abbienti","status":"publish","type":"video","link":"https:\/\/www.tv2000.it\/tg2000\/video\/banche-il-conto-base-per-i-meno-abbienti\/","title":{"rendered":"Banche: il conto base per i meno abbienti"},"content":{"rendered":"<p>Aumenti in bolletta di luce e gas a partire dal primo luglio 2018. Lo ha deciso l&#8217;autorit\u00e0 di regolazione per l&#8217;energia reti e ambiente. Per l&#8217;elettricit\u00e0 il rincaro \u00e8 del 6,5%, mentre per il metano dell&#8217;8,2%. Secondo l&#8217;Unione nazionale consumatori, ci\u00f2 significa che una famiglia tipo si trover\u00e0 a pagare su base annua 33,5 euro in pi\u00f9 per la luce e 83,5 euro in pi\u00f9 per il gas. Una \u00abstangata complessiva pari a 117 euro\u00bb. Servizio di Giuseppe Caporaso<\/p>\n","protected":false},"featured_media":36477,"comment_status":"closed","ping_status":"closed","template":"","tags":[],"class_list":["post-36476","video","type-video","status-publish","has-post-thumbnail","hentry","video_category-economia","video_category-news"],"acf":[],"aioseo_notices":[],"url_youtube":"YxCLu4xX0uw","featured_image_url":"https:\/\/i.ytimg.com\/vi\/YxCLu4xX0uw\/mqdefault.jpg","_links":{"self":[{"href":"https:\/\/www.tv2000.it\/tg2000\/wp-json\/wp\/v2\/video\/36476","targetHints":{"allow":["GET"]}}],"collection":[{"href":"https:\/\/www.tv2000.it\/tg2000\/wp-json\/wp\/v2\/video"}],"about":[{"href":"https:\/\/www.tv2000.it\/tg2000\/wp-json\/wp\/v2\/types\/video"}],"replies":[{"embeddable":true,"href":"https:\/\/www.tv2000.it\/tg2000\/wp-json\/wp\/v2\/comments?post=36476"}],"wp:featuredmedia":[{"embeddable":true,"href":"https:\/\/www.tv2000.it\/tg2000\/wp-json\/wp\/v2\/media\/36477"}],"wp:attachment":[{"href":"https:\/\/www.tv2000.it\/tg2000\/wp-json\/wp\/v2\/media?parent=36476"}],"wp:term":[{"taxonomy":"post_tag","embeddable":true,"href":"https:\/\/www.tv2000.it\/tg2000\/wp-json\/wp\/v2\/tags?post=36476"}],"curies":[{"name":"wp","href":"https:\/\/api.w.org\/{rel}","templated":true}]}}

<p>Aumenti in bolletta di luce e gas a partire dal primo luglio 2018. Lo ha deciso l&#8217;autorità di regolazione per l&#8217;energia reti e ambiente. Per l&#8217;elettricità il rincaro è del 6,5%, mentre per il metano dell&#8217;8,2%. Secondo l&#8217;Unione nazionale consumatori, ciò significa che una famiglia tipo si troverà a pagare su base annua 33,5 euro in più per la luce e 83,5 euro in più per il gas. Una «stangata complessiva pari a 117 euro». Servizio di Giuseppe Caporaso</p>
