{"id":41024,"date":"2018-11-12T12:54:42","date_gmt":"2018-11-12T11:54:42","guid":{"rendered":"http:\/\/www.tv2000.it\/tg2000\/?post_type=video&#038;p=41024"},"modified":"2018-11-13T18:10:59","modified_gmt":"2018-11-13T17:10:59","slug":"la-comunita-di-bose-compie-50-anni-enzo-bianchi-al-servizio-delle-chiese-cristiane-per-lunita","status":"publish","type":"video","link":"https:\/\/www.tv2000.it\/tg2000\/video\/la-comunita-di-bose-compie-50-anni-enzo-bianchi-al-servizio-delle-chiese-cristiane-per-lunita\/","title":{"rendered":"Comunit\u00e0 di Bose compie 50 anni. Bianchi: al servizio delle chiese cristiane per l&#8217;unit\u00e0"},"content":{"rendered":"<p>Compie cinquant&#8217;anni la Comunit\u00e0 di Bose, fondata da Enzo Bianchi, che festeggia tra le sedi in Italia e a Gerusalemme questa importante ricorrenza. Servizio di Gian Marco Ricciardi<\/p>\n","protected":false},"featured_media":41025,"comment_status":"closed","ping_status":"closed","template":"","tags":[],"class_list":["post-41024","video","type-video","status-publish","has-post-thumbnail","hentry","video_category-attualita","video_category-news"],"acf":[],"aioseo_notices":[],"url_youtube":"i46FU8_1KqA","featured_image_url":"https:\/\/i.ytimg.com\/vi\/i46FU8_1KqA\/mqdefault.jpg","_links":{"self":[{"href":"https:\/\/www.tv2000.it\/tg2000\/wp-json\/wp\/v2\/video\/41024","targetHints":{"allow":["GET"]}}],"collection":[{"href":"https:\/\/www.tv2000.it\/tg2000\/wp-json\/wp\/v2\/video"}],"about":[{"href":"https:\/\/www.tv2000.it\/tg2000\/wp-json\/wp\/v2\/types\/video"}],"replies":[{"embeddable":true,"href":"https:\/\/www.tv2000.it\/tg2000\/wp-json\/wp\/v2\/comments?post=41024"}],"wp:featuredmedia":[{"embeddable":true,"href":"https:\/\/www.tv2000.it\/tg2000\/wp-json\/wp\/v2\/media\/41025"}],"wp:attachment":[{"href":"https:\/\/www.tv2000.it\/tg2000\/wp-json\/wp\/v2\/media?parent=41024"}],"wp:term":[{"taxonomy":"post_tag","embeddable":true,"href":"https:\/\/www.tv2000.it\/tg2000\/wp-json\/wp\/v2\/tags?post=41024"}],"curies":[{"name":"wp","href":"https:\/\/api.w.org\/{rel}","templated":true}]}}

Comunità di Bose compie 50 anni. Bianchi: al servizio delle chiese cristiane per l&#8217;unità

<p>Compie cinquant&#8217;anni la Comunità di Bose, fondata da Enzo Bianchi, che festeggia tra le sedi in Italia e a Gerusalemme questa importante ricorrenza. Servizio di Gian Marco Ricciardi</p>
