{"id":41296,"date":"2018-11-19T13:04:17","date_gmt":"2018-11-19T12:04:17","guid":{"rendered":"http:\/\/www.tv2000.it\/tg2000\/?post_type=video&#038;p=41296"},"modified":"2018-11-19T13:04:32","modified_gmt":"2018-11-19T12:04:32","slug":"qualita-della-vita-la-classifica-delle-citta-italiane-da-bolzano-a-vibo-valentia","status":"publish","type":"video","link":"https:\/\/www.tv2000.it\/tg2000\/video\/qualita-della-vita-la-classifica-delle-citta-italiane-da-bolzano-a-vibo-valentia\/","title":{"rendered":"Qualit\u00e0 della vita, la classifica delle citt\u00e0 italiane: da Bolzano a Vibo Valentia"},"content":{"rendered":"<p>Nella classifica della qualit\u00e0 della vita nelle citt\u00e0 italiane, Bolzano resta la capofila, Vibo Valentia fanalino di coda. E la capitale perde di colpo 18 posizioni e scivola all\u201985esimo posto. Servizio di Fabio Bolzetta<\/p>\n","protected":false},"featured_media":41297,"comment_status":"closed","ping_status":"closed","template":"","tags":[],"class_list":["post-41296","video","type-video","status-publish","has-post-thumbnail","hentry","video_category-attualita"],"acf":[],"aioseo_notices":[],"url_youtube":"yslybwAyKh4","featured_image_url":"https:\/\/i.ytimg.com\/vi\/yslybwAyKh4\/mqdefault.jpg","_links":{"self":[{"href":"https:\/\/www.tv2000.it\/tg2000\/wp-json\/wp\/v2\/video\/41296","targetHints":{"allow":["GET"]}}],"collection":[{"href":"https:\/\/www.tv2000.it\/tg2000\/wp-json\/wp\/v2\/video"}],"about":[{"href":"https:\/\/www.tv2000.it\/tg2000\/wp-json\/wp\/v2\/types\/video"}],"replies":[{"embeddable":true,"href":"https:\/\/www.tv2000.it\/tg2000\/wp-json\/wp\/v2\/comments?post=41296"}],"wp:featuredmedia":[{"embeddable":true,"href":"https:\/\/www.tv2000.it\/tg2000\/wp-json\/wp\/v2\/media\/41297"}],"wp:attachment":[{"href":"https:\/\/www.tv2000.it\/tg2000\/wp-json\/wp\/v2\/media?parent=41296"}],"wp:term":[{"taxonomy":"post_tag","embeddable":true,"href":"https:\/\/www.tv2000.it\/tg2000\/wp-json\/wp\/v2\/tags?post=41296"}],"curies":[{"name":"wp","href":"https:\/\/api.w.org\/{rel}","templated":true}]}}

Qualità della vita, la classifica delle città italiane: da Bolzano a Vibo Valentia

<p>Nella classifica della qualità della vita nelle città italiane, Bolzano resta la capofila, Vibo Valentia fanalino di coda. E la capitale perde di colpo 18 posizioni e scivola all’85esimo posto. Servizio di Fabio Bolzetta</p>
