{"id":42197,"date":"2018-12-13T19:17:01","date_gmt":"2018-12-13T18:17:01","guid":{"rendered":"http:\/\/www.tv2000.it\/tg2000\/?post_type=video&#038;p=42197"},"modified":"2018-12-13T19:17:01","modified_gmt":"2018-12-13T18:17:01","slug":"vaticano-il-c9-diventa-c6-ecco-perche-papa-francesco-ha-ridotto-il-consiglio-dei-cardinali","status":"publish","type":"video","link":"https:\/\/www.tv2000.it\/tg2000\/video\/vaticano-il-c9-diventa-c6-ecco-perche-papa-francesco-ha-ridotto-il-consiglio-dei-cardinali\/","title":{"rendered":"Vaticano, il C9 diventa C6: ecco perch\u00e9 Papa Francesco ha ridotto il consiglio dei cardinali"},"content":{"rendered":"<p>Scende da nove a sei la composizione del consiglio dei cardinali. Fra i porporati fuori dal gruppo anche l\u2019australiano Pell. A suo carico, secondo indiscrezioni giornalistiche, una condanna nel processo nel quale \u00e8 imputato, per abusi su minori. Una sentenza della quale per ora non c\u2019\u00e8 n\u00e9 conferma n\u00e9 smentita ufficiale. Servizio di Cristiana Caricato<\/p>\n","protected":false},"featured_media":42198,"comment_status":"closed","ping_status":"closed","template":"","tags":[443],"class_list":["post-42197","video","type-video","status-publish","has-post-thumbnail","hentry","tag-papafrancesco","video_category-chiesa","video_category-news","video_category-papa-francesco"],"acf":[],"aioseo_notices":[],"url_youtube":"mO5S-KAuBNo","featured_image_url":"https:\/\/i.ytimg.com\/vi\/mO5S-KAuBNo\/mqdefault.jpg","_links":{"self":[{"href":"https:\/\/www.tv2000.it\/tg2000\/wp-json\/wp\/v2\/video\/42197","targetHints":{"allow":["GET"]}}],"collection":[{"href":"https:\/\/www.tv2000.it\/tg2000\/wp-json\/wp\/v2\/video"}],"about":[{"href":"https:\/\/www.tv2000.it\/tg2000\/wp-json\/wp\/v2\/types\/video"}],"replies":[{"embeddable":true,"href":"https:\/\/www.tv2000.it\/tg2000\/wp-json\/wp\/v2\/comments?post=42197"}],"wp:featuredmedia":[{"embeddable":true,"href":"https:\/\/www.tv2000.it\/tg2000\/wp-json\/wp\/v2\/media\/42198"}],"wp:attachment":[{"href":"https:\/\/www.tv2000.it\/tg2000\/wp-json\/wp\/v2\/media?parent=42197"}],"wp:term":[{"taxonomy":"post_tag","embeddable":true,"href":"https:\/\/www.tv2000.it\/tg2000\/wp-json\/wp\/v2\/tags?post=42197"}],"curies":[{"name":"wp","href":"https:\/\/api.w.org\/{rel}","templated":true}]}}

Vaticano, il C9 diventa C6: ecco perché Papa Francesco ha ridotto il consiglio dei cardinali

<p>Scende da nove a sei la composizione del consiglio dei cardinali. Fra i porporati fuori dal gruppo anche l’australiano Pell. A suo carico, secondo indiscrezioni giornalistiche, una condanna nel processo nel quale è imputato, per abusi su minori. Una sentenza della quale per ora non c’è né conferma né smentita ufficiale. Servizio di Cristiana Caricato</p>
