{"id":42825,"date":"2019-01-04T12:36:11","date_gmt":"2019-01-04T11:36:11","guid":{"rendered":"http:\/\/www.tv2000.it\/tg2000\/?post_type=video&#038;p=42825"},"modified":"2019-01-04T12:36:11","modified_gmt":"2019-01-04T11:36:11","slug":"meteo-centro-sud-italia-sotto-la-neve-e-al-gelo","status":"publish","type":"video","link":"https:\/\/www.tv2000.it\/tg2000\/video\/meteo-centro-sud-italia-sotto-la-neve-e-al-gelo\/","title":{"rendered":"Meteo. Centro sud Italia sotto la neve e al gelo"},"content":{"rendered":"<p>In Italia, \u00e8 allerta meteo: nella notte, si abbatter\u00e0 il secondo nucleo freddo proveniente dai Balcani. \u00c8 il pi\u00f9 intenso atteso, porter\u00e0 bufere di neve fin sulle coste. Servizio di Caterina Dall\u2019Olio<\/p>\n","protected":false},"featured_media":42826,"comment_status":"closed","ping_status":"closed","template":"","tags":[],"class_list":["post-42825","video","type-video","status-publish","has-post-thumbnail","hentry","video_category-attualita","video_category-territori"],"acf":[],"aioseo_notices":[],"url_youtube":"7Xmf3X1itK8","featured_image_url":"https:\/\/i.ytimg.com\/vi\/7Xmf3X1itK8\/mqdefault.jpg","_links":{"self":[{"href":"https:\/\/www.tv2000.it\/tg2000\/wp-json\/wp\/v2\/video\/42825","targetHints":{"allow":["GET"]}}],"collection":[{"href":"https:\/\/www.tv2000.it\/tg2000\/wp-json\/wp\/v2\/video"}],"about":[{"href":"https:\/\/www.tv2000.it\/tg2000\/wp-json\/wp\/v2\/types\/video"}],"replies":[{"embeddable":true,"href":"https:\/\/www.tv2000.it\/tg2000\/wp-json\/wp\/v2\/comments?post=42825"}],"wp:featuredmedia":[{"embeddable":true,"href":"https:\/\/www.tv2000.it\/tg2000\/wp-json\/wp\/v2\/media\/42826"}],"wp:attachment":[{"href":"https:\/\/www.tv2000.it\/tg2000\/wp-json\/wp\/v2\/media?parent=42825"}],"wp:term":[{"taxonomy":"post_tag","embeddable":true,"href":"https:\/\/www.tv2000.it\/tg2000\/wp-json\/wp\/v2\/tags?post=42825"}],"curies":[{"name":"wp","href":"https:\/\/api.w.org\/{rel}","templated":true}]}}

<p>In Italia, è allerta meteo: nella notte, si abbatterà il secondo nucleo freddo proveniente dai Balcani. È il più intenso atteso, porterà bufere di neve fin sulle coste. Servizio di Caterina Dall’Olio</p>
