{"id":42898,"date":"2019-01-05T18:45:04","date_gmt":"2019-01-05T17:45:04","guid":{"rendered":"http:\/\/www.tv2000.it\/tg2000\/?post_type=video&#038;p=42898"},"modified":"2019-01-07T13:04:35","modified_gmt":"2019-01-07T12:04:35","slug":"al-freddo-e-senza-riscaldamenti-la-storia-di-nela","status":"publish","type":"video","link":"https:\/\/www.tv2000.it\/tg2000\/video\/al-freddo-e-senza-riscaldamenti-la-storia-di-nela\/","title":{"rendered":"Al freddo e senza riscaldamenti, la storia di Nela"},"content":{"rendered":"<p>A soffrire particolarmente per il freddo \u00e8 chi si trova in condizioni di povert\u00e0. Senza un tetto o in difficolt\u00e0 a scaldare la casa in cui abita. Nicola Ferrante ci racconta la storia di Nela<\/p>\n","protected":false},"featured_media":42899,"comment_status":"closed","ping_status":"closed","template":"","tags":[],"class_list":["post-42898","video","type-video","status-publish","has-post-thumbnail","hentry","video_category-storie"],"acf":[],"aioseo_notices":[],"url_youtube":"J9spiS_aFSE","featured_image_url":"https:\/\/i.ytimg.com\/vi\/J9spiS_aFSE\/mqdefault.jpg","_links":{"self":[{"href":"https:\/\/www.tv2000.it\/tg2000\/wp-json\/wp\/v2\/video\/42898","targetHints":{"allow":["GET"]}}],"collection":[{"href":"https:\/\/www.tv2000.it\/tg2000\/wp-json\/wp\/v2\/video"}],"about":[{"href":"https:\/\/www.tv2000.it\/tg2000\/wp-json\/wp\/v2\/types\/video"}],"replies":[{"embeddable":true,"href":"https:\/\/www.tv2000.it\/tg2000\/wp-json\/wp\/v2\/comments?post=42898"}],"wp:featuredmedia":[{"embeddable":true,"href":"https:\/\/www.tv2000.it\/tg2000\/wp-json\/wp\/v2\/media\/42899"}],"wp:attachment":[{"href":"https:\/\/www.tv2000.it\/tg2000\/wp-json\/wp\/v2\/media?parent=42898"}],"wp:term":[{"taxonomy":"post_tag","embeddable":true,"href":"https:\/\/www.tv2000.it\/tg2000\/wp-json\/wp\/v2\/tags?post=42898"}],"curies":[{"name":"wp","href":"https:\/\/api.w.org\/{rel}","templated":true}]}}

<p>A soffrire particolarmente per il freddo è chi si trova in condizioni di povertà. Senza un tetto o in difficoltà a scaldare la casa in cui abita. Nicola Ferrante ci racconta la storia di Nela</p>
