{"id":42939,"date":"2019-01-07T20:36:50","date_gmt":"2019-01-07T19:36:50","guid":{"rendered":"http:\/\/www.tv2000.it\/tg2000\/?post_type=video&#038;p=42939"},"modified":"2019-01-07T20:37:02","modified_gmt":"2019-01-07T19:37:02","slug":"brescia-neonati-morti-agli-spedali-civili-ecco-i-fatti-su-quanto-e-accaduto","status":"publish","type":"video","link":"https:\/\/www.tv2000.it\/tg2000\/video\/brescia-neonati-morti-agli-spedali-civili-ecco-i-fatti-su-quanto-e-accaduto\/","title":{"rendered":"Brescia, neonati morti agli Spedali Civili: ecco i fatti su quanto \u00e8 accaduto"},"content":{"rendered":"<p>A Brescia un altro neonato \u00e8 deceduto durante il ricovero agli Spedali Civili. In pochi giorni \u00e8 il quarto nel reparto di terapia intensiva neonatale. La procura apre una inchiesta. Anche una commissione di inchiesta regionale \u00e8 stata incaricata di accertare i fatti entro trenta giorni. Cerchiamo di capire che cosa \u00e8 certo su quanto \u00e8 accaduto. Servizio di Luciano Piscaglia<\/p>\n","protected":false},"featured_media":42940,"comment_status":"closed","ping_status":"closed","template":"","tags":[],"class_list":["post-42939","video","type-video","status-publish","has-post-thumbnail","hentry","video_category-news","video_category-salute"],"acf":[],"aioseo_notices":[],"url_youtube":"nE_SDwfYeag","featured_image_url":"https:\/\/i.ytimg.com\/vi\/nE_SDwfYeag\/mqdefault.jpg","_links":{"self":[{"href":"https:\/\/www.tv2000.it\/tg2000\/wp-json\/wp\/v2\/video\/42939","targetHints":{"allow":["GET"]}}],"collection":[{"href":"https:\/\/www.tv2000.it\/tg2000\/wp-json\/wp\/v2\/video"}],"about":[{"href":"https:\/\/www.tv2000.it\/tg2000\/wp-json\/wp\/v2\/types\/video"}],"replies":[{"embeddable":true,"href":"https:\/\/www.tv2000.it\/tg2000\/wp-json\/wp\/v2\/comments?post=42939"}],"wp:featuredmedia":[{"embeddable":true,"href":"https:\/\/www.tv2000.it\/tg2000\/wp-json\/wp\/v2\/media\/42940"}],"wp:attachment":[{"href":"https:\/\/www.tv2000.it\/tg2000\/wp-json\/wp\/v2\/media?parent=42939"}],"wp:term":[{"taxonomy":"post_tag","embeddable":true,"href":"https:\/\/www.tv2000.it\/tg2000\/wp-json\/wp\/v2\/tags?post=42939"}],"curies":[{"name":"wp","href":"https:\/\/api.w.org\/{rel}","templated":true}]}}

Brescia, neonati morti agli Spedali Civili: ecco i fatti su quanto è accaduto

<p>A Brescia un altro neonato è deceduto durante il ricovero agli Spedali Civili. In pochi giorni è il quarto nel reparto di terapia intensiva neonatale. La procura apre una inchiesta. Anche una commissione di inchiesta regionale è stata incaricata di accertare i fatti entro trenta giorni. Cerchiamo di capire che cosa è certo su quanto è accaduto. Servizio di Luciano Piscaglia</p>
