{"id":43381,"date":"2019-01-18T19:16:39","date_gmt":"2019-01-18T18:16:39","guid":{"rendered":"http:\/\/www.tv2000.it\/tg2000\/?post_type=video&#038;p=43381"},"modified":"2019-01-18T19:17:12","modified_gmt":"2019-01-18T18:17:12","slug":"mattarella-a-berlino-lunione-europea-e-comunita-di-valori-conte-alla-comunita-ebraica-di-roma","status":"publish","type":"video","link":"https:\/\/www.tv2000.it\/tg2000\/video\/mattarella-a-berlino-lunione-europea-e-comunita-di-valori-conte-alla-comunita-ebraica-di-roma\/","title":{"rendered":"Mattarella a Berlino: l\u2019Unione Europea \u00e8 comunit\u00e0 di valori. Conte alla comunit\u00e0 ebraica di Roma"},"content":{"rendered":"<p>Il 27 gennaio sar\u00e0 il Giorno della memoria. Oggi Mattarella, in visita a Berlino, ha invitato proprio a &#8220;custodire la memoria della barbarie affinch\u00e9 ci\u00f2 che \u00e8 accaduto non debba mai pi\u00f9 ripetersi&#8221;. Servizio di Augusto Cantelmi<\/p>\n","protected":false},"featured_media":43382,"comment_status":"closed","ping_status":"closed","template":"","tags":[],"class_list":["post-43381","video","type-video","status-publish","has-post-thumbnail","hentry","video_category-news","video_category-politica"],"acf":[],"aioseo_notices":[],"url_youtube":"HvJvjTONqiY","featured_image_url":"https:\/\/i.ytimg.com\/vi\/HvJvjTONqiY\/mqdefault.jpg","_links":{"self":[{"href":"https:\/\/www.tv2000.it\/tg2000\/wp-json\/wp\/v2\/video\/43381","targetHints":{"allow":["GET"]}}],"collection":[{"href":"https:\/\/www.tv2000.it\/tg2000\/wp-json\/wp\/v2\/video"}],"about":[{"href":"https:\/\/www.tv2000.it\/tg2000\/wp-json\/wp\/v2\/types\/video"}],"replies":[{"embeddable":true,"href":"https:\/\/www.tv2000.it\/tg2000\/wp-json\/wp\/v2\/comments?post=43381"}],"wp:featuredmedia":[{"embeddable":true,"href":"https:\/\/www.tv2000.it\/tg2000\/wp-json\/wp\/v2\/media\/43382"}],"wp:attachment":[{"href":"https:\/\/www.tv2000.it\/tg2000\/wp-json\/wp\/v2\/media?parent=43381"}],"wp:term":[{"taxonomy":"post_tag","embeddable":true,"href":"https:\/\/www.tv2000.it\/tg2000\/wp-json\/wp\/v2\/tags?post=43381"}],"curies":[{"name":"wp","href":"https:\/\/api.w.org\/{rel}","templated":true}]}}

Mattarella a Berlino: l’Unione Europea è comunità di valori. Conte alla comunità ebraica di Roma

<p>Il 27 gennaio sarà il Giorno della memoria. Oggi Mattarella, in visita a Berlino, ha invitato proprio a &#8220;custodire la memoria della barbarie affinché ciò che è accaduto non debba mai più ripetersi&#8221;. Servizio di Augusto Cantelmi</p>
