{"id":43460,"date":"2019-01-21T19:44:50","date_gmt":"2019-01-21T18:44:50","guid":{"rendered":"http:\/\/www.tv2000.it\/tg2000\/?post_type=video&#038;p=43460"},"modified":"2019-01-21T19:45:14","modified_gmt":"2019-01-21T18:45:14","slug":"riportati-in-libia-i-393-migranti-recuperate-in-mare-unhcr-violato-il-diritto-internazionale","status":"publish","type":"video","link":"https:\/\/www.tv2000.it\/tg2000\/video\/riportati-in-libia-i-393-migranti-recuperate-in-mare-unhcr-violato-il-diritto-internazionale\/","title":{"rendered":"Riportati in Libia i 393 migranti recuperate in mare, Unhcr: violato il diritto internazionale"},"content":{"rendered":"<p>Sono di nuovo in Libia i 393 migranti scappati dal paese nordafricano e recuperati ieri in mare. Sono stati portati in tre diverse citt\u00e0: Tripoli, Misurata e Homs. &#8220;Il ritorno di persone in Libia \u00e8 contro il diritto internazionale. In Libia ad oggi non c&#8217;\u00e8 alcun porto sicuro&#8221;, \u00e8 la denuncia dell&#8217;Unhcr. Servizio di Nicola Ferrante<\/p>\n","protected":false},"featured_media":43461,"comment_status":"closed","ping_status":"closed","template":"","tags":[],"class_list":["post-43460","video","type-video","status-publish","has-post-thumbnail","hentry","video_category-migranti","video_category-news"],"acf":[],"aioseo_notices":[],"url_youtube":"MFDPKKz7pDc","featured_image_url":"https:\/\/i.ytimg.com\/vi\/MFDPKKz7pDc\/mqdefault.jpg","_links":{"self":[{"href":"https:\/\/www.tv2000.it\/tg2000\/wp-json\/wp\/v2\/video\/43460","targetHints":{"allow":["GET"]}}],"collection":[{"href":"https:\/\/www.tv2000.it\/tg2000\/wp-json\/wp\/v2\/video"}],"about":[{"href":"https:\/\/www.tv2000.it\/tg2000\/wp-json\/wp\/v2\/types\/video"}],"replies":[{"embeddable":true,"href":"https:\/\/www.tv2000.it\/tg2000\/wp-json\/wp\/v2\/comments?post=43460"}],"wp:featuredmedia":[{"embeddable":true,"href":"https:\/\/www.tv2000.it\/tg2000\/wp-json\/wp\/v2\/media\/43461"}],"wp:attachment":[{"href":"https:\/\/www.tv2000.it\/tg2000\/wp-json\/wp\/v2\/media?parent=43460"}],"wp:term":[{"taxonomy":"post_tag","embeddable":true,"href":"https:\/\/www.tv2000.it\/tg2000\/wp-json\/wp\/v2\/tags?post=43460"}],"curies":[{"name":"wp","href":"https:\/\/api.w.org\/{rel}","templated":true}]}}

<p>Sono di nuovo in Libia i 393 migranti scappati dal paese nordafricano e recuperati ieri in mare. Sono stati portati in tre diverse città: Tripoli, Misurata e Homs. &#8220;Il ritorno di persone in Libia è contro il diritto internazionale. In Libia ad oggi non c&#8217;è alcun porto sicuro&#8221;, è la denuncia dell&#8217;Unhcr. Servizio di Nicola Ferrante</p>
