{"id":43507,"date":"2019-01-22T19:06:44","date_gmt":"2019-01-22T18:06:44","guid":{"rendered":"http:\/\/www.tv2000.it\/tg2000\/?post_type=video&#038;p=43507"},"modified":"2019-01-22T19:06:44","modified_gmt":"2019-01-22T18:06:44","slug":"decreto-sicurezza-chiude-il-cara-di-castelnuovo-di-porto-modello-di-accoglienza","status":"publish","type":"video","link":"https:\/\/www.tv2000.it\/tg2000\/video\/decreto-sicurezza-chiude-il-cara-di-castelnuovo-di-porto-modello-di-accoglienza\/","title":{"rendered":"Decreto sicurezza, chiude il Cara di Castelnuovo di Porto, modello di accoglienza"},"content":{"rendered":"<p>Verr\u00e0 chiuso, a causa del decreto sicurezza, il Cara di Castelnuovo di Porto, in provincia di Roma. Il ricollocamento dei 300 ospiti \u00e8 iniziato questa mattina, ma nessuno di loro sa dove andr\u00e0. Nel Cara, lo ricorderete, Papa Francesco celebr\u00f2 la Messa in Coena Domini del 2016 con la lavanda dei piedi ad alcuni migranti ospiti. Servizio di Beatrice Bossi<\/p>\n","protected":false},"featured_media":43508,"comment_status":"closed","ping_status":"closed","template":"","tags":[136],"class_list":["post-43507","video","type-video","status-publish","has-post-thumbnail","hentry","tag-migranti","video_category-migranti","video_category-news"],"acf":[],"aioseo_notices":[],"url_youtube":"rF7ftT83LVU","featured_image_url":"https:\/\/i.ytimg.com\/vi\/rF7ftT83LVU\/mqdefault.jpg","_links":{"self":[{"href":"https:\/\/www.tv2000.it\/tg2000\/wp-json\/wp\/v2\/video\/43507","targetHints":{"allow":["GET"]}}],"collection":[{"href":"https:\/\/www.tv2000.it\/tg2000\/wp-json\/wp\/v2\/video"}],"about":[{"href":"https:\/\/www.tv2000.it\/tg2000\/wp-json\/wp\/v2\/types\/video"}],"replies":[{"embeddable":true,"href":"https:\/\/www.tv2000.it\/tg2000\/wp-json\/wp\/v2\/comments?post=43507"}],"wp:featuredmedia":[{"embeddable":true,"href":"https:\/\/www.tv2000.it\/tg2000\/wp-json\/wp\/v2\/media\/43508"}],"wp:attachment":[{"href":"https:\/\/www.tv2000.it\/tg2000\/wp-json\/wp\/v2\/media?parent=43507"}],"wp:term":[{"taxonomy":"post_tag","embeddable":true,"href":"https:\/\/www.tv2000.it\/tg2000\/wp-json\/wp\/v2\/tags?post=43507"}],"curies":[{"name":"wp","href":"https:\/\/api.w.org\/{rel}","templated":true}]}}

<p>Verrà chiuso, a causa del decreto sicurezza, il Cara di Castelnuovo di Porto, in provincia di Roma. Il ricollocamento dei 300 ospiti è iniziato questa mattina, ma nessuno di loro sa dove andrà. Nel Cara, lo ricorderete, Papa Francesco celebrò la Messa in Coena Domini del 2016 con la lavanda dei piedi ad alcuni migranti ospiti. Servizio di Beatrice Bossi</p>
