{"id":43868,"date":"2019-01-31T19:10:47","date_gmt":"2019-01-31T18:10:47","guid":{"rendered":"http:\/\/www.tv2000.it\/tg2000\/?post_type=video&#038;p=43868"},"modified":"2019-01-31T19:39:16","modified_gmt":"2019-01-31T18:39:16","slug":"italia-in-recessione-tecnica-conte-non-e-colpa-nostra-era-gia-tutto-previsto-risponde-padoan","status":"publish","type":"video","link":"https:\/\/www.tv2000.it\/tg2000\/video\/italia-in-recessione-tecnica-conte-non-e-colpa-nostra-era-gia-tutto-previsto-risponde-padoan\/","title":{"rendered":"Recessione tecnica, Conte: tutto previsto.<br>Tra Di Maio e Padoan botta e risposta"},"content":{"rendered":"<p>Non c&#8217;\u00e8 dubbio che per il governo giallo-verde, praticamente gi\u00e0 lanciato nella campagna elettorale per le europee, i dati sul Pil rappresentano una bella tegola. Era gi\u00e0 tutto previsto &#8211; ha detto il premier Conte. Botta e risposta invece tra il vicepremier Di Maio, che imputa la recessione ai governi passati e l\u2019ex ministro dell\u2019economia Padoan, che risponde puntualmente alle accuse. Servizio di Augusto Cantelmi<\/p>\n","protected":false},"featured_media":43869,"comment_status":"closed","ping_status":"closed","template":"","tags":[],"class_list":["post-43868","video","type-video","status-publish","has-post-thumbnail","hentry","video_category-news","video_category-politica"],"acf":[],"aioseo_notices":[],"url_youtube":"JlmMKa3GeIs","featured_image_url":"https:\/\/i.ytimg.com\/vi\/JlmMKa3GeIs\/mqdefault.jpg","_links":{"self":[{"href":"https:\/\/www.tv2000.it\/tg2000\/wp-json\/wp\/v2\/video\/43868","targetHints":{"allow":["GET"]}}],"collection":[{"href":"https:\/\/www.tv2000.it\/tg2000\/wp-json\/wp\/v2\/video"}],"about":[{"href":"https:\/\/www.tv2000.it\/tg2000\/wp-json\/wp\/v2\/types\/video"}],"replies":[{"embeddable":true,"href":"https:\/\/www.tv2000.it\/tg2000\/wp-json\/wp\/v2\/comments?post=43868"}],"wp:featuredmedia":[{"embeddable":true,"href":"https:\/\/www.tv2000.it\/tg2000\/wp-json\/wp\/v2\/media\/43869"}],"wp:attachment":[{"href":"https:\/\/www.tv2000.it\/tg2000\/wp-json\/wp\/v2\/media?parent=43868"}],"wp:term":[{"taxonomy":"post_tag","embeddable":true,"href":"https:\/\/www.tv2000.it\/tg2000\/wp-json\/wp\/v2\/tags?post=43868"}],"curies":[{"name":"wp","href":"https:\/\/api.w.org\/{rel}","templated":true}]}}

<p>Non c&#8217;è dubbio che per il governo giallo-verde, praticamente già lanciato nella campagna elettorale per le europee, i dati sul Pil rappresentano una bella tegola. Era già tutto previsto &#8211; ha detto il premier Conte. Botta e risposta invece tra il vicepremier Di Maio, che imputa la recessione ai governi passati e l’ex ministro dell’economia Padoan, che risponde puntualmente alle accuse. Servizio di Augusto Cantelmi</p>
