{"id":43880,"date":"2019-01-31T19:18:58","date_gmt":"2019-01-31T18:18:58","guid":{"rendered":"http:\/\/www.tv2000.it\/tg2000\/?post_type=video&#038;p=43880"},"modified":"2019-01-31T19:18:58","modified_gmt":"2019-01-31T18:18:58","slug":"venezuela-il-parlamento-europeo-sceglie-guaido-ecco-i-numeri-del-voto","status":"publish","type":"video","link":"https:\/\/www.tv2000.it\/tg2000\/video\/venezuela-il-parlamento-europeo-sceglie-guaido-ecco-i-numeri-del-voto\/","title":{"rendered":"Venezuela, il Parlamento europeo sceglie Guaid\u00f2. Ecco i numeri del voto"},"content":{"rendered":"<p>Il Parlamento europeo \u00e8 la prima istituzione a riconoscere il presidente venezuelano ad interim Guaid\u00f2. Nel paese latinoamericano, c\u2019\u00e8 grande attesa per la presentazione domani del piano di ricostruzione del paese da parte dell\u2019Assemblea nazionale, ma il regime di Maduro continua a imbavagliare la libera stampa. Servizio di Maurizio Di Schino<\/p>\n","protected":false},"featured_media":43881,"comment_status":"closed","ping_status":"closed","template":"","tags":[],"class_list":["post-43880","video","type-video","status-publish","has-post-thumbnail","hentry","video_category-esteri","video_category-news"],"acf":[],"aioseo_notices":[],"url_youtube":"sSrYWBRObXM","featured_image_url":"https:\/\/i.ytimg.com\/vi\/sSrYWBRObXM\/mqdefault.jpg","_links":{"self":[{"href":"https:\/\/www.tv2000.it\/tg2000\/wp-json\/wp\/v2\/video\/43880","targetHints":{"allow":["GET"]}}],"collection":[{"href":"https:\/\/www.tv2000.it\/tg2000\/wp-json\/wp\/v2\/video"}],"about":[{"href":"https:\/\/www.tv2000.it\/tg2000\/wp-json\/wp\/v2\/types\/video"}],"replies":[{"embeddable":true,"href":"https:\/\/www.tv2000.it\/tg2000\/wp-json\/wp\/v2\/comments?post=43880"}],"wp:featuredmedia":[{"embeddable":true,"href":"https:\/\/www.tv2000.it\/tg2000\/wp-json\/wp\/v2\/media\/43881"}],"wp:attachment":[{"href":"https:\/\/www.tv2000.it\/tg2000\/wp-json\/wp\/v2\/media?parent=43880"}],"wp:term":[{"taxonomy":"post_tag","embeddable":true,"href":"https:\/\/www.tv2000.it\/tg2000\/wp-json\/wp\/v2\/tags?post=43880"}],"curies":[{"name":"wp","href":"https:\/\/api.w.org\/{rel}","templated":true}]}}

Venezuela, il Parlamento europeo sceglie Guaidò. Ecco i numeri del voto

<p>Il Parlamento europeo è la prima istituzione a riconoscere il presidente venezuelano ad interim Guaidò. Nel paese latinoamericano, c’è grande attesa per la presentazione domani del piano di ricostruzione del paese da parte dell’Assemblea nazionale, ma il regime di Maduro continua a imbavagliare la libera stampa. Servizio di Maurizio Di Schino</p>
