{"id":43983,"date":"2019-02-04T19:43:37","date_gmt":"2019-02-04T18:43:37","guid":{"rendered":"http:\/\/www.tv2000.it\/tg2000\/?post_type=video&#038;p=43983"},"modified":"2019-02-04T20:34:09","modified_gmt":"2019-02-04T19:34:09","slug":"venezuela-leuropa-non-litalia-riconosce-guaido-mattarella-serve-senso-di-responsabilita","status":"publish","type":"video","link":"https:\/\/www.tv2000.it\/tg2000\/video\/venezuela-leuropa-non-litalia-riconosce-guaido-mattarella-serve-senso-di-responsabilita\/","title":{"rendered":"Venezuela, l\u2019Europa (non l\u2019Italia) riconosce Guaid\u00f2. Mattarella: senso di responsabilit\u00e0"},"content":{"rendered":"<p>Sul Venezuela, il presidente Mattarella chiede unit\u00e0 di intenti con l\u2019Europa: mancherebbe solo l\u2019Italia, infatti, ad appoggiare Juan Guaid\u00f2. Nicolas Maduro, intanto, invia una lettera a Papa Francesco. Servizio di Antonio Soviero<\/p>\n","protected":false},"featured_media":43985,"comment_status":"closed","ping_status":"closed","template":"","tags":[],"class_list":["post-43983","video","type-video","status-publish","has-post-thumbnail","hentry","video_category-esteri","video_category-news"],"acf":[],"aioseo_notices":[],"url_youtube":"f7HkywU6CTg","featured_image_url":"https:\/\/i.ytimg.com\/vi\/f7HkywU6CTg\/mqdefault.jpg","_links":{"self":[{"href":"https:\/\/www.tv2000.it\/tg2000\/wp-json\/wp\/v2\/video\/43983","targetHints":{"allow":["GET"]}}],"collection":[{"href":"https:\/\/www.tv2000.it\/tg2000\/wp-json\/wp\/v2\/video"}],"about":[{"href":"https:\/\/www.tv2000.it\/tg2000\/wp-json\/wp\/v2\/types\/video"}],"replies":[{"embeddable":true,"href":"https:\/\/www.tv2000.it\/tg2000\/wp-json\/wp\/v2\/comments?post=43983"}],"wp:featuredmedia":[{"embeddable":true,"href":"https:\/\/www.tv2000.it\/tg2000\/wp-json\/wp\/v2\/media\/43985"}],"wp:attachment":[{"href":"https:\/\/www.tv2000.it\/tg2000\/wp-json\/wp\/v2\/media?parent=43983"}],"wp:term":[{"taxonomy":"post_tag","embeddable":true,"href":"https:\/\/www.tv2000.it\/tg2000\/wp-json\/wp\/v2\/tags?post=43983"}],"curies":[{"name":"wp","href":"https:\/\/api.w.org\/{rel}","templated":true}]}}

Venezuela, l’Europa (non l’Italia) riconosce Guaidò. Mattarella: senso di responsabilità

<p>Sul Venezuela, il presidente Mattarella chiede unità di intenti con l’Europa: mancherebbe solo l’Italia, infatti, ad appoggiare Juan Guaidò. Nicolas Maduro, intanto, invia una lettera a Papa Francesco. Servizio di Antonio Soviero</p>
