{"id":44023,"date":"2019-02-05T13:16:01","date_gmt":"2019-02-05T12:16:01","guid":{"rendered":"http:\/\/www.tv2000.it\/tg2000\/?post_type=video&#038;p=44023"},"modified":"2019-02-05T15:36:33","modified_gmt":"2019-02-05T14:36:33","slug":"venezuela-il-popolo-e-alla-fame-maduro-scrive-al-papa-aumentano-i-paesi-che-riconoscono-guaido","status":"publish","type":"video","link":"https:\/\/www.tv2000.it\/tg2000\/video\/venezuela-il-popolo-e-alla-fame-maduro-scrive-al-papa-aumentano-i-paesi-che-riconoscono-guaido\/","title":{"rendered":"Venezuela, il popolo \u00e8 alla fame. Maduro scrive al Papa. Salgono i Paesi pro Guaid\u00f2"},"content":{"rendered":"<p>Sono sempre di pi\u00f9 i Paesi che sostengono Guaid\u00f2 alla guida del Venezuela, mentre alla frontiera con la Colombia esplode il dramma dei venezuelani. Servizio di Nicola Ferrante<\/p>\n","protected":false},"featured_media":44024,"comment_status":"closed","ping_status":"closed","template":"","tags":[],"class_list":["post-44023","video","type-video","status-publish","has-post-thumbnail","hentry","video_category-esteri"],"acf":[],"aioseo_notices":[],"url_youtube":"ZuGLS-MlDxY","featured_image_url":"https:\/\/i.ytimg.com\/vi\/ZuGLS-MlDxY\/mqdefault.jpg","_links":{"self":[{"href":"https:\/\/www.tv2000.it\/tg2000\/wp-json\/wp\/v2\/video\/44023","targetHints":{"allow":["GET"]}}],"collection":[{"href":"https:\/\/www.tv2000.it\/tg2000\/wp-json\/wp\/v2\/video"}],"about":[{"href":"https:\/\/www.tv2000.it\/tg2000\/wp-json\/wp\/v2\/types\/video"}],"replies":[{"embeddable":true,"href":"https:\/\/www.tv2000.it\/tg2000\/wp-json\/wp\/v2\/comments?post=44023"}],"wp:featuredmedia":[{"embeddable":true,"href":"https:\/\/www.tv2000.it\/tg2000\/wp-json\/wp\/v2\/media\/44024"}],"wp:attachment":[{"href":"https:\/\/www.tv2000.it\/tg2000\/wp-json\/wp\/v2\/media?parent=44023"}],"wp:term":[{"taxonomy":"post_tag","embeddable":true,"href":"https:\/\/www.tv2000.it\/tg2000\/wp-json\/wp\/v2\/tags?post=44023"}],"curies":[{"name":"wp","href":"https:\/\/api.w.org\/{rel}","templated":true}]}}

Venezuela, il popolo è alla fame. Maduro scrive al Papa. Salgono i Paesi pro Guaidò

<p>Sono sempre di più i Paesi che sostengono Guaidò alla guida del Venezuela, mentre alla frontiera con la Colombia esplode il dramma dei venezuelani. Servizio di Nicola Ferrante</p>
