{"id":44043,"date":"2019-02-05T19:08:57","date_gmt":"2019-02-05T18:08:57","guid":{"rendered":"http:\/\/www.tv2000.it\/tg2000\/?post_type=video&#038;p=44043"},"modified":"2019-02-05T19:08:57","modified_gmt":"2019-02-05T18:08:57","slug":"niente-reddito-di-cittadinanza-per-senzatetto-ed-emarginati-ecco-perche","status":"publish","type":"video","link":"https:\/\/www.tv2000.it\/tg2000\/video\/niente-reddito-di-cittadinanza-per-senzatetto-ed-emarginati-ecco-perche\/","title":{"rendered":"Niente Reddito di cittadinanza per senzatetto ed emarginati, ecco perch\u00e9"},"content":{"rendered":"<p>Il Reddito di cittadinanza, la misura bandiera dei 5stelle, presentata ieri, esclude i pi\u00f9 bisognosi: i senzatetto e gli emarginati. E non \u00e8 solo questione di assenza di un indirizzo di residenza. Servizio di Caterina Dall\u2019Olio<\/p>\n","protected":false},"featured_media":44044,"comment_status":"closed","ping_status":"closed","template":"","tags":[],"class_list":["post-44043","video","type-video","status-publish","has-post-thumbnail","hentry","video_category-attualita","video_category-news"],"acf":[],"aioseo_notices":[],"url_youtube":"CJgcUU9rkyA","featured_image_url":"https:\/\/i.ytimg.com\/vi\/CJgcUU9rkyA\/mqdefault.jpg","_links":{"self":[{"href":"https:\/\/www.tv2000.it\/tg2000\/wp-json\/wp\/v2\/video\/44043","targetHints":{"allow":["GET"]}}],"collection":[{"href":"https:\/\/www.tv2000.it\/tg2000\/wp-json\/wp\/v2\/video"}],"about":[{"href":"https:\/\/www.tv2000.it\/tg2000\/wp-json\/wp\/v2\/types\/video"}],"replies":[{"embeddable":true,"href":"https:\/\/www.tv2000.it\/tg2000\/wp-json\/wp\/v2\/comments?post=44043"}],"wp:featuredmedia":[{"embeddable":true,"href":"https:\/\/www.tv2000.it\/tg2000\/wp-json\/wp\/v2\/media\/44044"}],"wp:attachment":[{"href":"https:\/\/www.tv2000.it\/tg2000\/wp-json\/wp\/v2\/media?parent=44043"}],"wp:term":[{"taxonomy":"post_tag","embeddable":true,"href":"https:\/\/www.tv2000.it\/tg2000\/wp-json\/wp\/v2\/tags?post=44043"}],"curies":[{"name":"wp","href":"https:\/\/api.w.org\/{rel}","templated":true}]}}

Niente Reddito di cittadinanza per senzatetto ed emarginati, ecco perché

<p>Il Reddito di cittadinanza, la misura bandiera dei 5stelle, presentata ieri, esclude i più bisognosi: i senzatetto e gli emarginati. E non è solo questione di assenza di un indirizzo di residenza. Servizio di Caterina Dall’Olio</p>
