{"id":44049,"date":"2019-02-05T19:11:15","date_gmt":"2019-02-05T18:11:15","guid":{"rendered":"http:\/\/www.tv2000.it\/tg2000\/?post_type=video&#038;p=44049"},"modified":"2019-02-05T20:03:54","modified_gmt":"2019-02-05T19:03:54","slug":"venezuela-missionaria-maduro-invoca-il-papa-per-guadagnare-tempo-non-e-disposto-al-dialogo","status":"publish","type":"video","link":"https:\/\/www.tv2000.it\/tg2000\/video\/venezuela-missionaria-maduro-invoca-il-papa-per-guadagnare-tempo-non-e-disposto-al-dialogo\/","title":{"rendered":"Venezuela, missionaria: \u201cMaduro invoca il Papa solo per guadagnare tempo&#8221;"},"content":{"rendered":"<p>Maduro chiede il dialogo e la mediazione del Papa per \u201cguadagnare tempo ma in realt\u00e0 non \u00e8 disposto ad un dialogo. Il dialogo per lui \u00e8 fare quello che lui dice. Non cede. Non ascolta gli altri. Vuole che gli altri ascoltino lui, i suoi programmi e basta\u201d. Lo ha detto la missionaria italiana della Congregazione delle Sorelle dell\u2019Immacolata, suor Patrizia Andrizzi, in un\u2019intervista di Maurizio Di Schino.<\/p>\n","protected":false},"featured_media":44050,"comment_status":"closed","ping_status":"closed","template":"","tags":[],"class_list":["post-44049","video","type-video","status-publish","has-post-thumbnail","hentry","video_category-esteri","video_category-news"],"acf":[],"aioseo_notices":[],"url_youtube":"Vt-TxSUXm7c","featured_image_url":"https:\/\/i.ytimg.com\/vi\/Vt-TxSUXm7c\/mqdefault.jpg","_links":{"self":[{"href":"https:\/\/www.tv2000.it\/tg2000\/wp-json\/wp\/v2\/video\/44049","targetHints":{"allow":["GET"]}}],"collection":[{"href":"https:\/\/www.tv2000.it\/tg2000\/wp-json\/wp\/v2\/video"}],"about":[{"href":"https:\/\/www.tv2000.it\/tg2000\/wp-json\/wp\/v2\/types\/video"}],"replies":[{"embeddable":true,"href":"https:\/\/www.tv2000.it\/tg2000\/wp-json\/wp\/v2\/comments?post=44049"}],"wp:featuredmedia":[{"embeddable":true,"href":"https:\/\/www.tv2000.it\/tg2000\/wp-json\/wp\/v2\/media\/44050"}],"wp:attachment":[{"href":"https:\/\/www.tv2000.it\/tg2000\/wp-json\/wp\/v2\/media?parent=44049"}],"wp:term":[{"taxonomy":"post_tag","embeddable":true,"href":"https:\/\/www.tv2000.it\/tg2000\/wp-json\/wp\/v2\/tags?post=44049"}],"curies":[{"name":"wp","href":"https:\/\/api.w.org\/{rel}","templated":true}]}}

<p>Maduro chiede il dialogo e la mediazione del Papa per “guadagnare tempo ma in realtà non è disposto ad un dialogo. Il dialogo per lui è fare quello che lui dice. Non cede. Non ascolta gli altri. Vuole che gli altri ascoltino lui, i suoi programmi e basta”. Lo ha detto la missionaria italiana della Congregazione delle Sorelle dell’Immacolata, suor Patrizia Andrizzi, in un’intervista di Maurizio Di Schino.</p>
