{"id":44093,"date":"2019-02-06T20:05:52","date_gmt":"2019-02-06T19:05:52","guid":{"rendered":"http:\/\/www.tv2000.it\/tg2000\/?post_type=video&#038;p=44093"},"modified":"2019-02-06T20:06:04","modified_gmt":"2019-02-06T19:06:04","slug":"caso-trivelle-ravenna-capofila-della-protesta-contro-sospensione-perforazioni","status":"publish","type":"video","link":"https:\/\/www.tv2000.it\/tg2000\/video\/caso-trivelle-ravenna-capofila-della-protesta-contro-sospensione-perforazioni\/","title":{"rendered":"Caso trivelle: Ravenna capofila della protesta contro sospensione perforazioni"},"content":{"rendered":"<p>Nel decreto semplificazione c\u2019\u00e8 anche il caso trivelle. La citt\u00e0 di Ravenna \u00e8 capofila nella protesta contro l\u2019emendamento che sospende le perforazioni: cosi si fermano lavoro e investimenti. Servizio di Caterina dall\u2019Olio.<\/p>\n","protected":false},"featured_media":44094,"comment_status":"closed","ping_status":"closed","template":"","tags":[],"class_list":["post-44093","video","type-video","status-publish","has-post-thumbnail","hentry","video_category-ambiente","video_category-news"],"acf":[],"aioseo_notices":[],"url_youtube":"yZl1NK60RuE","featured_image_url":"https:\/\/i.ytimg.com\/vi\/yZl1NK60RuE\/mqdefault.jpg","_links":{"self":[{"href":"https:\/\/www.tv2000.it\/tg2000\/wp-json\/wp\/v2\/video\/44093","targetHints":{"allow":["GET"]}}],"collection":[{"href":"https:\/\/www.tv2000.it\/tg2000\/wp-json\/wp\/v2\/video"}],"about":[{"href":"https:\/\/www.tv2000.it\/tg2000\/wp-json\/wp\/v2\/types\/video"}],"replies":[{"embeddable":true,"href":"https:\/\/www.tv2000.it\/tg2000\/wp-json\/wp\/v2\/comments?post=44093"}],"wp:featuredmedia":[{"embeddable":true,"href":"https:\/\/www.tv2000.it\/tg2000\/wp-json\/wp\/v2\/media\/44094"}],"wp:attachment":[{"href":"https:\/\/www.tv2000.it\/tg2000\/wp-json\/wp\/v2\/media?parent=44093"}],"wp:term":[{"taxonomy":"post_tag","embeddable":true,"href":"https:\/\/www.tv2000.it\/tg2000\/wp-json\/wp\/v2\/tags?post=44093"}],"curies":[{"name":"wp","href":"https:\/\/api.w.org\/{rel}","templated":true}]}}

<p>Nel decreto semplificazione c’è anche il caso trivelle. La città di Ravenna è capofila nella protesta contro l’emendamento che sospende le perforazioni: cosi si fermano lavoro e investimenti. Servizio di Caterina dall’Olio.</p>
